-- Table structure for table `benefits`
--

CREATE TABLE `benefits` (
  `id` bigint UNSIGNED NOT NULL,
  `company_id` bigint UNSIGNED DEFAULT NULL,
  `created_at` timestamp NULL DEFAULT NULL,
  `updated_at` timestamp NULL DEFAULT NULL
) ENGINE=InnoDB DEFAULT CHARSET=utf8mb4 COLLATE=utf8mb4_unicode_ci;

--
-- Dumping data for table `benefits`
--

INSERT INTO `benefits` (`id`, `company_id`, `created_at`, `updated_at`) VALUES
(1, NULL, '2023-11-14 04:50:49', '2023-11-14 04:50:49'),
(2, NULL, '2023-11-14 04:50:49', '2023-11-14 04:50:49'),
(3, NULL, '2023-11-14 04:50:49', '2023-11-14 04:50:49'),
(4, NULL, '2023-11-14 04:50:49', '2023-11-14 04:50:49'),
(5, NULL, '2023-11-14 04:50:49', '2023-11-14 04:50:49'),
(6, NULL, '2023-11-14 04:50:49', '2023-11-14 04:50:49'),
(7, NULL, '2023-11-14 04:50:49', '2023-11-14 04:50:49'),
(8, NULL, '2023-11-14 04:50:49', '2023-11-14 04:50:49'),
(9, NULL, '2023-11-14 04:50:49', '2023-11-14 04:50:49'),
(10, NULL, '2023-11-14 04:50:49', '2023-11-14 04:50:49'),
(11, NULL, '2023-11-14 04:50:49', '2023-11-14 04:50:49'),
(12, NULL, '2023-11-14 04:50:49', '2023-11-14 04:50:49'),
(13, NULL, '2023-11-14 04:50:50', '2023-11-14 04:50:50'),
(14, NULL, '2023-11-14 04:50:50', '2023-11-14 04:50:50'),
(15, NULL, '2023-11-14 04:50:50', '2023-11-14 04:50:50'),
(16, NULL, '2023-11-14 04:50:50', '2023-11-14 04:50:50');

-- --------------------------------------------------------

--
-- Table structure for table `benefit_translations`
--

CREATE TABLE `benefit_translations` (
  `id` bigint UNSIGNED NOT NULL,
  `benefit_id` bigint UNSIGNED NOT NULL,
  `name` varchar(255) COLLATE utf8mb4_unicode_ci NOT NULL,
  `locale` varchar(255) COLLATE utf8mb4_unicode_ci NOT NULL,
  `created_at` timestamp NULL DEFAULT NULL,
  `updated_at` timestamp NULL DEFAULT NULL
) ENGINE=InnoDB DEFAULT CHARSET=utf8mb4 COLLATE=utf8mb4_unicode_ci;

--
-- Dumping data for table `benefit_translations`
--

INSERT INTO `benefit_translations` (`id`, `benefit_id`, `name`, `locale`, `created_at`, `updated_at`) VALUES
(1, 1, '400k', 'en', '2023-11-14 04:50:49', '2023-11-14 04:50:49'),
(2, 1, '400k', 'bn', '2023-11-14 04:50:49', '2023-11-14 04:50:49'),
(3, 1, '400k', 'hi', '2023-11-14 04:50:49', '2023-11-14 04:50:49'),
(4, 1, '400k', 'fr', '2023-11-14 04:50:49', '2023-11-14 04:50:49'),
(5, 1, '400k', 'es', '2023-11-14 04:50:49', '2023-11-14 04:50:49'),
(6, 1, '400k', 'id', '2023-11-14 04:50:49', '2023-11-14 04:50:49'),
(7, 1, '400k', 'de', '2023-11-14 04:50:49', '2023-11-14 04:50:49'),
(8, 1, '400k', 'ar', '2023-11-14 04:50:49', '2023-11-14 04:50:49'),
(9, 2, 'Distribution team', 'en', '2023-11-14 04:50:49', '2023-11-14 04:50:49'),
(10, 2, 'Distribution team', 'bn', '2023-11-14 04:50:49', '2023-11-14 04:50:49'),
(11, 2, 'Distribution team', 'hi', '2023-11-14 04:50:49', '2023-11-14 04:50:49'),
(12, 2, 'Distribution team', 'fr', '2023-11-14 04:50:49', '2023-11-14 04:50:49'),
(13, 2, 'Distribution team', 'es', '2023-11-14 04:50:49', '2023-11-14 04:50:49'),
(14, 2, 'Distribution team', 'id', '2023-11-14 04:50:49', '2023-11-14 04:50:49'),
(15, 2, 'Distribution team', 'de', '2023-11-14 04:50:49', '2023-11-14 04:50:49'),
(16, 2, 'Distribution team', 'ar', '2023-11-14 04:50:49', '2023-11-14 04:50:49'),
(17, 3, 'Async', 'en', '2023-11-14 04:50:49', '2023-11-14 04:50:49'),
(18, 3, 'Async', 'bn', '2023-11-14 04:50:49', '2023-11-14 04:50:49'),
(19, 3, 'Async', 'hi', '2023-11-14 04:50:49', '2023-11-14 04:50:49'),
(20, 3, 'Async', 'fr', '2023-11-14 04:50:49', '2023-11-14 04:50:49'),
(21, 3, 'Async', 'es', '2023-11-14 04:50:49', '2023-11-14 04:50:49'),
(22, 3, 'Async', 'id', '2023-11-14 04:50:49', '2023-11-14 04:50:49'),
(23, 3, 'Async', 'de', '2023-11-14 04:50:49', '2023-11-14 04:50:49'),
(24, 3, 'Async', 'ar', '2023-11-14 04:50:49', '2023-11-14 04:50:49'),
(25, 4, 'Vision insurance', 'en', '2023-11-14 04:50:49', '2023-11-14 04:50:49'),
(26, 4, 'Vision insurance', 'bn', '2023-11-14 04:50:49', '2023-11-14 04:50:49'),
(27, 4, 'Vision insurance', 'hi', '2023-11-14 04:50:49', '2023-11-14 04:50:49'),
(28, 4, 'Vision insurance', 'fr', '2023-11-14 04:50:49', '2023-11-14 04:50:49'),
(29, 4, 'Vision insurance', 'es', '2023-11-14 04:50:49', '2023-11-14 04:50:49'),
(30, 4, 'Vision insurance', 'id', '2023-11-14 04:50:49', '2023-11-14 04:50:49'),
(31, 4, 'Vision insurance', 'de', '2023-11-14 04:50:49', '2023-11-14 04:50:49'),
(32, 4, 'Vision insurance', 'ar', '2023-11-14 04:50:49', '2023-11-14 04:50:49'),
(33, 5, 'Unlimited vacation', 'en', '2023-11-14 04:50:49', '2023-11-14 04:50:49'),
(34, 5, 'Unlimited vacation', 'bn', '2023-11-14 04:50:49', '2023-11-14 04:50:49'),
(35, 5, 'Unlimited vacation', 'hi', '2023-11-14 04:50:49', '2023-11-14 04:50:49'),
(36, 5, 'Unlimited vacation', 'fr', '2023-11-14 04:50:49', '2023-11-14 04:50:49'),
(37, 5, 'Unlimited vacation', 'es', '2023-11-14 04:50:49', '2023-11-14 04:50:49'),
(38, 5, 'Unlimited vacation', 'id', '2023-11-14 04:50:49', '2023-11-14 04:50:49'),
(39, 5, 'Unlimited vacation', 'de', '2023-11-14 04:50:49', '2023-11-14 04:50:49'),
(40, 5, 'Unlimited vacation', 'ar', '2023-11-14 04:50:49', '2023-11-14 04:50:49'),
(41, 6, 'Paid time off', 'en', '2023-11-14 04:50:49', '2023-11-14 04:50:49'),
(42, 6, 'Paid time off', 'bn', '2023-11-14 04:50:49', '2023-11-14 04:50:49'),
(43, 6, 'Paid time off', 'hi', '2023-11-14 04:50:49', '2023-11-14 04:50:49'),
(44, 6, 'Paid time off', 'fr', '2023-11-14 04:50:49', '2023-11-14 04:50:49'),
(45, 6, 'Paid time off', 'es', '2023-11-14 04:50:49', '2023-11-14 04:50:49'),
(46, 6, 'Paid time off', 'id', '2023-11-14 04:50:49', '2023-11-14 04:50:49'),
(47, 6, 'Paid time off', 'de', '2023-11-14 04:50:49', '2023-11-14 04:50:49'),
(48, 6, 'Paid time off', 'ar', '2023-11-14 04:50:49', '2023-11-14 04:50:49'),
(49, 7, '4 day workweek', 'en', '2023-11-14 04:50:49', '2023-11-14 04:50:49'),
(50, 7, '4 day workweek', 'bn', '2023-11-14 04:50:49', '2023-11-14 04:50:49'),
(51, 7, '4 day workweek', 'hi', '2023-11-14 04:50:49', '2023-11-14 04:50:49'),
(52, 7, '4 day workweek', 'fr', '2023-11-14 04:50:49', '2023-11-14 04:50:49'),
(53, 7, '4 day workweek', 'es', '2023-11-14 04:50:49', '2023-11-14 04:50:49'),
(54, 7, '4 day workweek', 'id', '2023-11-14 04:50:49', '2023-11-14 04:50:49'),
(55, 7, '4 day workweek', 'de', '2023-11-14 04:50:49', '2023-11-14 04:50:49'),
(56, 7, '4 day workweek', 'ar', '2023-11-14 04:50:49', '2023-11-14 04:50:49'),
(57, 8, 'Company retreats', 'en', '2023-11-14 04:50:49', '2023-11-14 04:50:49'),
(58, 8, 'Company retreats', 'bn', '2023-11-14 04:50:49', '2023-11-14 04:50:49'),
(59, 8, 'Company retreats', 'hi', '2023-11-14 04:50:49', '2023-11-14 04:50:49'),
(60, 8, 'Company retreats', 'fr', '2023-11-14 04:50:49', '2023-11-14 04:50:49'),
(61, 8, 'Company retreats', 'es', '2023-11-14 04:50:49', '2023-11-14 04:50:49'),
(62, 8, 'Company retreats', 'id', '2023-11-14 04:50:49', '2023-11-14 04:50:49'),
(63, 8, 'Company retreats', 'de', '2023-11-14 04:50:49', '2023-11-14 04:50:49'),
(64, 8, 'Company retreats', 'ar', '2023-11-14 04:50:49', '2023-11-14 04:50:49'),
(65, 9, 'Coworking budget', 'en', '2023-11-14 04:50:49', '2023-11-14 04:50:49'),
(66, 9, 'Coworking budget', 'bn', '2023-11-14 04:50:49', '2023-11-14 04:50:49'),
(67, 9, 'Coworking budget', 'hi', '2023-11-14 04:50:49', '2023-11-14 04:50:49'),
(68, 9, 'Coworking budget', 'fr', '2023-11-14 04:50:49', '2023-11-14 04:50:49'),
(69, 9, 'Coworking budget', 'es', '2023-11-14 04:50:49', '2023-11-14 04:50:49'),
(70, 9, 'Coworking budget', 'id', '2023-11-14 04:50:49', '2023-11-14 04:50:49'),
(71, 9, 'Coworking budget', 'de', '2023-11-14 04:50:49', '2023-11-14 04:50:49'),
(72, 9, 'Coworking budget', 'ar', '2023-11-14 04:50:49', '2023-11-14 04:50:49'),
(73, 10, 'Learning budget', 'en', '2023-11-14 04:50:49', '2023-11-14 04:50:49'),
(74, 10, 'Learning budget', 'bn', '2023-11-14 04:50:49', '2023-11-14 04:50:49'),
(75, 10, 'Learning budget', 'hi', '2023-11-14 04:50:49', '2023-11-14 04:50:49'),
(76, 10, 'Learning budget', 'fr', '2023-11-14 04:50:49', '2023-11-14 04:50:49'),
(77, 10, 'Learning budget', 'es', '2023-11-14 04:50:49', '2023-11-14 04:50:49'),
(78, 10, 'Learning budget', 'id', '2023-11-14 04:50:49', '2023-11-14 04:50:49'),
(79, 10, 'Learning budget', 'de', '2023-11-14 04:50:49', '2023-11-14 04:50:49'),
(80, 10, 'Learning budget', 'ar', '2023-11-14 04:50:49', '2023-11-14 04:50:49'),
(81, 11, 'Free gym membership', 'en', '2023-11-14 04:50:49', '2023-11-14 04:50:49'),
(82, 11, 'Free gym membership', 'bn', '2023-11-14 04:50:49', '2023-11-14 04:50:49'),
(83, 11, 'Free gym membership', 'hi', '2023-11-14 04:50:49', '2023-11-14 04:50:49'),
(84, 11, 'Free gym membership', 'fr', '2023-11-14 04:50:49', '2023-11-14 04:50:49'),
(85, 11, 'Free gym membership', 'es', '2023-11-14 04:50:49', '2023-11-14 04:50:49'),
(86, 11, 'Free gym membership', 'id', '2023-11-14 04:50:49', '2023-11-14 04:50:49'),
(87, 11, 'Free gym membership', 'de', '2023-11-14 04:50:49', '2023-11-14 04:50:49'),
(88, 11, 'Free gym membership', 'ar', '2023-11-14 04:50:49', '2023-11-14 04:50:49'),
(89, 12, 'Home office budget', 'en', '2023-11-14 04:50:49', '2023-11-14 04:50:49'),
(90, 12, 'Home office budget', 'bn', '2023-11-14 04:50:49', '2023-11-14 04:50:49'),
(91, 12, 'Home office budget', 'hi', '2023-11-14 04:50:49', '2023-11-14 04:50:49'),
(92, 12, 'Home office budget', 'fr', '2023-11-14 04:50:50', '2023-11-14 04:50:50'),
(93, 12, 'Home office budget', 'es', '2023-11-14 04:50:50', '2023-11-14 04:50:50'),
(94, 12, 'Home office budget', 'id', '2023-11-14 04:50:50', '2023-11-14 04:50:50'),
(95, 12, 'Home office budget', 'de', '2023-11-14 04:50:50', '2023-11-14 04:50:50'),
(96, 12, 'Home office budget', 'ar', '2023-11-14 04:50:50', '2023-11-14 04:50:50'),
(97, 13, 'Pay in crypto', 'en', '2023-11-14 04:50:50', '2023-11-14 04:50:50'),
(98, 13, 'Pay in crypto', 'bn', '2023-11-14 04:50:50', '2023-11-14 04:50:50'),
(99, 13, 'Pay in crypto', 'hi', '2023-11-14 04:50:50', '2023-11-14 04:50:50'),
(100, 13, 'Pay in crypto', 'fr', '2023-11-14 04:50:50', '2023-11-14 04:50:50'),
(101, 13, 'Pay in crypto', 'es', '2023-11-14 04:50:50', '2023-11-14 04:50:50'),
(102, 13, 'Pay in crypto', 'id', '2023-11-14 04:50:50', '2023-11-14 04:50:50'),
(103, 13, 'Pay in crypto', 'de', '2023-11-14 04:50:50', '2023-11-14 04:50:50'),
(104, 13, 'Pay in crypto', 'ar', '2023-11-14 04:50:50', '2023-11-14 04:50:50'),
(105, 14, 'Profit sharing', 'en', '2023-11-14 04:50:50', '2023-11-14 04:50:50'),
(106, 14, 'Profit sharing', 'bn', '2023-11-14 04:50:50', '2023-11-14 04:50:50'),
(107, 14, 'Profit sharing', 'hi', '2023-11-14 04:50:50', '2023-11-14 04:50:50'),
(108, 14, 'Profit sharing', 'fr', '2023-11-14 04:50:50', '2023-11-14 04:50:50'),
(109, 14, 'Profit sharing', 'es', '2023-11-14 04:50:50', '2023-11-14 04:50:50'),
(110, 14, 'Profit sharing', 'id', '2023-11-14 04:50:50', '2023-11-14 04:50:50'),
(111, 14, 'Profit sharing', 'de', '2023-11-14 04:50:50', '2023-11-14 04:50:50'),
(112, 14, 'Profit sharing', 'ar', '2023-11-14 04:50:50', '2023-11-14 04:50:50'),
(113, 15, 'No policies at work', 'en', '2023-11-14 04:50:50', '2023-11-14 04:50:50'),
(114, 15, 'No policies at work', 'bn', '2023-11-14 04:50:50', '2023-11-14 04:50:50'),
(115, 15, 'No policies at work', 'hi', '2023-11-14 04:50:50', '2023-11-14 04:50:50'),
(116, 15, 'No policies at work', 'fr', '2023-11-14 04:50:50', '2023-11-14 04:50:50'),
(117, 15, 'No policies at work', 'es', '2023-11-14 04:50:50', '2023-11-14 04:50:50'),
(118, 15, 'No policies at work', 'id', '2023-11-14 04:50:50', '2023-11-14 04:50:50'),
(119, 15, 'No policies at work', 'de', '2023-11-14 04:50:50', '2023-11-14 04:50:50'),
(120, 15, 'No policies at work', 'ar', '2023-11-14 04:50:50', '2023-11-14 04:50:50'),
(121, 16, 'Equity compensation', 'en', '2023-11-14 04:50:50', '2023-11-14 04:50:50'),
(122, 16, 'Equity compensation', 'bn', '2023-11-14 04:50:50', '2023-11-14 04:50:50'),
(123, 16, 'Equity compensation', 'hi', '2023-11-14 04:50:50', '2023-11-14 04:50:50'),
(124, 16, 'Equity compensation', 'fr', '2023-11-14 04:50:50', '2023-11-14 04:50:50'),
(125, 16, 'Equity compensation', 'es', '2023-11-14 04:50:50', '2023-11-14 04:50:50'),
(126, 16, 'Equity compensation', 'id', '2023-11-14 04:50:50', '2023-11-14 04:50:50'),
(127, 16, 'Equity compensation', 'de', '2023-11-14 04:50:50', '2023-11-14 04:50:50'),
(128, 16, 'Equity compensation', 'ar', '2023-11-14 04:50:50', '2023-11-14 04:50:50');

-- --------------------------------------------------------

--
-- Table structure for table `bookmark_candidate_company`
--

CREATE TABLE `bookmark_candidate_company` (
  `id` bigint UNSIGNED NOT NULL,
  `candidate_id` bigint UNSIGNED NOT NULL,
  `company_id` bigint UNSIGNED NOT NULL,
  `created_at` timestamp NULL DEFAULT NULL,
  `updated_at` timestamp NULL DEFAULT NULL
) ENGINE=InnoDB DEFAULT CHARSET=utf8mb4 COLLATE=utf8mb4_unicode_ci;

-- --------------------------------------------------------

--
-- Table structure for table `bookmark_candidate_job`
--

CREATE TABLE `bookmark_candidate_job` (
  `id` bigint UNSIGNED NOT NULL,
  `candidate_id` bigint UNSIGNED NOT NULL,
  `job_id` bigint UNSIGNED NOT NULL,
  `created_at` timestamp NULL DEFAULT NULL,
  `updated_at` timestamp NULL DEFAULT NULL
) ENGINE=InnoDB DEFAULT CHARSET=utf8mb4 COLLATE=utf8mb4_unicode_ci;

--
-- Dumping data for table `bookmark_candidate_job`
--

INSERT INTO `bookmark_candidate_job` (`id`, `candidate_id`, `job_id`, `created_at`, `updated_at`) VALUES
(1, 1, 6, NULL, NULL),
(2, 1, 56, NULL, NULL),
(3, 1, 341, NULL, NULL),
(4, 1, 488, NULL, NULL),
(5, 1, 1219, NULL, NULL),
(6, 2, 38, NULL, NULL),
(7, 2, 126, NULL, NULL),
(8, 2, 458, NULL, NULL),
(9, 2, 836, NULL, NULL),
(10, 2, 1089, NULL, NULL),
(11, 3, 241, NULL, NULL),
(12, 3, 318, NULL, NULL),
(13, 3, 445, NULL, NULL),
(14, 3, 904, NULL, NULL),
(15, 3, 1245, NULL, NULL),
(16, 4, 35, NULL, NULL),
(17, 4, 333, NULL, NULL),
(18, 4, 569, NULL, NULL),
(19, 4, 1168, NULL, NULL),
(20, 4, 1303, NULL, NULL),
(21, 5, 263, NULL, NULL),
(22, 5, 521, NULL, NULL),
(23, 5, 562, NULL, NULL),
(24, 5, 1046, NULL, NULL),
(25, 5, 1137, NULL, NULL),
(26, 6, 370, NULL, NULL),
(27, 6, 794, NULL, NULL),
(28, 6, 873, NULL, NULL),
(29, 6, 1004, NULL, NULL),
(30, 6, 1285, NULL, NULL),
(31, 7, 266, NULL, NULL),
(32, 7, 549, NULL, NULL),
(33, 7, 787, NULL, NULL),
(34, 7, 822, NULL, NULL),
(35, 7, 1290, NULL, NULL),
(36, 8, 176, NULL, NULL),
(37, 8, 305, NULL, NULL),
(38, 8, 403, NULL, NULL),
(39, 8, 531, NULL, NULL),
(40, 8, 1244, NULL, NULL),
(41, 9, 9, NULL, NULL),
(42, 9, 105, NULL, NULL),
(43, 9, 610, NULL, NULL),
(44, 9, 725, NULL, NULL),
(45, 9, 1065, NULL, NULL),
(46, 10, 158, NULL, NULL),
(47, 10, 547, NULL, NULL),
(48, 10, 559, NULL, NULL),
(49, 10, 751, NULL, NULL),
(50, 10, 889, NULL, NULL),
(51, 11, 55, NULL, NULL),
(52, 11, 291, NULL, NULL),
(53, 11, 593, NULL, NULL),
(54, 11, 627, NULL, NULL),
(55, 11, 1079, NULL, NULL),
(56, 12, 122, NULL, NULL),
(57, 12, 234, NULL, NULL),
(58, 12, 306, NULL, NULL),
(59, 12, 545, NULL, NULL),
(60, 12, 938, NULL, NULL),
(61, 13, 203, NULL, NULL),
(62, 13, 1150, NULL, NULL),
(63, 13, 1172, NULL, NULL),
(64, 13, 1215, NULL, NULL),
(65, 13, 1282, NULL, NULL),
(66, 14, 156, NULL, NULL),
(67, 14, 175, NULL, NULL),
(68, 14, 586, NULL, NULL),
(69, 14, 1210, NULL, NULL),
(70, 14, 1225, NULL, NULL),
(71, 15, 28, NULL, NULL),
(72, 15, 134, NULL, NULL),
(73, 15, 340, NULL, NULL),
(74, 15, 465, NULL, NULL),
(75, 15, 916, NULL, NULL),
(76, 16, 25, NULL, NULL),
(77, 16, 66, NULL, NULL),
(78, 16, 210, NULL, NULL),
(79, 16, 1069, NULL, NULL),
(80, 16, 1131, NULL, NULL),
(81, 17, 131, NULL, NULL),
(82, 17, 372, NULL, NULL),
(83, 17, 612, NULL, NULL),
(84, 17, 771, NULL, NULL),
(85, 17, 893, NULL, NULL),
(86, 18, 40, NULL, NULL),
(87, 18, 327, NULL, NULL),
(88, 18, 532, NULL, NULL),
(89, 18, 549, NULL, NULL),
(90, 18, 1074, NULL, NULL),
(91, 19, 317, NULL, NULL),
(92, 19, 1165, NULL, NULL),
(93, 19, 1203, NULL, NULL),
(94, 19, 1221, NULL, NULL),
(95, 19, 1292, NULL, NULL),
(96, 20, 9, NULL, NULL),
(97, 20, 51, NULL, NULL),
(98, 20, 136, NULL, NULL),
(99, 20, 266, NULL, NULL),
(100, 20, 615, NULL, NULL),
(101, 21, 302, NULL, NULL),
(102, 21, 441, NULL, NULL),
(103, 21, 791, NULL, NULL),
(104, 21, 899, NULL, NULL),
(105, 21, 1142, NULL, NULL),
(106, 22, 120, NULL, NULL),
(107, 22, 672, NULL, NULL),
(108, 22, 1218, NULL, NULL),
(109, 22, 1233, NULL, NULL),
(110, 22, 1234, NULL, NULL),
(111, 23, 570, NULL, NULL),
(112, 23, 607, NULL, NULL),
(113, 23, 729, NULL, NULL),
(114, 23, 757, NULL, NULL),
(115, 23, 1145, NULL, NULL),
(116, 24, 250, NULL, NULL),
(117, 24, 567, NULL, NULL),
(118, 24, 874, NULL, NULL),
(119, 24, 1182, NULL, NULL),
(120, 24, 1221, NULL, NULL),
(121, 25, 230, NULL, NULL),
(122, 25, 273, NULL, NULL),
(123, 25, 676, NULL, NULL),
(124, 25, 818, NULL, NULL),
(125, 25, 1245, NULL, NULL),
(126, 26, 205, NULL, NULL),
(127, 26, 376, NULL, NULL),
(128, 26, 426, NULL, NULL),
(129, 26, 721, NULL, NULL),
(130, 26, 1173, NULL, NULL),
(131, 27, 44, NULL, NULL),
(132, 27, 101, NULL, NULL),
(133, 27, 125, NULL, NULL),
(134, 27, 773, NULL, NULL),
(135, 27, 1089, NULL, NULL),
(136, 28, 4, NULL, NULL),
(137, 28, 291, NULL, NULL),
(138, 28, 328, NULL, NULL),
(139, 28, 621, NULL, NULL),
(140, 28, 764, NULL, NULL),
(141, 29, 183, NULL, NULL),
(142, 29, 224, NULL, NULL),
(143, 29, 407, NULL, NULL),
(144, 29, 775, NULL, NULL),
(145, 29, 997, NULL, NULL),
(146, 30, 266, NULL, NULL),
(147, 30, 316, NULL, NULL),
(148, 30, 368, NULL, NULL),
(149, 30, 652, NULL, NULL),
(150, 30, 1071, NULL, NULL),
(151, 31, 40, NULL, NULL),
(152, 31, 515, NULL, NULL),
(153, 31, 784, NULL, NULL),
(154, 31, 880, NULL, NULL),
(155, 31, 1160, NULL, NULL);

-- --------------------------------------------------------

--
-- Table structure for table `bookmark_company`
--

CREATE TABLE `bookmark_company` (
  `id` bigint UNSIGNED NOT NULL,
  `company_id` bigint UNSIGNED NOT NULL,
  `candidate_id` bigint UNSIGNED NOT NULL,
  `category_id` bigint UNSIGNED DEFAULT NULL,
  `created_at` timestamp NULL DEFAULT NULL,
  `updated_at` timestamp NULL DEFAULT NULL
) ENGINE=InnoDB DEFAULT CHARSET=utf8mb4 COLLATE=utf8mb4_unicode_ci;

--
-- Dumping data for table `bookmark_company`
--

INSERT INTO `bookmark_company` (`id`, `company_id`, `candidate_id`, `category_id`, `created_at`, `updated_at`) VALUES
(1, 1, 4, NULL, '2023-11-14 04:50:26', '2023-11-14 04:50:26'),
(2, 1, 9, NULL, '2023-11-14 04:50:26', '2023-11-14 04:50:26'),
(3, 1, 12, NULL, '2023-11-14 04:50:26', '2023-11-14 04:50:26'),
(4, 1, 15, NULL, '2023-11-14 04:50:26', '2023-11-14 04:50:26'),
(5, 1, 22, NULL, '2023-11-14 04:50:26', '2023-11-14 04:50:26'),
(6, 2, 4, NULL, '2023-11-14 04:50:26', '2023-11-14 04:50:26'),
(7, 2, 9, NULL, '2023-11-14 04:50:26', '2023-11-14 04:50:26'),
(8, 2, 19, NULL, '2023-11-14 04:50:26', '2023-11-14 04:50:26'),
(9, 2, 21, NULL, '2023-11-14 04:50:26', '2023-11-14 04:50:26'),
(10, 2, 31, NULL, '2023-11-14 04:50:26', '2023-11-14 04:50:26'),
(11, 3, 1, NULL, '2023-11-14 04:50:26', '2023-11-14 04:50:26'),
(12, 3, 9, NULL, '2023-11-14 04:50:26', '2023-11-14 04:50:26'),
(13, 3, 13, NULL, '2023-11-14 04:50:26', '2023-11-14 04:50:26'),
(14, 3, 14, NULL, '2023-11-14 04:50:26', '2023-11-14 04:50:26'),
(15, 3, 20, NULL, '2023-11-14 04:50:26', '2023-11-14 04:50:26'),
(16, 4, 8, NULL, '2023-11-14 04:50:26', '2023-11-14 04:50:26'),
(17, 4, 12, NULL, '2023-11-14 04:50:26', '2023-11-14 04:50:26'),
(18, 4, 14, NULL, '2023-11-14 04:50:26', '2023-11-14 04:50:26'),
(19, 4, 19, NULL, '2023-11-14 04:50:26', '2023-11-14 04:50:26'),
(20, 4, 31, NULL, '2023-11-14 04:50:26', '2023-11-14 04:50:26'),
(21, 5, 8, NULL, '2023-11-14 04:50:26', '2023-11-14 04:50:26'),
(22, 5, 10, NULL, '2023-11-14 04:50:26', '2023-11-14 04:50:26'),
(23, 5, 12, NULL, '2023-11-14 04:50:26', '2023-11-14 04:50:26'),
(24, 5, 18, NULL, '2023-11-14 04:50:26', '2023-11-14 04:50:26'),
(25, 5, 27, NULL, '2023-11-14 04:50:26', '2023-11-14 04:50:26'),
(26, 6, 1, NULL, '2023-11-14 04:50:26', '2023-11-14 04:50:26'),
(27, 6, 5, NULL, '2023-11-14 04:50:26', '2023-11-14 04:50:26'),
(28, 6, 10, NULL, '2023-11-14 04:50:26', '2023-11-14 04:50:26'),
(29, 6, 14, NULL, '2023-11-14 04:50:26', '2023-11-14 04:50:26'),
(30, 6, 25, NULL, '2023-11-14 04:50:26', '2023-11-14 04:50:26'),
(31, 7, 5, NULL, '2023-11-14 04:50:26', '2023-11-14 04:50:26'),
(32, 7, 12, NULL, '2023-11-14 04:50:26', '2023-11-14 04:50:26'),
(33, 7, 15, NULL, '2023-11-14 04:50:26', '2023-11-14 04:50:26'),
(34, 7, 23, NULL, '2023-11-14 04:50:26', '2023-11-14 04:50:26'),
(35, 7, 26, NULL, '2023-11-14 04:50:26', '2023-11-14 04:50:26'),
(36, 8, 9, NULL, '2023-11-14 04:50:26', '2023-11-14 04:50:26'),
(37, 8, 16, NULL, '2023-11-14 04:50:26', '2023-11-14 04:50:26'),
(38, 8, 18, NULL, '2023-11-14 04:50:26', '2023-11-14 04:50:26'),
(39, 8, 22, NULL, '2023-11-14 04:50:26', '2023-11-14 04:50:26'),
(40, 8, 23, NULL, '2023-11-14 04:50:26', '2023-11-14 04:50:26'),
(41, 9, 1, NULL, '2023-11-14 04:50:26', '2023-11-14 04:50:26'),
(42, 9, 2, NULL, '2023-11-14 04:50:26', '2023-11-14 04:50:26'),
(43, 9, 3, NULL, '2023-11-14 04:50:26', '2023-11-14 04:50:26'),
(44, 9, 6, NULL, '2023-11-14 04:50:26', '2023-11-14 04:50:26'),
(45, 9, 7, NULL, '2023-11-14 04:50:26', '2023-11-14 04:50:26'),
(46, 10, 2, NULL, '2023-11-14 04:50:26', '2023-11-14 04:50:26'),
(47, 10, 6, NULL, '2023-11-14 04:50:26', '2023-11-14 04:50:26'),
(48, 10, 8, NULL, '2023-11-14 04:50:26', '2023-11-14 04:50:26'),
(49, 10, 10, NULL, '2023-11-14 04:50:26', '2023-11-14 04:50:26'),
(50, 10, 24, NULL, '2023-11-14 04:50:26', '2023-11-14 04:50:26'),
(51, 11, 10, NULL, '2023-11-14 04:50:26', '2023-11-14 04:50:26'),
(52, 11, 15, NULL, '2023-11-14 04:50:26', '2023-11-14 04:50:26'),
(53, 11, 16, NULL, '2023-11-14 04:50:26', '2023-11-14 04:50:26'),
(54, 11, 29, NULL, '2023-11-14 04:50:26', '2023-11-14 04:50:26'),
(55, 11, 30, NULL, '2023-11-14 04:50:26', '2023-11-14 04:50:26'),
(56, 12, 1, NULL, '2023-11-14 04:50:26', '2023-11-14 04:50:26'),
(57, 12, 9, NULL, '2023-11-14 04:50:26', '2023-11-14 04:50:26'),
(58, 12, 12, NULL, '2023-11-14 04:50:26', '2023-11-14 04:50:26'),
(59, 12, 25, NULL, '2023-11-14 04:50:26', '2023-11-14 04:50:26'),
(60, 12, 27, NULL, '2023-11-14 04:50:26', '2023-11-14 04:50:26'),
(61, 13, 19, NULL, '2023-11-14 04:50:26', '2023-11-14 04:50:26'),
(62, 13, 20, NULL, '2023-11-14 04:50:26', '2023-11-14 04:50:26'),
(63, 13, 21, NULL, '2023-11-14 04:50:26', '2023-11-14 04:50:26'),
(64, 13, 24, NULL, '2023-11-14 04:50:26', '2023-11-14 04:50:26'),
(65, 13, 27, NULL, '2023-11-14 04:50:26', '2023-11-14 04:50:26'),
(66, 14, 4, NULL, '2023-11-14 04:50:26', '2023-11-14 04:50:26'),
(67, 14, 10, NULL, '2023-11-14 04:50:26', '2023-11-14 04:50:26'),
(68, 14, 11, NULL, '2023-11-14 04:50:26', '2023-11-14 04:50:26'),
(69, 14, 19, NULL, '2023-11-14 04:50:26', '2023-11-14 04:50:26'),
(70, 14, 21, NULL, '2023-11-14 04:50:26', '2023-11-14 04:50:26');

-- --------------------------------------------------------

--
-- Table structure for table `bookmark_company_category`
--

CREATE TABLE `bookmark_company_category` (
  `id` bigint UNSIGNED NOT NULL,
  `bookmark_id` bigint UNSIGNED NOT NULL,
  `category_id` bigint UNSIGNED NOT NULL,
  `created_at` timestamp NULL DEFAULT NULL,
  `updated_at` timestamp NULL DEFAULT NULL
) ENGINE=InnoDB DEFAULT CHARSET=utf8mb4 COLLATE=utf8mb4_unicode_ci;

-- --------------------------------------------------------

--
-- Table structure for table `candidates`
--

CREATE TABLE `candidates` (
  `id` bigint UNSIGNED NOT NULL,
  `user_id` bigint UNSIGNED NOT NULL,
  `role_id` bigint UNSIGNED DEFAULT NULL,
  `profession_id` bigint UNSIGNED DEFAULT NULL,
  `experience_id` bigint UNSIGNED DEFAULT NULL,
  `education_id` bigint UNSIGNED DEFAULT NULL,
  `title` varchar(255) COLLATE utf8mb4_unicode_ci DEFAULT NULL,
  `first_name` varchar(255) COLLATE utf8mb4_unicode_ci DEFAULT NULL,
  `last_name` varchar(255) COLLATE utf8mb4_unicode_ci DEFAULT NULL,
  `gender` enum('male','female','other') COLLATE utf8mb4_unicode_ci DEFAULT NULL,
  `website` varchar(255) COLLATE utf8mb4_unicode_ci DEFAULT NULL,
  `photo` varchar(255) COLLATE utf8mb4_unicode_ci DEFAULT NULL,
  `cv` varchar(255) COLLATE utf8mb4_unicode_ci DEFAULT NULL,
  `bio` text COLLATE utf8mb4_unicode_ci,
  `marital_status` varchar(255) COLLATE utf8mb4_unicode_ci DEFAULT NULL,
  `birth_date` datetime DEFAULT NULL,
  `visibility` tinyint(1) NOT NULL DEFAULT '1',
  `cv_visibility` tinyint(1) NOT NULL DEFAULT '1',
  `received_job_alert` tinyint(1) NOT NULL DEFAULT '1',
  `profile_complete` int NOT NULL DEFAULT '100',
  `created_at` timestamp NULL DEFAULT NULL,
  `updated_at` timestamp NULL DEFAULT NULL,
  `address` varchar(255) COLLATE utf8mb4_unicode_ci DEFAULT NULL,
  `exact_location` varchar(255) COLLATE utf8mb4_unicode_ci DEFAULT NULL,
  `neighborhood` varchar(255) COLLATE utf8mb4_unicode_ci DEFAULT NULL,
  `locality` varchar(255) COLLATE utf8mb4_unicode_ci DEFAULT NULL,
  `place` varchar(255) COLLATE utf8mb4_unicode_ci DEFAULT NULL,
  `district` varchar(255) COLLATE utf8mb4_unicode_ci DEFAULT NULL,
  `postcode` varchar(255) COLLATE utf8mb4_unicode_ci DEFAULT NULL,
  `region` varchar(255) COLLATE utf8mb4_unicode_ci DEFAULT NULL,
  `country` varchar(255) COLLATE utf8mb4_unicode_ci DEFAULT NULL,
  `long` double DEFAULT NULL,
  `lat` double DEFAULT NULL,
  `status` enum('available','not_available','available_in') COLLATE utf8mb4_unicode_ci NOT NULL DEFAULT 'available',
  `available_in` date DEFAULT NULL,
  `whatsapp_number` varchar(255) COLLATE utf8mb4_unicode_ci DEFAULT NULL
) ENGINE=InnoDB DEFAULT CHARSET=utf8mb4 COLLATE=utf8mb4_unicode_ci;

--
-- Dumping data for table `candidates`
--

INSERT INTO `candidates` (`id`, `user_id`, `role_id`, `profession_id`, `experience_id`, `education_id`, `title`, `first_name`, `last_name`, `gender`, `website`, `photo`, `cv`, `bio`, `marital_status`, `birth_date`, `visibility`, `cv_visibility`, `received_job_alert`, `profile_complete`, `created_at`, `updated_at`, `address`, `exact_location`, `neighborhood`, `locality`, `place`, `district`, `postcode`, `region`, `country`, `long`, `lat`, `status`, `available_in`, `whatsapp_number`) VALUES
(1, 15, 5, 6, 6, 3, 'This is candidate Title !', NULL, NULL, 'male', 'https://johndoe.com', 'dummy-data/images/candidates/candidate-04.jpg', NULL, 'Sometimes you may wish to stop running validation rules on an attribute after the first validation  failure. To do so, assign the bail rule to the attribute:', 'married', '2023-11-14 10:49:38', 1, 1, 1, 0, '2023-11-14 04:49:38', '2023-11-14 04:49:38', NULL, NULL, NULL, NULL, NULL, NULL, NULL, NULL, NULL, NULL, NULL, 'available', NULL, NULL),
(2, 16, 6, 9, 8, 7, 'Preschool Education Administrators', NULL, NULL, 'male', 'http://weissnat.net/quam-et-aliquid-et-natus-sit', 'dummy-data/images/candidates/candidate-01.jpg', NULL, 'Sint inventore tempora accusantium iusto nostrum eveniet. Deleniti eius dolor rerum. Fugiat voluptates atque qui omnis et. Quaerat atque excepturi nisi rerum.', 'married', '2023-11-14 10:49:38', 1, 1, 1, 0, NULL, NULL, NULL, NULL, NULL, NULL, NULL, NULL, NULL, NULL, 'Korea', -2.941105, -84.268718, 'available', NULL, NULL),
(3, 17, 6, 5, 2, 6, 'Plumber', NULL, NULL, 'male', 'http://damore.com/sequi-quia-quia-dolorem-sequi-dolores-et-aperiam', 'dummy-data/images/candidates/candidate-02.jpg', NULL, 'Inventore sed consequatur molestiae qui et quia. Ratione nemo ipsum deleniti sed voluptatibus facilis nostrum. Ullam doloribus nobis et rerum porro eius nostrum.', 'married', '2023-11-14 10:49:38', 1, 1, 1, 0, NULL, NULL, NULL, NULL, NULL, NULL, NULL, NULL, NULL, NULL, 'Congo', 71.071038, 52.203842, 'available_in', NULL, NULL),
(4, 18, 3, 1, 3, 6, 'Physics Teacher', NULL, NULL, 'other', 'https://hayes.com/ducimus-aut-omnis-ex-natus-ut-necessitatibus-est.html', 'dummy-data/images/candidates/candidate-03.jpg', NULL, 'Aperiam eaque occaecati quos et et. Quia amet porro tempora.', 'married', '2023-11-14 10:49:38', 1, 1, 1, 0, NULL, NULL, NULL, NULL, NULL, NULL, NULL, NULL, NULL, NULL, 'Burundi', 16.515804, 83.851037, 'not_available', NULL, NULL),
(5, 19, 2, 3, 2, 7, 'Insurance Claims Clerk', NULL, NULL, 'female', 'https://www.cole.net/consectetur-earum-a-aut-sunt-omnis', 'dummy-data/images/candidates/candidate-04.jpg', NULL, 'Harum tempora quo possimus dolor rerum error architecto. Eum qui porro et vero mollitia voluptate. Et esse odio aut aliquid ut.', 'married', '2023-11-14 10:49:38', 1, 1, 1, 0, NULL, NULL, NULL, NULL, NULL, NULL, NULL, NULL, NULL, NULL, 'Timor-Leste', 49.359508, 25.629394, 'available_in', NULL, NULL),
(6, 20, 6, 9, 5, 5, 'Insulation Installer', NULL, NULL, 'other', 'http://harris.net/similique-quia-aut-debitis', 'dummy-data/images/candidates/candidate-05.jpg', NULL, 'Rem et et qui quaerat voluptatem est. Ipsam ab et perferendis praesentium. Omnis eum quo aut quam quo ea explicabo.', 'married', '2023-11-14 10:49:38', 1, 1, 1, 0, NULL, NULL, NULL, NULL, NULL, NULL, NULL, NULL, NULL, NULL, 'Lebanon', -48.173713, 47.278415, 'available_in', NULL, NULL),
(7, 21, 1, 8, 1, 2, 'Geoscientists', NULL, NULL, 'male', 'http://erdman.com/', 'dummy-data/images/candidates/candidate-06.jpg', NULL, 'Atque adipisci incidunt quia velit aspernatur quia. Consectetur aut ipsa iure at. Et ipsam officiis et quia ad.', 'single', '2023-11-14 10:49:38', 1, 1, 1, 0, NULL, NULL, NULL, NULL, NULL, NULL, NULL, NULL, NULL, NULL, 'Yemen', 64.273669, 5.732717, 'available_in', NULL, NULL),
(8, 22, 5, 2, 8, 2, 'Occupational Therapist Aide', NULL, NULL, 'female', 'http://koch.com/', 'dummy-data/images/candidates/candidate-07.jpg', NULL, 'Ut illo qui quaerat est exercitationem. Nobis sunt ut earum dolorem.', 'single', '2023-11-14 10:49:38', 1, 1, 1, 0, NULL, NULL, NULL, NULL, NULL, NULL, NULL, NULL, NULL, NULL, 'Cameroon', -10.316939, -7.884875, 'available', NULL, NULL),
(9, 23, 6, 11, 6, 4, 'Environmental Engineering Technician', NULL, NULL, 'female', 'http://langosh.com/ut-qui-possimus-aliquam', 'dummy-data/images/candidates/candidate-08.jpg', NULL, 'Aut id consequatur ut laborum aliquam at enim ut. Totam et corporis officiis voluptatem error animi delectus. Deserunt consequatur voluptatum sed iure optio consequatur ex. Non temporibus ullam quis.', 'married', '2023-11-14 10:49:38', 1, 1, 1, 0, NULL, NULL, NULL, NULL, NULL, NULL, NULL, NULL, NULL, NULL, 'Bosnia and Herzegovina', 24.242481, -18.228687, 'not_available', NULL, NULL),
(10, 24, 2, 23, 2, 3, 'Electrician', NULL, NULL, 'female', 'http://marquardt.com/neque-quidem-voluptates-non-molestias.html', 'dummy-data/images/candidates/candidate-09.jpg', NULL, 'Et aut quas ad enim. Omnis accusantium non sed voluptatibus sit autem. Enim sunt voluptas voluptatem ea. Cum ea porro ea non.', 'married', '2023-11-14 10:49:38', 1, 1, 1, 0, NULL, NULL, NULL, NULL, NULL, NULL, NULL, NULL, NULL, NULL, 'Tuvalu', 75.305416, -25.008654, 'not_available', NULL, NULL),
(11, 25, 1, 22, 1, 6, 'Copy Machine Operator', NULL, NULL, 'female', 'http://conroy.biz/eveniet-nesciunt-qui-numquam-ipsam-est-asperiores-ut-sed', 'dummy-data/images/candidates/candidate-10.jpg', NULL, 'Corrupti dicta pariatur perspiciatis et dolor ut consequatur. Harum veritatis doloribus qui quidem. Hic perspiciatis facilis ut eligendi aliquid asperiores.', 'married', '2023-11-14 10:49:38', 1, 1, 1, 0, NULL, NULL, NULL, NULL, NULL, NULL, NULL, NULL, NULL, NULL, 'Cape Verde', -33.228448, -44.984788, 'available_in', NULL, NULL),
(12, 26, 2, 15, 2, 6, 'Elementary and Secondary School Administrators', NULL, NULL, 'other', 'http://www.champlin.org/', 'dummy-data/images/candidates/candidate-11.jpg', NULL, 'Voluptatem optio repellendus officiis molestiae qui ducimus autem sapiente. Est culpa veniam repudiandae nam.', 'married', '2023-11-14 10:49:39', 1, 1, 1, 0, NULL, NULL, NULL, NULL, NULL, NULL, NULL, NULL, NULL, NULL, 'Sao Tome and Principe', -14.437447, 5.738012, 'available', NULL, NULL),
(13, 27, 4, 7, 5, 4, 'Library Assistant', NULL, NULL, 'other', 'https://roberts.com/et-id-tempore-sequi-cum.html', 'dummy-data/images/candidates/candidate-12.jpg', NULL, 'Nihil at repellendus eius omnis laudantium maiores commodi delectus. Rem et libero eveniet in unde quae sint odio. Consectetur sed id deserunt.', 'single', '2023-11-14 10:49:39', 1, 1, 1, 0, NULL, NULL, NULL, NULL, NULL, NULL, NULL, NULL, NULL, NULL, 'Uganda', -84.674169, -38.394617, 'not_available', NULL, NULL),
(14, 28, 3, 14, 1, 5, 'Deburring Machine Operator', NULL, NULL, 'other', 'http://www.mayert.com/', 'dummy-data/images/candidates/candidate-13.jpg', NULL, 'Quo velit iste sapiente soluta cupiditate. Nostrum eius et nobis explicabo quia soluta omnis. Ea accusamus id perferendis porro voluptas id velit. Earum magni maxime nulla.', 'single', '2023-11-14 10:49:39', 1, 1, 1, 0, NULL, NULL, NULL, NULL, NULL, NULL, NULL, NULL, NULL, NULL, 'Guatemala', -66.083143, 68.698536, 'available_in', NULL, NULL),
(15, 29, 2, 3, 4, 2, 'Motor Vehicle Operator', NULL, NULL, 'female', 'http://www.kuhn.biz/debitis-doloremque-et-nam-rerum-maiores-optio', 'dummy-data/images/candidates/candidate-14.jpg', NULL, 'Quia sed ipsam dolores optio ea voluptas laboriosam. Occaecati cupiditate tempora illum. Illo libero recusandae aliquam. Sint quas incidunt libero.', 'married', '2023-11-14 10:49:39', 1, 1, 1, 0, NULL, NULL, NULL, NULL, NULL, NULL, NULL, NULL, NULL, NULL, 'Iceland', -24.067292, 66.030344, 'available', NULL, NULL),
(16, 30, 6, 4, 4, 4, 'Pewter Caster', NULL, NULL, 'other', 'https://www.harvey.com/aut-neque-voluptatem-enim-incidunt-eos-natus-consequatur', 'dummy-data/images/candidates/candidate-15.jpg', NULL, 'Quia magnam accusantium expedita laborum minima excepturi sint nesciunt. Hic sit animi sit eligendi autem et. Magni vel aut expedita alias et sit atque numquam.', 'single', '2023-11-14 10:49:39', 1, 1, 1, 0, NULL, NULL, NULL, NULL, NULL, NULL, NULL, NULL, NULL, NULL, 'Haiti', 80.077215, 7.0791, 'not_available', NULL, NULL),
(17, 31, 3, 28, 5, 4, 'Chiropractor', NULL, NULL, 'other', 'http://www.roberts.com/velit-a-esse-recusandae-qui-repellat-et', 'dummy-data/images/candidates/candidate-16.jpg', NULL, 'In earum minus et at aliquid rerum iure consequatur. Omnis tempore culpa et harum exercitationem veniam ut. Et earum ut asperiores consequuntur.', 'single', '2023-11-14 10:49:39', 1, 1, 1, 0, NULL, NULL, NULL, NULL, NULL, NULL, NULL, NULL, NULL, NULL, 'Cuba', 72.361569, 71.864188, 'available', NULL, NULL),
(18, 32, 4, 22, 6, 1, 'Laundry OR Dry-Cleaning Worker', NULL, NULL, 'other', 'https://gleichner.com/animi-et-voluptatem-accusantium-aperiam-nesciunt.html', 'dummy-data/images/candidates/candidate-17.jpg', NULL, 'Ullam provident cumque possimus tenetur possimus. Totam ratione fugiat accusamus dolores in. Sunt quia eligendi dignissimos omnis velit officia. Optio natus a qui veritatis ea dolorem tempore aut.', 'married', '2023-11-14 10:49:39', 1, 1, 1, 0, NULL, NULL, NULL, NULL, NULL, NULL, NULL, NULL, NULL, NULL, 'Liberia', 67.893096, -74.946808, 'not_available', NULL, NULL),
(19, 33, 3, 24, 2, 2, 'Producers and Director', NULL, NULL, 'male', 'https://mcclure.net/fugiat-cum-ipsum-nostrum-quam-consequatur-qui-qui.html', 'dummy-data/images/candidates/candidate-18.jpg', NULL, 'Sed omnis velit ex aut magnam sapiente vitae. Quam commodi excepturi repudiandae enim maxime necessitatibus.', 'married', '2023-11-14 10:49:39', 1, 1, 1, 0, NULL, NULL, NULL, NULL, NULL, NULL, NULL, NULL, NULL, NULL, 'Bahrain', -23.037706, -59.210304, 'available', NULL, NULL),
(20, 34, 1, 18, 1, 4, 'Job Printer', NULL, NULL, 'female', 'http://www.yundt.com/magni-quod-dolorem-eveniet-quia-dolores.html', 'dummy-data/images/candidates/candidate-19.jpg', NULL, 'Eligendi aut magni incidunt voluptatem sequi ut velit aperiam. Distinctio reprehenderit quae quod rerum. Animi doloremque voluptatem in animi at. Minus nam dolorem voluptas et aliquid laborum iusto.', 'single', '2023-11-14 10:49:39', 1, 1, 1, 0, NULL, NULL, NULL, NULL, NULL, NULL, NULL, NULL, NULL, NULL, 'Jordan', 57.440906, -27.582902, 'available', NULL, NULL),
(21, 35, 4, 10, 3, 5, 'Interpreter OR Translator', NULL, NULL, 'female', 'https://www.luettgen.com/molestiae-sed-et-fugiat-cumque-id', 'dummy-data/images/candidates/candidate-20.jpg', NULL, 'Asperiores debitis reiciendis sed quia. Ut eos voluptas ducimus ut accusantium voluptatem. Dolor fugit tempore quis omnis corrupti odit.', 'married', '2023-11-14 10:49:39', 1, 1, 1, 0, NULL, NULL, NULL, NULL, NULL, NULL, NULL, NULL, NULL, NULL, 'Germany', -32.256616, -46.753822, 'available', NULL, NULL),
(22, 36, 1, 4, 6, 5, 'File Clerk', NULL, NULL, 'male', 'http://hoppe.com/', 'dummy-data/images/candidates/candidate-01.jpg', NULL, 'Distinctio eum voluptatem dolorum. Ipsam veniam repellendus quisquam iusto doloribus. Saepe cumque velit et laboriosam.', 'married', '2023-11-14 10:49:39', 1, 1, 1, 0, NULL, NULL, NULL, NULL, NULL, NULL, NULL, NULL, NULL, NULL, 'Faroe Islands', -11.047219, -84.986627, 'available_in', NULL, NULL),
(23, 37, 5, 22, 2, 1, 'Punching Machine Setters', NULL, NULL, 'other', 'http://www.rogahn.info/sed-aliquid-ipsa-hic-et', 'dummy-data/images/candidates/candidate-02.jpg', NULL, 'Inventore eum eveniet possimus aut repellat quia. Aut dignissimos reprehenderit saepe temporibus aut amet quidem. Autem dolorem ipsum repellat assumenda dolor nulla.', 'married', '2023-11-14 10:49:39', 1, 1, 1, 0, NULL, NULL, NULL, NULL, NULL, NULL, NULL, NULL, NULL, NULL, 'Belgium', 3.218346, 83.303496, 'available_in', NULL, NULL),
(24, 38, 5, 22, 2, 2, 'Dragline Operator', NULL, NULL, 'other', 'http://www.stiedemann.com/molestiae-ex-quis-qui', 'dummy-data/images/candidates/candidate-03.jpg', NULL, 'Nihil quam iure vero facilis et illo. Quia cumque nisi perspiciatis exercitationem repellat quod veritatis. Hic ut sunt nihil adipisci. Repudiandae omnis repellat necessitatibus consequatur.', 'single', '2023-11-14 10:49:39', 1, 1, 1, 0, NULL, NULL, NULL, NULL, NULL, NULL, NULL, NULL, NULL, NULL, 'Samoa', 62.221084, 73.26022, 'not_available', NULL, NULL),
(25, 39, 5, 6, 2, 3, 'Distribution Manager', NULL, NULL, 'female', 'https://www.sanford.net/praesentium-cupiditate-reiciendis-qui-ex-provident-expedita', 'dummy-data/images/candidates/candidate-04.jpg', NULL, 'Provident dolor placeat quam. Quos iste expedita odit voluptates sit. Praesentium eum maxime totam accusamus officia aut distinctio.', 'single', '2023-11-14 10:49:39', 1, 1, 1, 0, NULL, NULL, NULL, NULL, NULL, NULL, NULL, NULL, NULL, NULL, 'Georgia', 54.553282, -62.794943, 'not_available', NULL, NULL),
(26, 40, 6, 7, 1, 4, 'Tax Examiner', NULL, NULL, 'other', 'https://larson.biz/earum-vel-enim-dignissimos-et-laboriosam.html', 'dummy-data/images/candidates/candidate-05.jpg', NULL, 'Id dolores nesciunt tempora voluptates quos debitis. Ad doloremque id aut est quam. Et ut voluptatem minima vero.', 'single', '2023-11-14 10:49:39', 1, 1, 1, 0, NULL, NULL, NULL, NULL, NULL, NULL, NULL, NULL, NULL, NULL, 'Mali', 57.087358, 40.238926, 'not_available', NULL, NULL),
(27, 41, 4, 13, 1, 4, 'Computer Operator', NULL, NULL, 'female', 'http://corwin.com/ut-architecto-voluptatibus-quia', 'dummy-data/images/candidates/candidate-06.jpg', NULL, 'Impedit aut dignissimos ex qui ipsum tenetur illum. Cum provident ad nemo officiis ipsum corrupti. Modi aut animi sint. Reiciendis eaque sed rem omnis. Repellat animi et vitae.', 'married', '2023-11-14 10:49:39', 1, 1, 1, 0, NULL, NULL, NULL, NULL, NULL, NULL, NULL, NULL, NULL, NULL, 'Brunei Darussalam', 21.19566, -19.190242, 'not_available', NULL, NULL),
(28, 42, 2, 13, 4, 7, 'Gas Pumping Station Operator', NULL, NULL, 'female', 'http://von.com/voluptas-perferendis-architecto-repellat-corrupti-aut', 'dummy-data/images/candidates/candidate-07.jpg', NULL, 'Reiciendis totam sint in ut. Eveniet illo nesciunt repudiandae accusamus deserunt. Excepturi rerum et vitae eligendi.', 'married', '2023-11-14 10:49:40', 1, 1, 1, 0, NULL, NULL, NULL, NULL, NULL, NULL, NULL, NULL, NULL, NULL, 'Saint Pierre and Miquelon', -16.148867, -38.293644, 'available', NULL, NULL),
(29, 43, 5, 13, 7, 6, 'Screen Printing Machine Operator', NULL, NULL, 'female', 'http://www.king.com/odio-ipsam-qui-minus-fugiat-omnis-pariatur', 'dummy-data/images/candidates/candidate-08.jpg', NULL, 'Aut vel tempore voluptatem quia. Hic molestiae dolores omnis sint. Animi voluptatem voluptas et quasi odio ad. Veniam vel rerum voluptatem nemo est.', 'married', '2023-11-14 10:49:40', 1, 1, 1, 0, NULL, NULL, NULL, NULL, NULL, NULL, NULL, NULL, NULL, NULL, 'Bhutan', -54.224631, 72.00393, 'available', NULL, NULL),
(30, 44, 3, 24, 2, 1, 'Central Office Operator', NULL, NULL, 'other', 'https://www.keebler.org/hic-et-explicabo-a-et', 'dummy-data/images/candidates/candidate-09.jpg', NULL, 'Est nesciunt tempora qui suscipit. Quaerat aut ipsum consectetur non voluptates eum quos. Ipsa minima et explicabo nostrum nesciunt.', 'married', '2023-11-14 10:49:40', 1, 1, 1, 0, NULL, NULL, NULL, NULL, NULL, NULL, NULL, NULL, NULL, NULL, 'Isle of Man', -12.821279, -82.675994, 'available_in', NULL, NULL),
(31, 45, 5, 8, 7, 1, 'Percussion Instrument Repairer', NULL, NULL, 'female', 'http://lindgren.com/id-id-aut-aspernatur-cum-voluptatum.html', 'dummy-data/images/candidates/candidate-10.jpg', NULL, 'Qui porro et adipisci sint iusto. Non adipisci accusamus molestiae alias. Autem necessitatibus quibusdam amet nisi rem ea voluptatum. Tenetur eveniet tenetur nihil.', 'married', '2023-11-14 10:49:40', 1, 1, 1, 0, NULL, NULL, NULL, NULL, NULL, NULL, NULL, NULL, NULL, NULL, 'Singapore', -70.757027, 62.366658, 'not_available', NULL, NULL);

-- --------------------------------------------------------

--
-- Table structure for table `candidate_cv_views`
--

CREATE TABLE `candidate_cv_views` (
  `id` bigint UNSIGNED NOT NULL,
  `company_id` bigint UNSIGNED NOT NULL,
  `candidate_id` bigint UNSIGNED NOT NULL,
  `view_date` datetime NOT NULL,
  `created_at` timestamp NULL DEFAULT NULL,
  `updated_at` timestamp NULL DEFAULT NULL
) ENGINE=InnoDB DEFAULT CHARSET=utf8mb4 COLLATE=utf8mb4_unicode_ci;

-- --------------------------------------------------------

--
-- Table structure for table `candidate_education`
--

CREATE TABLE `candidate_education` (
  `id` bigint UNSIGNED NOT NULL,
  `candidate_id` bigint UNSIGNED NOT NULL,
  `level` varchar(255) COLLATE utf8mb4_unicode_ci NOT NULL,
  `degree` varchar(255) COLLATE utf8mb4_unicode_ci NOT NULL,
  `year` int NOT NULL,
  `notes` text COLLATE utf8mb4_unicode_ci,
  `created_at` timestamp NULL DEFAULT NULL,
  `updated_at` timestamp NULL DEFAULT NULL
) ENGINE=InnoDB DEFAULT CHARSET=utf8mb4 COLLATE=utf8mb4_unicode_ci;

--
-- Dumping data for table `candidate_education`
--

INSERT INTO `candidate_education` (`id`, `candidate_id`, `level`, `degree`, `year`, `notes`, `created_at`, `updated_at`) VALUES
(1, 1, 'Secondary', 'SSC', 2002, 'Secondary school is defined as schooling after elementary school, therefore in the U.S. that would be grades 6 through 12. However, once a student reaches grade 9, they are considered to be a high school student.', '2023-11-14 04:50:48', '2023-11-14 04:50:48'),
(2, 1, 'Graduation', 'BSC', 2004, 'A graduate student is someone who has earned a bachelor\'s degree and is pursuing additional education in a specific field.', '2023-11-14 04:50:48', '2023-11-14 04:50:48'),
(3, 1, 'Masters', 'MSC', 2010, 'Students who graduate with a master\'s degree should possess advanced knowledge of a specialized body of theoretical', '2023-11-14 04:50:48', '2023-11-14 04:50:48'),
(4, 2, 'Secondary', 'SSC', 2002, 'Secondary school is defined as schooling after elementary school, therefore in the U.S. that would be grades 6 through 12. However, once a student reaches grade 9, they are considered to be a high school student.', '2023-11-14 04:50:48', '2023-11-14 04:50:48'),
(5, 2, 'Graduation', 'BSC', 2004, 'A graduate student is someone who has earned a bachelor\'s degree and is pursuing additional education in a specific field.', '2023-11-14 04:50:48', '2023-11-14 04:50:48'),
(6, 2, 'Masters', 'MSC', 2010, 'Students who graduate with a master\'s degree should possess advanced knowledge of a specialized body of theoretical', '2023-11-14 04:50:48', '2023-11-14 04:50:48'),
(7, 3, 'Secondary', 'SSC', 2002, 'Secondary school is defined as schooling after elementary school, therefore in the U.S. that would be grades 6 through 12. However, once a student reaches grade 9, they are considered to be a high school student.', '2023-11-14 04:50:48', '2023-11-14 04:50:48'),
(8, 3, 'Graduation', 'BSC', 2004, 'A graduate student is someone who has earned a bachelor\'s degree and is pursuing additional education in a specific field.', '2023-11-14 04:50:48', '2023-11-14 04:50:48'),
(9, 3, 'Masters', 'MSC', 2010, 'Students who graduate with a master\'s degree should possess advanced knowledge of a specialized body of theoretical', '2023-11-14 04:50:48', '2023-11-14 04:50:48'),
(10, 4, 'Secondary', 'SSC', 2002, 'Secondary school is defined as schooling after elementary school, therefore in the U.S. that would be grades 6 through 12. However, once a student reaches grade 9, they are considered to be a high school student.', '2023-11-14 04:50:48', '2023-11-14 04:50:48'),
(11, 4, 'Graduation', 'BSC', 2004, 'A graduate student is someone who has earned a bachelor\'s degree and is pursuing additional education in a specific field.', '2023-11-14 04:50:48', '2023-11-14 04:50:48'),
(12, 4, 'Masters', 'MSC', 2010, 'Students who graduate with a master\'s degree should possess advanced knowledge of a specialized body of theoretical', '2023-11-14 04:50:48', '2023-11-14 04:50:48'),
(13, 5, 'Secondary', 'SSC', 2002, 'Secondary school is defined as schooling after elementary school, therefore in the U.S. that would be grades 6 through 12. However, once a student reaches grade 9, they are considered to be a high school student.', '2023-11-14 04:50:48', '2023-11-14 04:50:48'),
(14, 5, 'Graduation', 'BSC', 2004, 'A graduate student is someone who has earned a bachelor\'s degree and is pursuing additional education in a specific field.', '2023-11-14 04:50:48', '2023-11-14 04:50:48'),
(15, 5, 'Masters', 'MSC', 2010, 'Students who graduate with a master\'s degree should possess advanced knowledge of a specialized body of theoretical', '2023-11-14 04:50:48', '2023-11-14 04:50:48'),
(16, 6, 'Secondary', 'SSC', 2002, 'Secondary school is defined as schooling after elementary school, therefore in the U.S. that would be grades 6 through 12. However, once a student reaches grade 9, they are considered to be a high school student.', '2023-11-14 04:50:48', '2023-11-14 04:50:48'),
(17, 6, 'Graduation', 'BSC', 2004, 'A graduate student is someone who has earned a bachelor\'s degree and is pursuing additional education in a specific field.', '2023-11-14 04:50:48', '2023-11-14 04:50:48'),
(18, 6, 'Masters', 'MSC', 2010, 'Students who graduate with a master\'s degree should possess advanced knowledge of a specialized body of theoretical', '2023-11-14 04:50:48', '2023-11-14 04:50:48'),
(19, 7, 'Secondary', 'SSC', 2002, 'Secondary school is defined as schooling after elementary school, therefore in the U.S. that would be grades 6 through 12. However, once a student reaches grade 9, they are considered to be a high school student.', '2023-11-14 04:50:48', '2023-11-14 04:50:48'),
(20, 7, 'Graduation', 'BSC', 2004, 'A graduate student is someone who has earned a bachelor\'s degree and is pursuing additional education in a specific field.', '2023-11-14 04:50:48', '2023-11-14 04:50:48'),
(21, 7, 'Masters', 'MSC', 2010, 'Students who graduate with a master\'s degree should possess advanced knowledge of a specialized body of theoretical', '2023-11-14 04:50:48', '2023-11-14 04:50:48'),
(22, 8, 'Secondary', 'SSC', 2002, 'Secondary school is defined as schooling after elementary school, therefore in the U.S. that would be grades 6 through 12. However, once a student reaches grade 9, they are considered to be a high school student.', '2023-11-14 04:50:48', '2023-11-14 04:50:48'),
(23, 8, 'Graduation', 'BSC', 2004, 'A graduate student is someone who has earned a bachelor\'s degree and is pursuing additional education in a specific field.', '2023-11-14 04:50:48', '2023-11-14 04:50:48'),
(24, 8, 'Masters', 'MSC', 2010, 'Students who graduate with a master\'s degree should possess advanced knowledge of a specialized body of theoretical', '2023-11-14 04:50:48', '2023-11-14 04:50:48'),
(25, 9, 'Secondary', 'SSC', 2002, 'Secondary school is defined as schooling after elementary school, therefore in the U.S. that would be grades 6 through 12. However, once a student reaches grade 9, they are considered to be a high school student.', '2023-11-14 04:50:48', '2023-11-14 04:50:48'),
(26, 9, 'Graduation', 'BSC', 2004, 'A graduate student is someone who has earned a bachelor\'s degree and is pursuing additional education in a specific field.', '2023-11-14 04:50:48', '2023-11-14 04:50:48'),
(27, 9, 'Masters', 'MSC', 2010, 'Students who graduate with a master\'s degree should possess advanced knowledge of a specialized body of theoretical', '2023-11-14 04:50:48', '2023-11-14 04:50:48'),
(28, 10, 'Secondary', 'SSC', 2002, 'Secondary school is defined as schooling after elementary school, therefore in the U.S. that would be grades 6 through 12. However, once a student reaches grade 9, they are considered to be a high school student.', '2023-11-14 04:50:48', '2023-11-14 04:50:48'),
(29, 10, 'Graduation', 'BSC', 2004, 'A graduate student is someone who has earned a bachelor\'s degree and is pursuing additional education in a specific field.', '2023-11-14 04:50:48', '2023-11-14 04:50:48'),
(30, 10, 'Masters', 'MSC', 2010, 'Students who graduate with a master\'s degree should possess advanced knowledge of a specialized body of theoretical', '2023-11-14 04:50:48', '2023-11-14 04:50:48'),
(31, 11, 'Secondary', 'SSC', 2002, 'Secondary school is defined as schooling after elementary school, therefore in the U.S. that would be grades 6 through 12. However, once a student reaches grade 9, they are considered to be a high school student.', '2023-11-14 04:50:48', '2023-11-14 04:50:48'),
(32, 11, 'Graduation', 'BSC', 2004, 'A graduate student is someone who has earned a bachelor\'s degree and is pursuing additional education in a specific field.', '2023-11-14 04:50:48', '2023-11-14 04:50:48'),
(33, 11, 'Masters', 'MSC', 2010, 'Students who graduate with a master\'s degree should possess advanced knowledge of a specialized body of theoretical', '2023-11-14 04:50:48', '2023-11-14 04:50:48'),
(34, 12, 'Secondary', 'SSC', 2002, 'Secondary school is defined as schooling after elementary school, therefore in the U.S. that would be grades 6 through 12. However, once a student reaches grade 9, they are considered to be a high school student.', '2023-11-14 04:50:48', '2023-11-14 04:50:48'),
(35, 12, 'Graduation', 'BSC', 2004, 'A graduate student is someone who has earned a bachelor\'s degree and is pursuing additional education in a specific field.', '2023-11-14 04:50:48', '2023-11-14 04:50:48'),
(36, 12, 'Masters', 'MSC', 2010, 'Students who graduate with a master\'s degree should possess advanced knowledge of a specialized body of theoretical', '2023-11-14 04:50:48', '2023-11-14 04:50:48'),
(37, 13, 'Secondary', 'SSC', 2002, 'Secondary school is defined as schooling after elementary school, therefore in the U.S. that would be grades 6 through 12. However, once a student reaches grade 9, they are considered to be a high school student.', '2023-11-14 04:50:48', '2023-11-14 04:50:48'),
(38, 13, 'Graduation', 'BSC', 2004, 'A graduate student is someone who has earned a bachelor\'s degree and is pursuing additional education in a specific field.', '2023-11-14 04:50:48', '2023-11-14 04:50:48'),
(39, 13, 'Masters', 'MSC', 2010, 'Students who graduate with a master\'s degree should possess advanced knowledge of a specialized body of theoretical', '2023-11-14 04:50:48', '2023-11-14 04:50:48'),
(40, 14, 'Secondary', 'SSC', 2002, 'Secondary school is defined as schooling after elementary school, therefore in the U.S. that would be grades 6 through 12. However, once a student reaches grade 9, they are considered to be a high school student.', '2023-11-14 04:50:48', '2023-11-14 04:50:48'),
(41, 14, 'Graduation', 'BSC', 2004, 'A graduate student is someone who has earned a bachelor\'s degree and is pursuing additional education in a specific field.', '2023-11-14 04:50:48', '2023-11-14 04:50:48'),
(42, 14, 'Masters', 'MSC', 2010, 'Students who graduate with a master\'s degree should possess advanced knowledge of a specialized body of theoretical', '2023-11-14 04:50:48', '2023-11-14 04:50:48'),
(43, 15, 'Secondary', 'SSC', 2002, 'Secondary school is defined as schooling after elementary school, therefore in the U.S. that would be grades 6 through 12. However, once a student reaches grade 9, they are considered to be a high school student.', '2023-11-14 04:50:48', '2023-11-14 04:50:48'),
(44, 15, 'Graduation', 'BSC', 2004, 'A graduate student is someone who has earned a bachelor\'s degree and is pursuing additional education in a specific field.', '2023-11-14 04:50:48', '2023-11-14 04:50:48'),
(45, 15, 'Masters', 'MSC', 2010, 'Students who graduate with a master\'s degree should possess advanced knowledge of a specialized body of theoretical', '2023-11-14 04:50:48', '2023-11-14 04:50:48'),
(46, 16, 'Secondary', 'SSC', 2002, 'Secondary school is defined as schooling after elementary school, therefore in the U.S. that would be grades 6 through 12. However, once a student reaches grade 9, they are considered to be a high school student.', '2023-11-14 04:50:48', '2023-11-14 04:50:48'),
(47, 16, 'Graduation', 'BSC', 2004, 'A graduate student is someone who has earned a bachelor\'s degree and is pursuing additional education in a specific field.', '2023-11-14 04:50:48', '2023-11-14 04:50:48'),
(48, 16, 'Masters', 'MSC', 2010, 'Students who graduate with a master\'s degree should possess advanced knowledge of a specialized body of theoretical', '2023-11-14 04:50:48', '2023-11-14 04:50:48'),
(49, 17, 'Secondary', 'SSC', 2002, 'Secondary school is defined as schooling after elementary school, therefore in the U.S. that would be grades 6 through 12. However, once a student reaches grade 9, they are considered to be a high school student.', '2023-11-14 04:50:48', '2023-11-14 04:50:48'),
(50, 17, 'Graduation', 'BSC', 2004, 'A graduate student is someone who has earned a bachelor\'s degree and is pursuing additional education in a specific field.', '2023-11-14 04:50:48', '2023-11-14 04:50:48'),
(51, 17, 'Masters', 'MSC', 2010, 'Students who graduate with a master\'s degree should possess advanced knowledge of a specialized body of theoretical', '2023-11-14 04:50:48', '2023-11-14 04:50:48'),
(52, 18, 'Secondary', 'SSC', 2002, 'Secondary school is defined as schooling after elementary school, therefore in the U.S. that would be grades 6 through 12. However, once a student reaches grade 9, they are considered to be a high school student.', '2023-11-14 04:50:48', '2023-11-14 04:50:48'),
(53, 18, 'Graduation', 'BSC', 2004, 'A graduate student is someone who has earned a bachelor\'s degree and is pursuing additional education in a specific field.', '2023-11-14 04:50:48', '2023-11-14 04:50:48'),
(54, 18, 'Masters', 'MSC', 2010, 'Students who graduate with a master\'s degree should possess advanced knowledge of a specialized body of theoretical', '2023-11-14 04:50:48', '2023-11-14 04:50:48'),
(55, 19, 'Secondary', 'SSC', 2002, 'Secondary school is defined as schooling after elementary school, therefore in the U.S. that would be grades 6 through 12. However, once a student reaches grade 9, they are considered to be a high school student.', '2023-11-14 04:50:48', '2023-11-14 04:50:48'),
(56, 19, 'Graduation', 'BSC', 2004, 'A graduate student is someone who has earned a bachelor\'s degree and is pursuing additional education in a specific field.', '2023-11-14 04:50:48', '2023-11-14 04:50:48'),
(57, 19, 'Masters', 'MSC', 2010, 'Students who graduate with a master\'s degree should possess advanced knowledge of a specialized body of theoretical', '2023-11-14 04:50:48', '2023-11-14 04:50:48'),
(58, 20, 'Secondary', 'SSC', 2002, 'Secondary school is defined as schooling after elementary school, therefore in the U.S. that would be grades 6 through 12. However, once a student reaches grade 9, they are considered to be a high school student.', '2023-11-14 04:50:48', '2023-11-14 04:50:48'),
(59, 20, 'Graduation', 'BSC', 2004, 'A graduate student is someone who has earned a bachelor\'s degree and is pursuing additional education in a specific field.', '2023-11-14 04:50:48', '2023-11-14 04:50:48'),
(60, 20, 'Masters', 'MSC', 2010, 'Students who graduate with a master\'s degree should possess advanced knowledge of a specialized body of theoretical', '2023-11-14 04:50:48', '2023-11-14 04:50:48'),
(61, 21, 'Secondary', 'SSC', 2002, 'Secondary school is defined as schooling after elementary school, therefore in the U.S. that would be grades 6 through 12. However, once a student reaches grade 9, they are considered to be a high school student.', '2023-11-14 04:50:48', '2023-11-14 04:50:48'),
(62, 21, 'Graduation', 'BSC', 2004, 'A graduate student is someone who has earned a bachelor\'s degree and is pursuing additional education in a specific field.', '2023-11-14 04:50:48', '2023-11-14 04:50:48'),
(63, 21, 'Masters', 'MSC', 2010, 'Students who graduate with a master\'s degree should possess advanced knowledge of a specialized body of theoretical', '2023-11-14 04:50:48', '2023-11-14 04:50:48'),
(64, 22, 'Secondary', 'SSC', 2002, 'Secondary school is defined as schooling after elementary school, therefore in the U.S. that would be grades 6 through 12. However, once a student reaches grade 9, they are considered to be a high school student.', '2023-11-14 04:50:48', '2023-11-14 04:50:48'),
(65, 22, 'Graduation', 'BSC', 2004, 'A graduate student is someone who has earned a bachelor\'s degree and is pursuing additional education in a specific field.', '2023-11-14 04:50:48', '2023-11-14 04:50:48'),
(66, 22, 'Masters', 'MSC', 2010, 'Students who graduate with a master\'s degree should possess advanced knowledge of a specialized body of theoretical', '2023-11-14 04:50:48', '2023-11-14 04:50:48'),
(67, 23, 'Secondary', 'SSC', 2002, 'Secondary school is defined as schooling after elementary school, therefore in the U.S. that would be grades 6 through 12. However, once a student reaches grade 9, they are considered to be a high school student.', '2023-11-14 04:50:48', '2023-11-14 04:50:48'),
(68, 23, 'Graduation', 'BSC', 2004, 'A graduate student is someone who has earned a bachelor\'s degree and is pursuing additional education in a specific field.', '2023-11-14 04:50:48', '2023-11-14 04:50:48'),
(69, 23, 'Masters', 'MSC', 2010, 'Students who graduate with a master\'s degree should possess advanced knowledge of a specialized body of theoretical', '2023-11-14 04:50:48', '2023-11-14 04:50:48'),
(70, 24, 'Secondary', 'SSC', 2002, 'Secondary school is defined as schooling after elementary school, therefore in the U.S. that would be grades 6 through 12. However, once a student reaches grade 9, they are considered to be a high school student.', '2023-11-14 04:50:48', '2023-11-14 04:50:48'),
(71, 24, 'Graduation', 'BSC', 2004, 'A graduate student is someone who has earned a bachelor\'s degree and is pursuing additional education in a specific field.', '2023-11-14 04:50:48', '2023-11-14 04:50:48'),
(72, 24, 'Masters', 'MSC', 2010, 'Students who graduate with a master\'s degree should possess advanced knowledge of a specialized body of theoretical', '2023-11-14 04:50:48', '2023-11-14 04:50:48'),
(73, 25, 'Secondary', 'SSC', 2002, 'Secondary school is defined as schooling after elementary school, therefore in the U.S. that would be grades 6 through 12. However, once a student reaches grade 9, they are considered to be a high school student.', '2023-11-14 04:50:48', '2023-11-14 04:50:48'),
(74, 25, 'Graduation', 'BSC', 2004, 'A graduate student is someone who has earned a bachelor\'s degree and is pursuing additional education in a specific field.', '2023-11-14 04:50:48', '2023-11-14 04:50:48'),
(75, 25, 'Masters', 'MSC', 2010, 'Students who graduate with a master\'s degree should possess advanced knowledge of a specialized body of theoretical', '2023-11-14 04:50:48', '2023-11-14 04:50:48'),
(76, 26, 'Secondary', 'SSC', 2002, 'Secondary school is defined as schooling after elementary school, therefore in the U.S. that would be grades 6 through 12. However, once a student reaches grade 9, they are considered to be a high school student.', '2023-11-14 04:50:48', '2023-11-14 04:50:48'),
(77, 26, 'Graduation', 'BSC', 2004, 'A graduate student is someone who has earned a bachelor\'s degree and is pursuing additional education in a specific field.', '2023-11-14 04:50:48', '2023-11-14 04:50:48'),
(78, 26, 'Masters', 'MSC', 2010, 'Students who graduate with a master\'s degree should possess advanced knowledge of a specialized body of theoretical', '2023-11-14 04:50:48', '2023-11-14 04:50:48'),
(79, 27, 'Secondary', 'SSC', 2002, 'Secondary school is defined as schooling after elementary school, therefore in the U.S. that would be grades 6 through 12. However, once a student reaches grade 9, they are considered to be a high school student.', '2023-11-14 04:50:48', '2023-11-14 04:50:48'),
(80, 27, 'Graduation', 'BSC', 2004, 'A graduate student is someone who has earned a bachelor\'s degree and is pursuing additional education in a specific field.', '2023-11-14 04:50:48', '2023-11-14 04:50:48'),
(81, 27, 'Masters', 'MSC', 2010, 'Students who graduate with a master\'s degree should possess advanced knowledge of a specialized body of theoretical', '2023-11-14 04:50:48', '2023-11-14 04:50:48'),
(82, 28, 'Secondary', 'SSC', 2002, 'Secondary school is defined as schooling after elementary school, therefore in the U.S. that would be grades 6 through 12. However, once a student reaches grade 9, they are considered to be a high school student.', '2023-11-14 04:50:48', '2023-11-14 04:50:48'),
(83, 28, 'Graduation', 'BSC', 2004, 'A graduate student is someone who has earned a bachelor\'s degree and is pursuing additional education in a specific field.', '2023-11-14 04:50:48', '2023-11-14 04:50:48'),
(84, 28, 'Masters', 'MSC', 2010, 'Students who graduate with a master\'s degree should possess advanced knowledge of a specialized body of theoretical', '2023-11-14 04:50:48', '2023-11-14 04:50:48'),
(85, 29, 'Secondary', 'SSC', 2002, 'Secondary school is defined as schooling after elementary school, therefore in the U.S. that would be grades 6 through 12. However, once a student reaches grade 9, they are considered to be a high school student.', '2023-11-14 04:50:48', '2023-11-14 04:50:48'),
(86, 29, 'Graduation', 'BSC', 2004, 'A graduate student is someone who has earned a bachelor\'s degree and is pursuing additional education in a specific field.', '2023-11-14 04:50:48', '2023-11-14 04:50:48'),
(87, 29, 'Masters', 'MSC', 2010, 'Students who graduate with a master\'s degree should possess advanced knowledge of a specialized body of theoretical', '2023-11-14 04:50:48', '2023-11-14 04:50:48'),
(88, 30, 'Secondary', 'SSC', 2002, 'Secondary school is defined as schooling after elementary school, therefore in the U.S. that would be grades 6 through 12. However, once a student reaches grade 9, they are considered to be a high school student.', '2023-11-14 04:50:48', '2023-11-14 04:50:48'),
(89, 30, 'Graduation', 'BSC', 2004, 'A graduate student is someone who has earned a bachelor\'s degree and is pursuing additional education in a specific field.', '2023-11-14 04:50:48', '2023-11-14 04:50:48'),
(90, 30, 'Masters', 'MSC', 2010, 'Students who graduate with a master\'s degree should possess advanced knowledge of a specialized body of theoretical', '2023-11-14 04:50:48', '2023-11-14 04:50:48'),
(91, 31, 'Secondary', 'SSC', 2002, 'Secondary school is defined as schooling after elementary school, therefore in the U.S. that would be grades 6 through 12. However, once a student reaches grade 9, they are considered to be a high school student.', '2023-11-14 04:50:48', '2023-11-14 04:50:48'),
(92, 31, 'Graduation', 'BSC', 2004, 'A graduate student is someone who has earned a bachelor\'s degree and is pursuing additional education in a specific field.', '2023-11-14 04:50:48', '2023-11-14 04:50:48'),
(93, 31, 'Masters', 'MSC', 2010, 'Students who graduate with a master\'s degree should possess advanced knowledge of a specialized body of theoretical', '2023-11-14 04:50:48', '2023-11-14 04:50:48');

-- --------------------------------------------------------

--
-- Table structure for table `candidate_experiences`
--

CREATE TABLE `candidate_experiences` (
  `id` bigint UNSIGNED NOT NULL,
  `candidate_id` bigint UNSIGNED NOT NULL,
  `company` varchar(255) COLLATE utf8mb4_unicode_ci NOT NULL,
  `department` varchar(255) COLLATE utf8mb4_unicode_ci NOT NULL,
  `designation` varchar(255) COLLATE utf8mb4_unicode_ci NOT NULL,
  `start` date NOT NULL,
  `end` date DEFAULT NULL,
  `responsibilities` text COLLATE utf8mb4_unicode_ci,
  `created_at` timestamp NULL DEFAULT NULL,
  `updated_at` timestamp NULL DEFAULT NULL,
  `currently_working` tinyint(1) NOT NULL DEFAULT '0'
) ENGINE=InnoDB DEFAULT CHARSET=utf8mb4 COLLATE=utf8mb4_unicode_ci;

--
-- Dumping data for table `candidate_experiences`
--

INSERT INTO `candidate_experiences` (`id`, `candidate_id`, `company`, `department`, `designation`, `start`, `end`, `responsibilities`, `created_at`, `updated_at`, `currently_working`) VALUES
(1, 1, 'Google', 'Software', 'Software Engineer', '2021-01-01', '2022-01-01', 'Execute full software development life cycle (SDLC), Develop flowcharts, layouts and documentation to identify requirements and solutions, Write well-designed, testable code, Produce specifications and determine operational feasibility', '2023-11-14 04:50:47', '2023-11-14 04:50:47', 0),
(2, 1, 'Facebook', 'Software', 'Product Manager', '2020-01-01', '2021-12-01', 'Execute full software development life cycle (SDLC), Develop flowcharts, layouts and documentation to identify requirements and solutions, Write well-designed, testable code, Produce specifications and determine operational feasibility', '2023-11-14 04:50:47', '2023-11-14 04:50:47', 0),
(3, 1, 'Twitter', 'Software', 'Senior Software Engineer', '2015-06-01', '2019-12-01', 'Execute full software development life cycle (SDLC), Develop flowcharts, layouts and documentation to identify requirements and solutions, Write well-designed, testable code, Produce specifications and determine operational feasibility', '2023-11-14 04:50:47', '2023-11-14 04:50:47', 0),
(4, 2, 'Google', 'Software', 'Software Engineer', '2021-01-01', '2022-01-01', 'Execute full software development life cycle (SDLC), Develop flowcharts, layouts and documentation to identify requirements and solutions, Write well-designed, testable code, Produce specifications and determine operational feasibility', '2023-11-14 04:50:47', '2023-11-14 04:50:47', 0),
(5, 2, 'Facebook', 'Software', 'Product Manager', '2020-01-01', '2021-12-01', 'Execute full software development life cycle (SDLC), Develop flowcharts, layouts and documentation to identify requirements and solutions, Write well-designed, testable code, Produce specifications and determine operational feasibility', '2023-11-14 04:50:47', '2023-11-14 04:50:47', 0),
(6, 2, 'Twitter', 'Software', 'Senior Software Engineer', '2015-06-01', '2019-12-01', 'Execute full software development life cycle (SDLC), Develop flowcharts, layouts and documentation to identify requirements and solutions, Write well-designed, testable code, Produce specifications and determine operational feasibility', '2023-11-14 04:50:47', '2023-11-14 04:50:47', 0),
(7, 3, 'Google', 'Software', 'Software Engineer', '2021-01-01', '2022-01-01', 'Execute full software development life cycle (SDLC), Develop flowcharts, layouts and documentation to identify requirements and solutions, Write well-designed, testable code, Produce specifications and determine operational feasibility', '2023-11-14 04:50:47', '2023-11-14 04:50:47', 0),
(8, 3, 'Facebook', 'Software', 'Product Manager', '2020-01-01', '2021-12-01', 'Execute full software development life cycle (SDLC), Develop flowcharts, layouts and documentation to identify requirements and solutions, Write well-designed, testable code, Produce specifications and determine operational feasibility', '2023-11-14 04:50:47', '2023-11-14 04:50:47', 0),
(9, 3, 'Twitter', 'Software', 'Senior Software Engineer', '2015-06-01', '2019-12-01', 'Execute full software development life cycle (SDLC), Develop flowcharts, layouts and documentation to identify requirements and solutions, Write well-designed, testable code, Produce specifications and determine operational feasibility', '2023-11-14 04:50:47', '2023-11-14 04:50:47', 0),
(10, 4, 'Google', 'Software', 'Software Engineer', '2021-01-01', '2022-01-01', 'Execute full software development life cycle (SDLC), Develop flowcharts, layouts and documentation to identify requirements and solutions, Write well-designed, testable code, Produce specifications and determine operational feasibility', '2023-11-14 04:50:47', '2023-11-14 04:50:47', 0),
(11, 4, 'Facebook', 'Software', 'Product Manager', '2020-01-01', '2021-12-01', 'Execute full software development life cycle (SDLC), Develop flowcharts, layouts and documentation to identify requirements and solutions, Write well-designed, testable code, Produce specifications and determine operational feasibility', '2023-11-14 04:50:47', '2023-11-14 04:50:47', 0),
(12, 4, 'Twitter', 'Software', 'Senior Software Engineer', '2015-06-01', '2019-12-01', 'Execute full software development life cycle (SDLC), Develop flowcharts, layouts and documentation to identify requirements and solutions, Write well-designed, testable code, Produce specifications and determine operational feasibility', '2023-11-14 04:50:47', '2023-11-14 04:50:47', 0),
(13, 5, 'Google', 'Software', 'Software Engineer', '2021-01-01', '2022-01-01', 'Execute full software development life cycle (SDLC), Develop flowcharts, layouts and documentation to identify requirements and solutions, Write well-designed, testable code, Produce specifications and determine operational feasibility', '2023-11-14 04:50:47', '2023-11-14 04:50:47', 0),
(14, 5, 'Facebook', 'Software', 'Product Manager', '2020-01-01', '2021-12-01', 'Execute full software development life cycle (SDLC), Develop flowcharts, layouts and documentation to identify requirements and solutions, Write well-designed, testable code, Produce specifications and determine operational feasibility', '2023-11-14 04:50:47', '2023-11-14 04:50:47', 0),
(15, 5, 'Twitter', 'Software', 'Senior Software Engineer', '2015-06-01', '2019-12-01', 'Execute full software development life cycle (SDLC), Develop flowcharts, layouts and documentation to identify requirements and solutions, Write well-designed, testable code, Produce specifications and determine operational feasibility', '2023-11-14 04:50:47', '2023-11-14 04:50:47', 0),
(16, 6, 'Google', 'Software', 'Software Engineer', '2021-01-01', '2022-01-01', 'Execute full software development life cycle (SDLC), Develop flowcharts, layouts and documentation to identify requirements and solutions, Write well-designed, testable code, Produce specifications and determine operational feasibility', '2023-11-14 04:50:47', '2023-11-14 04:50:47', 0),
(17, 6, 'Facebook', 'Software', 'Product Manager', '2020-01-01', '2021-12-01', 'Execute full software development life cycle (SDLC), Develop flowcharts, layouts and documentation to identify requirements and solutions, Write well-designed, testable code, Produce specifications and determine operational feasibility', '2023-11-14 04:50:47', '2023-11-14 04:50:47', 0),
(18, 6, 'Twitter', 'Software', 'Senior Software Engineer', '2015-06-01', '2019-12-01', 'Execute full software development life cycle (SDLC), Develop flowcharts, layouts and documentation to identify requirements and solutions, Write well-designed, testable code, Produce specifications and determine operational feasibility', '2023-11-14 04:50:47', '2023-11-14 04:50:47', 0),
(19, 7, 'Google', 'Software', 'Software Engineer', '2021-01-01', '2022-01-01', 'Execute full software development life cycle (SDLC), Develop flowcharts, layouts and documentation to identify requirements and solutions, Write well-designed, testable code, Produce specifications and determine operational feasibility', '2023-11-14 04:50:47', '2023-11-14 04:50:47', 0),
(20, 7, 'Facebook', 'Software', 'Product Manager', '2020-01-01', '2021-12-01', 'Execute full software development life cycle (SDLC), Develop flowcharts, layouts and documentation to identify requirements and solutions, Write well-designed, testable code, Produce specifications and determine operational feasibility', '2023-11-14 04:50:47', '2023-11-14 04:50:47', 0),
(21, 7, 'Twitter', 'Software', 'Senior Software Engineer', '2015-06-01', '2019-12-01', 'Execute full software development life cycle (SDLC), Develop flowcharts, layouts and documentation to identify requirements and solutions, Write well-designed, testable code, Produce specifications and determine operational feasibility', '2023-11-14 04:50:47', '2023-11-14 04:50:47', 0),
(22, 8, 'Google', 'Software', 'Software Engineer', '2021-01-01', '2022-01-01', 'Execute full software development life cycle (SDLC), Develop flowcharts, layouts and documentation to identify requirements and solutions, Write well-designed, testable code, Produce specifications and determine operational feasibility', '2023-11-14 04:50:47', '2023-11-14 04:50:47', 0),
(23, 8, 'Facebook', 'Software', 'Product Manager', '2020-01-01', '2021-12-01', 'Execute full software development life cycle (SDLC), Develop flowcharts, layouts and documentation to identify requirements and solutions, Write well-designed, testable code, Produce specifications and determine operational feasibility', '2023-11-14 04:50:47', '2023-11-14 04:50:47', 0),
(24, 8, 'Twitter', 'Software', 'Senior Software Engineer', '2015-06-01', '2019-12-01', 'Execute full software development life cycle (SDLC), Develop flowcharts, layouts and documentation to identify requirements and solutions, Write well-designed, testable code, Produce specifications and determine operational feasibility', '2023-11-14 04:50:47', '2023-11-14 04:50:47', 0),
(25, 9, 'Google', 'Software', 'Software Engineer', '2021-01-01', '2022-01-01', 'Execute full software development life cycle (SDLC), Develop flowcharts, layouts and documentation to identify requirements and solutions, Write well-designed, testable code, Produce specifications and determine operational feasibility', '2023-11-14 04:50:47', '2023-11-14 04:50:47', 0),
(26, 9, 'Facebook', 'Software', 'Product Manager', '2020-01-01', '2021-12-01', 'Execute full software development life cycle (SDLC), Develop flowcharts, layouts and documentation to identify requirements and solutions, Write well-designed, testable code, Produce specifications and determine operational feasibility', '2023-11-14 04:50:47', '2023-11-14 04:50:47', 0),
(27, 9, 'Twitter', 'Software', 'Senior Software Engineer', '2015-06-01', '2019-12-01', 'Execute full software development life cycle (SDLC), Develop flowcharts, layouts and documentation to identify requirements and solutions, Write well-designed, testable code, Produce specifications and determine operational feasibility', '2023-11-14 04:50:47', '2023-11-14 04:50:47', 0),
(28, 10, 'Google', 'Software', 'Software Engineer', '2021-01-01', '2022-01-01', 'Execute full software development life cycle (SDLC), Develop flowcharts, layouts and documentation to identify requirements and solutions, Write well-designed, testable code, Produce specifications and determine operational feasibility', '2023-11-14 04:50:47', '2023-11-14 04:50:47', 0),
(29, 10, 'Facebook', 'Software', 'Product Manager', '2020-01-01', '2021-12-01', 'Execute full software development life cycle (SDLC), Develop flowcharts, layouts and documentation to identify requirements and solutions, Write well-designed, testable code, Produce specifications and determine operational feasibility', '2023-11-14 04:50:47', '2023-11-14 04:50:47', 0),
(30, 10, 'Twitter', 'Software', 'Senior Software Engineer', '2015-06-01', '2019-12-01', 'Execute full software development life cycle (SDLC), Develop flowcharts, layouts and documentation to identify requirements and solutions, Write well-designed, testable code, Produce specifications and determine operational feasibility', '2023-11-14 04:50:47', '2023-11-14 04:50:47', 0),
(31, 11, 'Google', 'Software', 'Software Engineer', '2021-01-01', '2022-01-01', 'Execute full software development life cycle (SDLC), Develop flowcharts, layouts and documentation to identify requirements and solutions, Write well-designed, testable code, Produce specifications and determine operational feasibility', '2023-11-14 04:50:47', '2023-11-14 04:50:47', 0),
(32, 11, 'Facebook', 'Software', 'Product Manager', '2020-01-01', '2021-12-01', 'Execute full software development life cycle (SDLC), Develop flowcharts, layouts and documentation to identify requirements and solutions, Write well-designed, testable code, Produce specifications and determine operational feasibility', '2023-11-14 04:50:47', '2023-11-14 04:50:47', 0),
(33, 11, 'Twitter', 'Software', 'Senior Software Engineer', '2015-06-01', '2019-12-01', 'Execute full software development life cycle (SDLC), Develop flowcharts, layouts and documentation to identify requirements and solutions, Write well-designed, testable code, Produce specifications and determine operational feasibility', '2023-11-14 04:50:47', '2023-11-14 04:50:47', 0),
(34, 12, 'Google', 'Software', 'Software Engineer', '2021-01-01', '2022-01-01', 'Execute full software development life cycle (SDLC), Develop flowcharts, layouts and documentation to identify requirements and solutions, Write well-designed, testable code, Produce specifications and determine operational feasibility', '2023-11-14 04:50:47', '2023-11-14 04:50:47', 0),
(35, 12, 'Facebook', 'Software', 'Product Manager', '2020-01-01', '2021-12-01', 'Execute full software development life cycle (SDLC), Develop flowcharts, layouts and documentation to identify requirements and solutions, Write well-designed, testable code, Produce specifications and determine operational feasibility', '2023-11-14 04:50:47', '2023-11-14 04:50:47', 0),
(36, 12, 'Twitter', 'Software', 'Senior Software Engineer', '2015-06-01', '2019-12-01', 'Execute full software development life cycle (SDLC), Develop flowcharts, layouts and documentation to identify requirements and solutions, Write well-designed, testable code, Produce specifications and determine operational feasibility', '2023-11-14 04:50:47', '2023-11-14 04:50:47', 0),
(37, 13, 'Google', 'Software', 'Software Engineer', '2021-01-01', '2022-01-01', 'Execute full software development life cycle (SDLC), Develop flowcharts, layouts and documentation to identify requirements and solutions, Write well-designed, testable code, Produce specifications and determine operational feasibility', '2023-11-14 04:50:47', '2023-11-14 04:50:47', 0),
(38, 13, 'Facebook', 'Software', 'Product Manager', '2020-01-01', '2021-12-01', 'Execute full software development life cycle (SDLC), Develop flowcharts, layouts and documentation to identify requirements and solutions, Write well-designed, testable code, Produce specifications and determine operational feasibility', '2023-11-14 04:50:47', '2023-11-14 04:50:47', 0),
(39, 13, 'Twitter', 'Software', 'Senior Software Engineer', '2015-06-01', '2019-12-01', 'Execute full software development life cycle (SDLC), Develop flowcharts, layouts and documentation to identify requirements and solutions, Write well-designed, testable code, Produce specifications and determine operational feasibility', '2023-11-14 04:50:47', '2023-11-14 04:50:47', 0),
(40, 14, 'Google', 'Software', 'Software Engineer', '2021-01-01', '2022-01-01', 'Execute full software development life cycle (SDLC), Develop flowcharts, layouts and documentation to identify requirements and solutions, Write well-designed, testable code, Produce specifications and determine operational feasibility', '2023-11-14 04:50:47', '2023-11-14 04:50:47', 0),
(41, 14, 'Facebook', 'Software', 'Product Manager', '2020-01-01', '2021-12-01', 'Execute full software development life cycle (SDLC), Develop flowcharts, layouts and documentation to identify requirements and solutions, Write well-designed, testable code, Produce specifications and determine operational feasibility', '2023-11-14 04:50:47', '2023-11-14 04:50:47', 0),
(42, 14, 'Twitter', 'Software', 'Senior Software Engineer', '2015-06-01', '2019-12-01', 'Execute full software development life cycle (SDLC), Develop flowcharts, layouts and documentation to identify requirements and solutions, Write well-designed, testable code, Produce specifications and determine operational feasibility', '2023-11-14 04:50:47', '2023-11-14 04:50:47', 0),
(43, 15, 'Google', 'Software', 'Software Engineer', '2021-01-01', '2022-01-01', 'Execute full software development life cycle (SDLC), Develop flowcharts, layouts and documentation to identify requirements and solutions, Write well-designed, testable code, Produce specifications and determine operational feasibility', '2023-11-14 04:50:47', '2023-11-14 04:50:47', 0),
(44, 15, 'Facebook', 'Software', 'Product Manager', '2020-01-01', '2021-12-01', 'Execute full software development life cycle (SDLC), Develop flowcharts, layouts and documentation to identify requirements and solutions, Write well-designed, testable code, Produce specifications and determine operational feasibility', '2023-11-14 04:50:47', '2023-11-14 04:50:47', 0),
(45, 15, 'Twitter', 'Software', 'Senior Software Engineer', '2015-06-01', '2019-12-01', 'Execute full software development life cycle (SDLC), Develop flowcharts, layouts and documentation to identify requirements and solutions, Write well-designed, testable code, Produce specifications and determine operational feasibility', '2023-11-14 04:50:47', '2023-11-14 04:50:47', 0),
(46, 16, 'Google', 'Software', 'Software Engineer', '2021-01-01', '2022-01-01', 'Execute full software development life cycle (SDLC), Develop flowcharts, layouts and documentation to identify requirements and solutions, Write well-designed, testable code, Produce specifications and determine operational feasibility', '2023-11-14 04:50:48', '2023-11-14 04:50:48', 0),
(47, 16, 'Facebook', 'Software', 'Product Manager', '2020-01-01', '2021-12-01', 'Execute full software development life cycle (SDLC), Develop flowcharts, layouts and documentation to identify requirements and solutions, Write well-designed, testable code, Produce specifications and determine operational feasibility', '2023-11-14 04:50:48', '2023-11-14 04:50:48', 0),
(48, 16, 'Twitter', 'Software', 'Senior Software Engineer', '2015-06-01', '2019-12-01', 'Execute full software development life cycle (SDLC), Develop flowcharts, layouts and documentation to identify requirements and solutions, Write well-designed, testable code, Produce specifications and determine operational feasibility', '2023-11-14 04:50:48', '2023-11-14 04:50:48', 0),
(49, 17, 'Google', 'Software', 'Software Engineer', '2021-01-01', '2022-01-01', 'Execute full software development life cycle (SDLC), Develop flowcharts, layouts and documentation to identify requirements and solutions, Write well-designed, testable code, Produce specifications and determine operational feasibility', '2023-11-14 04:50:48', '2023-11-14 04:50:48', 0),
(50, 17, 'Facebook', 'Software', 'Product Manager', '2020-01-01', '2021-12-01', 'Execute full software development life cycle (SDLC), Develop flowcharts, layouts and documentation to identify requirements and solutions, Write well-designed, testable code, Produce specifications and determine operational feasibility', '2023-11-14 04:50:48', '2023-11-14 04:50:48', 0),
(51, 17, 'Twitter', 'Software', 'Senior Software Engineer', '2015-06-01', '2019-12-01', 'Execute full software development life cycle (SDLC), Develop flowcharts, layouts and documentation to identify requirements and solutions, Write well-designed, testable code, Produce specifications and determine operational feasibility', '2023-11-14 04:50:48', '2023-11-14 04:50:48', 0),
(52, 18, 'Google', 'Software', 'Software Engineer', '2021-01-01', '2022-01-01', 'Execute full software development life cycle (SDLC), Develop flowcharts, layouts and documentation to identify requirements and solutions, Write well-designed, testable code, Produce specifications and determine operational feasibility', '2023-11-14 04:50:48', '2023-11-14 04:50:48', 0),
(53, 18, 'Facebook', 'Software', 'Product Manager', '2020-01-01', '2021-12-01', 'Execute full software development life cycle (SDLC), Develop flowcharts, layouts and documentation to identify requirements and solutions, Write well-designed, testable code, Produce specifications and determine operational feasibility', '2023-11-14 04:50:48', '2023-11-14 04:50:48', 0),
(54, 18, 'Twitter', 'Software', 'Senior Software Engineer', '2015-06-01', '2019-12-01', 'Execute full software development life cycle (SDLC), Develop flowcharts, layouts and documentation to identify requirements and solutions, Write well-designed, testable code, Produce specifications and determine operational feasibility', '2023-11-14 04:50:48', '2023-11-14 04:50:48', 0),
(55, 19, 'Google', 'Software', 'Software Engineer', '2021-01-01', '2022-01-01', 'Execute full software development life cycle (SDLC), Develop flowcharts, layouts and documentation to identify requirements and solutions, Write well-designed, testable code, Produce specifications and determine operational feasibility', '2023-11-14 04:50:48', '2023-11-14 04:50:48', 0),
(56, 19, 'Facebook', 'Software', 'Product Manager', '2020-01-01', '2021-12-01', 'Execute full software development life cycle (SDLC), Develop flowcharts, layouts and documentation to identify requirements and solutions, Write well-designed, testable code, Produce specifications and determine operational feasibility', '2023-11-14 04:50:48', '2023-11-14 04:50:48', 0),
(57, 19, 'Twitter', 'Software', 'Senior Software Engineer', '2015-06-01', '2019-12-01', 'Execute full software development life cycle (SDLC), Develop flowcharts, layouts and documentation to identify requirements and solutions, Write well-designed, testable code, Produce specifications and determine operational feasibility', '2023-11-14 04:50:48', '2023-11-14 04:50:48', 0),
(58, 20, 'Google', 'Software', 'Software Engineer', '2021-01-01', '2022-01-01', 'Execute full software development life cycle (SDLC), Develop flowcharts, layouts and documentation to identify requirements and solutions, Write well-designed, testable code, Produce specifications and determine operational feasibility', '2023-11-14 04:50:48', '2023-11-14 04:50:48', 0),
(59, 20, 'Facebook', 'Software', 'Product Manager', '2020-01-01', '2021-12-01', 'Execute full software development life cycle (SDLC), Develop flowcharts, layouts and documentation to identify requirements and solutions, Write well-designed, testable code, Produce specifications and determine operational feasibility', '2023-11-14 04:50:48', '2023-11-14 04:50:48', 0),
(60, 20, 'Twitter', 'Software', 'Senior Software Engineer', '2015-06-01', '2019-12-01', 'Execute full software development life cycle (SDLC), Develop flowcharts, layouts and documentation to identify requirements and solutions, Write well-designed, testable code, Produce specifications and determine operational feasibility', '2023-11-14 04:50:48', '2023-11-14 04:50:48', 0),
(61, 21, 'Google', 'Software', 'Software Engineer', '2021-01-01', '2022-01-01', 'Execute full software development life cycle (SDLC), Develop flowcharts, layouts and documentation to identify requirements and solutions, Write well-designed, testable code, Produce specifications and determine operational feasibility', '2023-11-14 04:50:48', '2023-11-14 04:50:48', 0),
(62, 21, 'Facebook', 'Software', 'Product Manager', '2020-01-01', '2021-12-01', 'Execute full software development life cycle (SDLC), Develop flowcharts, layouts and documentation to identify requirements and solutions, Write well-designed, testable code, Produce specifications and determine operational feasibility', '2023-11-14 04:50:48', '2023-11-14 04:50:48', 0),
(63, 21, 'Twitter', 'Software', 'Senior Software Engineer', '2015-06-01', '2019-12-01', 'Execute full software development life cycle (SDLC), Develop flowcharts, layouts and documentation to identify requirements and solutions, Write well-designed, testable code, Produce specifications and determine operational feasibility', '2023-11-14 04:50:48', '2023-11-14 04:50:48', 0),
(64, 22, 'Google', 'Software', 'Software Engineer', '2021-01-01', '2022-01-01', 'Execute full software development life cycle (SDLC), Develop flowcharts, layouts and documentation to identify requirements and solutions, Write well-designed, testable code, Produce specifications and determine operational feasibility', '2023-11-14 04:50:48', '2023-11-14 04:50:48', 0),
(65, 22, 'Facebook', 'Software', 'Product Manager', '2020-01-01', '2021-12-01', 'Execute full software development life cycle (SDLC), Develop flowcharts, layouts and documentation to identify requirements and solutions, Write well-designed, testable code, Produce specifications and determine operational feasibility', '2023-11-14 04:50:48', '2023-11-14 04:50:48', 0),
(66, 22, 'Twitter', 'Software', 'Senior Software Engineer', '2015-06-01', '2019-12-01', 'Execute full software development life cycle (SDLC), Develop flowcharts, layouts and documentation to identify requirements and solutions, Write well-designed, testable code, Produce specifications and determine operational feasibility', '2023-11-14 04:50:48', '2023-11-14 04:50:48', 0),
(67, 23, 'Google', 'Software', 'Software Engineer', '2021-01-01', '2022-01-01', 'Execute full software development life cycle (SDLC), Develop flowcharts, layouts and documentation to identify requirements and solutions, Write well-designed, testable code, Produce specifications and determine operational feasibility', '2023-11-14 04:50:48', '2023-11-14 04:50:48', 0),
(68, 23, 'Facebook', 'Software', 'Product Manager', '2020-01-01', '2021-12-01', 'Execute full software development life cycle (SDLC), Develop flowcharts, layouts and documentation to identify requirements and solutions, Write well-designed, testable code, Produce specifications and determine operational feasibility', '2023-11-14 04:50:48', '2023-11-14 04:50:48', 0),
(69, 23, 'Twitter', 'Software', 'Senior Software Engineer', '2015-06-01', '2019-12-01', 'Execute full software development life cycle (SDLC), Develop flowcharts, layouts and documentation to identify requirements and solutions, Write well-designed, testable code, Produce specifications and determine operational feasibility', '2023-11-14 04:50:48', '2023-11-14 04:50:48', 0),
(70, 24, 'Google', 'Software', 'Software Engineer', '2021-01-01', '2022-01-01', 'Execute full software development life cycle (SDLC), Develop flowcharts, layouts and documentation to identify requirements and solutions, Write well-designed, testable code, Produce specifications and determine operational feasibility', '2023-11-14 04:50:48', '2023-11-14 04:50:48', 0),
(71, 24, 'Facebook', 'Software', 'Product Manager', '2020-01-01', '2021-12-01', 'Execute full software development life cycle (SDLC), Develop flowcharts, layouts and documentation to identify requirements and solutions, Write well-designed, testable code, Produce specifications and determine operational feasibility', '2023-11-14 04:50:48', '2023-11-14 04:50:48', 0),
(72, 24, 'Twitter', 'Software', 'Senior Software Engineer', '2015-06-01', '2019-12-01', 'Execute full software development life cycle (SDLC), Develop flowcharts, layouts and documentation to identify requirements and solutions, Write well-designed, testable code, Produce specifications and determine operational feasibility', '2023-11-14 04:50:48', '2023-11-14 04:50:48', 0),
(73, 25, 'Google', 'Software', 'Software Engineer', '2021-01-01', '2022-01-01', 'Execute full software development life cycle (SDLC), Develop flowcharts, layouts and documentation to identify requirements and solutions, Write well-designed, testable code, Produce specifications and determine operational feasibility', '2023-11-14 04:50:48', '2023-11-14 04:50:48', 0),
(74, 25, 'Facebook', 'Software', 'Product Manager', '2020-01-01', '2021-12-01', 'Execute full software development life cycle (SDLC), Develop flowcharts, layouts and documentation to identify requirements and solutions, Write well-designed, testable code, Produce specifications and determine operational feasibility', '2023-11-14 04:50:48', '2023-11-14 04:50:48', 0),
(75, 25, 'Twitter', 'Software', 'Senior Software Engineer', '2015-06-01', '2019-12-01', 'Execute full software development life cycle (SDLC), Develop flowcharts, layouts and documentation to identify requirements and solutions, Write well-designed, testable code, Produce specifications and determine operational feasibility', '2023-11-14 04:50:48', '2023-11-14 04:50:48', 0),
(76, 26, 'Google', 'Software', 'Software Engineer', '2021-01-01', '2022-01-01', 'Execute full software development life cycle (SDLC), Develop flowcharts, layouts and documentation to identify requirements and solutions, Write well-designed, testable code, Produce specifications and determine operational feasibility', '2023-11-14 04:50:48', '2023-11-14 04:50:48', 0),
(77, 26, 'Facebook', 'Software', 'Product Manager', '2020-01-01', '2021-12-01', 'Execute full software development life cycle (SDLC), Develop flowcharts, layouts and documentation to identify requirements and solutions, Write well-designed, testable code, Produce specifications and determine operational feasibility', '2023-11-14 04:50:48', '2023-11-14 04:50:48', 0),
(78, 26, 'Twitter', 'Software', 'Senior Software Engineer', '2015-06-01', '2019-12-01', 'Execute full software development life cycle (SDLC), Develop flowcharts, layouts and documentation to identify requirements and solutions, Write well-designed, testable code, Produce specifications and determine operational feasibility', '2023-11-14 04:50:48', '2023-11-14 04:50:48', 0),
(79, 27, 'Google', 'Software', 'Software Engineer', '2021-01-01', '2022-01-01', 'Execute full software development life cycle (SDLC), Develop flowcharts, layouts and documentation to identify requirements and solutions, Write well-designed, testable code, Produce specifications and determine operational feasibility', '2023-11-14 04:50:48', '2023-11-14 04:50:48', 0),
(80, 27, 'Facebook', 'Software', 'Product Manager', '2020-01-01', '2021-12-01', 'Execute full software development life cycle (SDLC), Develop flowcharts, layouts and documentation to identify requirements and solutions, Write well-designed, testable code, Produce specifications and determine operational feasibility', '2023-11-14 04:50:48', '2023-11-14 04:50:48', 0),
(81, 27, 'Twitter', 'Software', 'Senior Software Engineer', '2015-06-01', '2019-12-01', 'Execute full software development life cycle (SDLC), Develop flowcharts, layouts and documentation to identify requirements and solutions, Write well-designed, testable code, Produce specifications and determine operational feasibility', '2023-11-14 04:50:48', '2023-11-14 04:50:48', 0),
(82, 28, 'Google', 'Software', 'Software Engineer', '2021-01-01', '2022-01-01', 'Execute full software development life cycle (SDLC), Develop flowcharts, layouts and documentation to identify requirements and solutions, Write well-designed, testable code, Produce specifications and determine operational feasibility', '2023-11-14 04:50:48', '2023-11-14 04:50:48', 0),
(83, 28, 'Facebook', 'Software', 'Product Manager', '2020-01-01', '2021-12-01', 'Execute full software development life cycle (SDLC), Develop flowcharts, layouts and documentation to identify requirements and solutions, Write well-designed, testable code, Produce specifications and determine operational feasibility', '2023-11-14 04:50:48', '2023-11-14 04:50:48', 0),
(84, 28, 'Twitter', 'Software', 'Senior Software Engineer', '2015-06-01', '2019-12-01', 'Execute full software development life cycle (SDLC), Develop flowcharts, layouts and documentation to identify requirements and solutions, Write well-designed, testable code, Produce specifications and determine operational feasibility', '2023-11-14 04:50:48', '2023-11-14 04:50:48', 0),
(85, 29, 'Google', 'Software', 'Software Engineer', '2021-01-01', '2022-01-01', 'Execute full software development life cycle (SDLC), Develop flowcharts, layouts and documentation to identify requirements and solutions, Write well-designed, testable code, Produce specifications and determine operational feasibility', '2023-11-14 04:50:48', '2023-11-14 04:50:48', 0),
(86, 29, 'Facebook', 'Software', 'Product Manager', '2020-01-01', '2021-12-01', 'Execute full software development life cycle (SDLC), Develop flowcharts, layouts and documentation to identify requirements and solutions, Write well-designed, testable code, Produce specifications and determine operational feasibility', '2023-11-14 04:50:48', '2023-11-14 04:50:48', 0),
(87, 29, 'Twitter', 'Software', 'Senior Software Engineer', '2015-06-01', '2019-12-01', 'Execute full software development life cycle (SDLC), Develop flowcharts, layouts and documentation to identify requirements and solutions, Write well-designed, testable code, Produce specifications and determine operational feasibility', '2023-11-14 04:50:48', '2023-11-14 04:50:48', 0),
(88, 30, 'Google', 'Software', 'Software Engineer', '2021-01-01', '2022-01-01', 'Execute full software development life cycle (SDLC), Develop flowcharts, layouts and documentation to identify requirements and solutions, Write well-designed, testable code, Produce specifications and determine operational feasibility', '2023-11-14 04:50:48', '2023-11-14 04:50:48', 0),
(89, 30, 'Facebook', 'Software', 'Product Manager', '2020-01-01', '2021-12-01', 'Execute full software development life cycle (SDLC), Develop flowcharts, layouts and documentation to identify requirements and solutions, Write well-designed, testable code, Produce specifications and determine operational feasibility', '2023-11-14 04:50:48', '2023-11-14 04:50:48', 0),
(90, 30, 'Twitter', 'Software', 'Senior Software Engineer', '2015-06-01', '2019-12-01', 'Execute full software development life cycle (SDLC), Develop flowcharts, layouts and documentation to identify requirements and solutions, Write well-designed, testable code, Produce specifications and determine operational feasibility', '2023-11-14 04:50:48', '2023-11-14 04:50:48', 0),
(91, 31, 'Google', 'Software', 'Software Engineer', '2021-01-01', '2022-01-01', 'Execute full software development life cycle (SDLC), Develop flowcharts, layouts and documentation to identify requirements and solutions, Write well-designed, testable code, Produce specifications and determine operational feasibility', '2023-11-14 04:50:48', '2023-11-14 04:50:48', 0),
(92, 31, 'Facebook', 'Software', 'Product Manager', '2020-01-01', '2021-12-01', 'Execute full software development life cycle (SDLC), Develop flowcharts, layouts and documentation to identify requirements and solutions, Write well-designed, testable code, Produce specifications and determine operational feasibility', '2023-11-14 04:50:48', '2023-11-14 04:50:48', 0),
(93, 31, 'Twitter', 'Software', 'Senior Software Engineer', '2015-06-01', '2019-12-01', 'Execute full software development life cycle (SDLC), Develop flowcharts, layouts and documentation to identify requirements and solutions, Write well-designed, testable code, Produce specifications and determine operational feasibility', '2023-11-14 04:50:48', '2023-11-14 04:50:48', 0);

-- --------------------------------------------------------

--
-- Table structure for table `candidate_job_alerts`
--

CREATE TABLE `candidate_job_alerts` (
  `id` bigint UNSIGNED NOT NULL,
  `candidate_id` bigint UNSIGNED NOT NULL,
  `job_role_id` bigint UNSIGNED NOT NULL,
  `created_at` timestamp NULL DEFAULT NULL,
  `updated_at` timestamp NULL DEFAULT NULL
) ENGINE=InnoDB DEFAULT CHARSET=utf8mb4 COLLATE=utf8mb4_unicode_ci;

-- --------------------------------------------------------

--
-- Table structure for table `candidate_language`
--

CREATE TABLE `candidate_language` (
  `id` bigint UNSIGNED NOT NULL,
  `candidate_id` bigint UNSIGNED NOT NULL,
  `candidate_language_id` bigint UNSIGNED NOT NULL,
  `created_at` timestamp NULL DEFAULT NULL,
  `updated_at` timestamp NULL DEFAULT NULL
) ENGINE=InnoDB DEFAULT CHARSET=utf8mb4 COLLATE=utf8mb4_unicode_ci;

--
-- Dumping data for table `candidate_language`
--

INSERT INTO `candidate_language` (`id`, `candidate_id`, `candidate_language_id`, `created_at`, `updated_at`) VALUES
(1, 1, 69, NULL, NULL),
(2, 1, 88, NULL, NULL),
(3, 2, 36, NULL, NULL),
(4, 2, 173, NULL, NULL),
(5, 3, 33, NULL, NULL),
(6, 3, 158, NULL, NULL),
(7, 4, 124, NULL, NULL),
(8, 4, 140, NULL, NULL),
(9, 5, 63, NULL, NULL),
(10, 5, 150, NULL, NULL),
(11, 6, 4, NULL, NULL),
(12, 6, 154, NULL, NULL),
(13, 7, 66, NULL, NULL),
(14, 7, 86, NULL, NULL),
(15, 8, 28, NULL, NULL),
(16, 8, 169, NULL, NULL),
(17, 9, 13, NULL, NULL),
(18, 9, 46, NULL, NULL),
(19, 10, 18, NULL, NULL),
(20, 10, 134, NULL, NULL),
(21, 11, 120, NULL, NULL),
(22, 11, 142, NULL, NULL),
(23, 12, 51, NULL, NULL),
(24, 12, 99, NULL, NULL),
(25, 13, 81, NULL, NULL),
(26, 13, 86, NULL, NULL),
(27, 14, 106, NULL, NULL),
(28, 14, 166, NULL, NULL),
(29, 15, 37, NULL, NULL),
(30, 15, 78, NULL, NULL),
(31, 16, 18, NULL, NULL),
(32, 16, 173, NULL, NULL),
(33, 17, 74, NULL, NULL),
(34, 17, 146, NULL, NULL),
(35, 18, 133, NULL, NULL),
(36, 18, 175, NULL, NULL),
(37, 19, 78, NULL, NULL),
(38, 19, 125, NULL, NULL),
(39, 20, 86, NULL, NULL),
(40, 20, 120, NULL, NULL),
(41, 21, 38, NULL, NULL),
(42, 21, 135, NULL, NULL),
(43, 22, 61, NULL, NULL),
(44, 22, 123, NULL, NULL),
(45, 23, 13, NULL, NULL),
(46, 23, 129, NULL, NULL),
(47, 24, 43, NULL, NULL),
(48, 24, 74, NULL, NULL),
(49, 25, 23, NULL, NULL),
(50, 25, 147, NULL, NULL),
(51, 26, 2, NULL, NULL),
(52, 26, 146, NULL, NULL),
(53, 27, 7, NULL, NULL),
(54, 27, 23, NULL, NULL),
(55, 28, 13, NULL, NULL),
(56, 28, 59, NULL, NULL),
(57, 29, 1, NULL, NULL),
(58, 29, 27, NULL, NULL),
(59, 30, 49, NULL, NULL),
(60, 30, 102, NULL, NULL),
(61, 31, 7, NULL, NULL),
(62, 31, 96, NULL, NULL);

-- --------------------------------------------------------

--
-- Table structure for table `candidate_languages`
--

CREATE TABLE `candidate_languages` (
  `id` bigint UNSIGNED NOT NULL,
  `name` varchar(255) COLLATE utf8mb4_unicode_ci NOT NULL,
  `slug` varchar(255) COLLATE utf8mb4_unicode_ci NOT NULL,
  `created_at` timestamp NULL DEFAULT NULL,
  `updated_at` timestamp NULL DEFAULT NULL
) ENGINE=InnoDB DEFAULT CHARSET=utf8mb4 COLLATE=utf8mb4_unicode_ci;

--
-- Dumping data for table `candidate_languages`
--

INSERT INTO `candidate_languages` (`id`, `name`, `slug`, `created_at`, `updated_at`) VALUES
(1, 'Abkhaz', 'abkhaz', '2023-11-14 04:50:46', '2023-11-14 04:50:46'),
(2, 'Afar', 'afar', '2023-11-14 04:50:46', '2023-11-14 04:50:46'),
(3, 'Afrikaans', 'afrikaans', '2023-11-14 04:50:46', '2023-11-14 04:50:46'),
(4, 'Akan', 'akan', '2023-11-14 04:50:46', '2023-11-14 04:50:46'),
(5, 'Albanian', 'albanian', '2023-11-14 04:50:46', '2023-11-14 04:50:46'),
(6, 'Amharic', 'amharic', '2023-11-14 04:50:46', '2023-11-14 04:50:46'),
(7, 'Arabic', 'arabic', '2023-11-14 04:50:46', '2023-11-14 04:50:46'),
(8, 'Aragonese', 'aragonese', '2023-11-14 04:50:46', '2023-11-14 04:50:46'),
(9, 'Armenian', 'armenian', '2023-11-14 04:50:46', '2023-11-14 04:50:46'),
(10, 'Assamese', 'assamese', '2023-11-14 04:50:46', '2023-11-14 04:50:46'),
(11, 'Avaric', 'avaric', '2023-11-14 04:50:46', '2023-11-14 04:50:46'),
(12, 'Avestan', 'avestan', '2023-11-14 04:50:46', '2023-11-14 04:50:46'),
(13, 'Aymara', 'aymara', '2023-11-14 04:50:46', '2023-11-14 04:50:46'),
(14, 'Azerbaijani', 'azerbaijani', '2023-11-14 04:50:46', '2023-11-14 04:50:46'),
(15, 'Bambara', 'bambara', '2023-11-14 04:50:46', '2023-11-14 04:50:46'),
(16, 'Bashkir', 'bashkir', '2023-11-14 04:50:46', '2023-11-14 04:50:46'),
(17, 'Basque', 'basque', '2023-11-14 04:50:46', '2023-11-14 04:50:46'),
(18, 'Belarusian', 'belarusian', '2023-11-14 04:50:46', '2023-11-14 04:50:46'),
(19, 'Bengali', 'bengali', '2023-11-14 04:50:46', '2023-11-14 04:50:46'),
(20, 'Bihari', 'bihari', '2023-11-14 04:50:46', '2023-11-14 04:50:46'),
(21, 'Bislama', 'bislama', '2023-11-14 04:50:46', '2023-11-14 04:50:46'),
(22, 'Bosnian', 'bosnian', '2023-11-14 04:50:46', '2023-11-14 04:50:46'),
(23, 'Breton', 'breton', '2023-11-14 04:50:46', '2023-11-14 04:50:46'),
(24, 'Bulgarian', 'bulgarian', '2023-11-14 04:50:46', '2023-11-14 04:50:46'),
(25, 'Burmese', 'burmese', '2023-11-14 04:50:46', '2023-11-14 04:50:46'),
(26, 'Catalan; Valencian', 'catalan-valencian', '2023-11-14 04:50:46', '2023-11-14 04:50:46'),
(27, 'Chamorro', 'chamorro', '2023-11-14 04:50:46', '2023-11-14 04:50:46'),
(28, 'Chechen', 'chechen', '2023-11-14 04:50:46', '2023-11-14 04:50:46'),
(29, 'Chichewa; Chewa; Nyanja', 'chichewa-chewa-nyanja', '2023-11-14 04:50:46', '2023-11-14 04:50:46'),
(30, 'Chinese', 'chinese', '2023-11-14 04:50:46', '2023-11-14 04:50:46'),
(31, 'Chuvash', 'chuvash', '2023-11-14 04:50:46', '2023-11-14 04:50:46'),
(32, 'Cornish', 'cornish', '2023-11-14 04:50:46', '2023-11-14 04:50:46'),
(33, 'Corsican', 'corsican', '2023-11-14 04:50:46', '2023-11-14 04:50:46'),
(34, 'Cree', 'cree', '2023-11-14 04:50:46', '2023-11-14 04:50:46'),
(35, 'Croatian', 'croatian', '2023-11-14 04:50:46', '2023-11-14 04:50:46'),
(36, 'Czech', 'czech', '2023-11-14 04:50:46', '2023-11-14 04:50:46'),
(37, 'Danish', 'danish', '2023-11-14 04:50:47', '2023-11-14 04:50:47'),
(38, 'Divehi; Dhivehi; Maldivian;', 'divehi-dhivehi-maldivian', '2023-11-14 04:50:47', '2023-11-14 04:50:47'),
(39, 'Dutch', 'dutch', '2023-11-14 04:50:47', '2023-11-14 04:50:47'),
(40, 'English', 'english', '2023-11-14 04:50:47', '2023-11-14 04:50:47'),
(41, 'Esperanto', 'esperanto', '2023-11-14 04:50:47', '2023-11-14 04:50:47'),
(42, 'Estonian', 'estonian', '2023-11-14 04:50:47', '2023-11-14 04:50:47'),
(43, 'Ewe', 'ewe', '2023-11-14 04:50:47', '2023-11-14 04:50:47'),
(44, 'Faroese', 'faroese', '2023-11-14 04:50:47', '2023-11-14 04:50:47'),
(45, 'Fijian', 'fijian', '2023-11-14 04:50:47', '2023-11-14 04:50:47'),
(46, 'Finnish', 'finnish', '2023-11-14 04:50:47', '2023-11-14 04:50:47'),
(47, 'French', 'french', '2023-11-14 04:50:47', '2023-11-14 04:50:47'),
(48, 'Fula; Fulah; Pulaar; Pular', 'fula-fulah-pulaar-pular', '2023-11-14 04:50:47', '2023-11-14 04:50:47'),
(49, 'Galician', 'galician', '2023-11-14 04:50:47', '2023-11-14 04:50:47'),
(50, 'Georgian', 'georgian', '2023-11-14 04:50:47', '2023-11-14 04:50:47'),
(51, 'German', 'german', '2023-11-14 04:50:47', '2023-11-14 04:50:47'),
(52, 'Greek, Modern', 'greek-modern', '2023-11-14 04:50:47', '2023-11-14 04:50:47'),
(53, 'Guaraní', 'guarani', '2023-11-14 04:50:47', '2023-11-14 04:50:47'),
(54, 'Gujarati', 'gujarati', '2023-11-14 04:50:47', '2023-11-14 04:50:47'),
(55, 'Haitian; Haitian Creole', 'haitian-haitian-creole', '2023-11-14 04:50:47', '2023-11-14 04:50:47'),
(56, 'Hausa', 'hausa', '2023-11-14 04:50:47', '2023-11-14 04:50:47'),
(57, 'Hebrew', 'hebrew', '2023-11-14 04:50:47', '2023-11-14 04:50:47'),
(58, 'Hebrew', 'hebrew', '2023-11-14 04:50:47', '2023-11-14 04:50:47'),
(59, 'Herero', 'herero', '2023-11-14 04:50:47', '2023-11-14 04:50:47'),
(60, 'Hindi', 'hindi', '2023-11-14 04:50:47', '2023-11-14 04:50:47'),
(61, 'Hiri Motu', 'hiri-motu', '2023-11-14 04:50:47', '2023-11-14 04:50:47'),
(62, 'Hungarian', 'hungarian', '2023-11-14 04:50:47', '2023-11-14 04:50:47'),
(63, 'Interlingua', 'interlingua', '2023-11-14 04:50:47', '2023-11-14 04:50:47'),
(64, 'Indonesian', 'indonesian', '2023-11-14 04:50:47', '2023-11-14 04:50:47'),
(65, 'Interlingue', 'interlingue', '2023-11-14 04:50:47', '2023-11-14 04:50:47'),
(66, 'Irish', 'irish', '2023-11-14 04:50:47', '2023-11-14 04:50:47'),
(67, 'Igbo', 'igbo', '2023-11-14 04:50:47', '2023-11-14 04:50:47'),
(68, 'Inupiaq', 'inupiaq', '2023-11-14 04:50:47', '2023-11-14 04:50:47'),
(69, 'Ido', 'ido', '2023-11-14 04:50:47', '2023-11-14 04:50:47'),
(70, 'Icelandic', 'icelandic', '2023-11-14 04:50:47', '2023-11-14 04:50:47'),
(71, 'Italian', 'italian', '2023-11-14 04:50:47', '2023-11-14 04:50:47'),
(72, 'Inuktitut', 'inuktitut', '2023-11-14 04:50:47', '2023-11-14 04:50:47'),
(73, 'Japanese', 'japanese', '2023-11-14 04:50:47', '2023-11-14 04:50:47'),
(74, 'Javanese', 'javanese', '2023-11-14 04:50:47', '2023-11-14 04:50:47'),
(75, 'Kalaallisut, Greenlandic', 'kalaallisut-greenlandic', '2023-11-14 04:50:47', '2023-11-14 04:50:47'),
(76, 'Kannada', 'kannada', '2023-11-14 04:50:47', '2023-11-14 04:50:47'),
(77, 'Kanuri', 'kanuri', '2023-11-14 04:50:47', '2023-11-14 04:50:47'),
(78, 'Kashmiri', 'kashmiri', '2023-11-14 04:50:47', '2023-11-14 04:50:47'),
(79, 'Kazakh', 'kazakh', '2023-11-14 04:50:47', '2023-11-14 04:50:47'),
(80, 'Khmer', 'khmer', '2023-11-14 04:50:47', '2023-11-14 04:50:47'),
(81, 'Kikuyu, Gikuyu', 'kikuyu-gikuyu', '2023-11-14 04:50:47', '2023-11-14 04:50:47'),
(82, 'Kinyarwanda', 'kinyarwanda', '2023-11-14 04:50:47', '2023-11-14 04:50:47'),
(83, 'Kirghiz, Kyrgyz', 'kirghiz-kyrgyz', '2023-11-14 04:50:47', '2023-11-14 04:50:47'),
(84, 'Komi', 'komi', '2023-11-14 04:50:47', '2023-11-14 04:50:47'),
(85, 'Kongo', 'kongo', '2023-11-14 04:50:47', '2023-11-14 04:50:47'),
(86, 'Korean', 'korean', '2023-11-14 04:50:47', '2023-11-14 04:50:47'),
(87, 'Kurdish', 'kurdish', '2023-11-14 04:50:47', '2023-11-14 04:50:47'),
(88, 'Kwanyama, Kuanyama', 'kwanyama-kuanyama', '2023-11-14 04:50:47', '2023-11-14 04:50:47'),
(89, 'Latin', 'latin', '2023-11-14 04:50:47', '2023-11-14 04:50:47'),
(90, 'Luxembourgish, Letzeburgesch', 'luxembourgish-letzeburgesch', '2023-11-14 04:50:47', '2023-11-14 04:50:47'),
(91, 'Luganda', 'luganda', '2023-11-14 04:50:47', '2023-11-14 04:50:47'),
(92, 'Limburgish, Limburgan, Limburger', 'limburgish-limburgan-limburger', '2023-11-14 04:50:47', '2023-11-14 04:50:47'),
(93, 'Lingala', 'lingala', '2023-11-14 04:50:47', '2023-11-14 04:50:47'),
(94, 'Lao', 'lao', '2023-11-14 04:50:47', '2023-11-14 04:50:47'),
(95, 'Lithuanian', 'lithuanian', '2023-11-14 04:50:47', '2023-11-14 04:50:47'),
(96, 'Luba-Katanga', 'luba-katanga', '2023-11-14 04:50:47', '2023-11-14 04:50:47'),
(97, 'Latvian', 'latvian', '2023-11-14 04:50:47', '2023-11-14 04:50:47'),
(98, 'Manx', 'manx', '2023-11-14 04:50:47', '2023-11-14 04:50:47'),
(99, 'Macedonian', 'macedonian', '2023-11-14 04:50:47', '2023-11-14 04:50:47'),
(100, 'Malagasy', 'malagasy', '2023-11-14 04:50:47', '2023-11-14 04:50:47'),
(101, 'Malay', 'malay', '2023-11-14 04:50:47', '2023-11-14 04:50:47'),
(102, 'Malayalam', 'malayalam', '2023-11-14 04:50:47', '2023-11-14 04:50:47'),
(103, 'Maltese', 'maltese', '2023-11-14 04:50:47', '2023-11-14 04:50:47'),
(104, 'Māori', 'maori', '2023-11-14 04:50:47', '2023-11-14 04:50:47'),
(105, 'Marathi (Marāṭhī)', 'marathi-marathi', '2023-11-14 04:50:47', '2023-11-14 04:50:47'),
(106, 'Marshallese', 'marshallese', '2023-11-14 04:50:47', '2023-11-14 04:50:47'),
(107, 'Mongolian', 'mongolian', '2023-11-14 04:50:47', '2023-11-14 04:50:47'),
(108, 'Nauru', 'nauru', '2023-11-14 04:50:47', '2023-11-14 04:50:47'),
(109, 'Navajo, Navaho', 'navajo-navaho', '2023-11-14 04:50:47', '2023-11-14 04:50:47'),
(110, 'Norwegian Bokmål', 'norwegian-bokmal', '2023-11-14 04:50:47', '2023-11-14 04:50:47'),
(111, 'North Ndebele', 'north-ndebele', '2023-11-14 04:50:47', '2023-11-14 04:50:47'),
(112, 'Nepali', 'nepali', '2023-11-14 04:50:47', '2023-11-14 04:50:47'),
(113, 'Ndonga', 'ndonga', '2023-11-14 04:50:47', '2023-11-14 04:50:47'),
(114, 'Norwegian Nynorsk', 'norwegian-nynorsk', '2023-11-14 04:50:47', '2023-11-14 04:50:47'),
(115, 'Norwegian', 'norwegian', '2023-11-14 04:50:47', '2023-11-14 04:50:47'),
(116, 'Nuosu', 'nuosu', '2023-11-14 04:50:47', '2023-11-14 04:50:47'),
(117, 'South Ndebele', 'south-ndebele', '2023-11-14 04:50:47', '2023-11-14 04:50:47'),
(118, 'Occitan', 'occitan', '2023-11-14 04:50:47', '2023-11-14 04:50:47'),
(119, 'Ojibwe, Ojibwa', 'ojibwe-ojibwa', '2023-11-14 04:50:47', '2023-11-14 04:50:47'),
(120, 'Old Church Slavonic, Church Slavic, Church Slavonic, Old Bulgarian, Old Slavonic', 'old-church-slavonic-church-slavic-church-slavonic-old-bulgarian-old-slavonic', '2023-11-14 04:50:47', '2023-11-14 04:50:47'),
(121, 'Oromo', 'oromo', '2023-11-14 04:50:47', '2023-11-14 04:50:47'),
(122, 'Oriya', 'oriya', '2023-11-14 04:50:47', '2023-11-14 04:50:47'),
(123, 'Ossetian, Ossetic', 'ossetian-ossetic', '2023-11-14 04:50:47', '2023-11-14 04:50:47'),
(124, 'Panjabi, Punjabi', 'panjabi-punjabi', '2023-11-14 04:50:47', '2023-11-14 04:50:47'),
(125, 'Pāli', 'pali', '2023-11-14 04:50:47', '2023-11-14 04:50:47'),
(126, 'Persian', 'persian', '2023-11-14 04:50:47', '2023-11-14 04:50:47'),
(127, 'Polish', 'polish', '2023-11-14 04:50:47', '2023-11-14 04:50:47'),
(128, 'Pashto, Pushto', 'pashto-pushto', '2023-11-14 04:50:47', '2023-11-14 04:50:47'),
(129, 'Portuguese', 'portuguese', '2023-11-14 04:50:47', '2023-11-14 04:50:47'),
(130, 'Quechua', 'quechua', '2023-11-14 04:50:47', '2023-11-14 04:50:47'),
(131, 'Romansh', 'romansh', '2023-11-14 04:50:47', '2023-11-14 04:50:47'),
(132, 'Kirundi', 'kirundi', '2023-11-14 04:50:47', '2023-11-14 04:50:47'),
(133, 'Romanian, Moldavian, Moldovan', 'romanian-moldavian-moldovan', '2023-11-14 04:50:47', '2023-11-14 04:50:47'),
(134, 'Russian', 'russian', '2023-11-14 04:50:47', '2023-11-14 04:50:47'),
(135, 'Sanskrit (Saṁskṛta)', 'sanskrit-saskta', '2023-11-14 04:50:47', '2023-11-14 04:50:47'),
(136, 'Sardinian', 'sardinian', '2023-11-14 04:50:47', '2023-11-14 04:50:47'),
(137, 'Sindhi', 'sindhi', '2023-11-14 04:50:47', '2023-11-14 04:50:47'),
(138, 'Northern Sami', 'northern-sami', '2023-11-14 04:50:47', '2023-11-14 04:50:47'),
(139, 'Samoan', 'samoan', '2023-11-14 04:50:47', '2023-11-14 04:50:47'),
(140, 'Sango', 'sango', '2023-11-14 04:50:47', '2023-11-14 04:50:47'),
(141, 'Serbian', 'serbian', '2023-11-14 04:50:47', '2023-11-14 04:50:47'),
(142, 'Scottish Gaelic; Gaelic', 'scottish-gaelic-gaelic', '2023-11-14 04:50:47', '2023-11-14 04:50:47'),
(143, 'Shona', 'shona', '2023-11-14 04:50:47', '2023-11-14 04:50:47'),
(144, 'Sinhala, Sinhalese', 'sinhala-sinhalese', '2023-11-14 04:50:47', '2023-11-14 04:50:47'),
(145, 'Slovak', 'slovak', '2023-11-14 04:50:47', '2023-11-14 04:50:47'),
(146, 'Slovene', 'slovene', '2023-11-14 04:50:47', '2023-11-14 04:50:47'),
(147, 'Somali', 'somali', '2023-11-14 04:50:47', '2023-11-14 04:50:47'),
(148, 'Southern Sotho', 'southern-sotho', '2023-11-14 04:50:47', '2023-11-14 04:50:47'),
(149, 'Spanish; Castilian', 'spanish-castilian', '2023-11-14 04:50:47', '2023-11-14 04:50:47'),
(150, 'Sundanese', 'sundanese', '2023-11-14 04:50:47', '2023-11-14 04:50:47'),
(151, 'Swahili', 'swahili', '2023-11-14 04:50:47', '2023-11-14 04:50:47'),
(152, 'Swati', 'swati', '2023-11-14 04:50:47', '2023-11-14 04:50:47'),
(153, 'Swedish', 'swedish', '2023-11-14 04:50:47', '2023-11-14 04:50:47'),
(154, 'Tamil', 'tamil', '2023-11-14 04:50:47', '2023-11-14 04:50:47'),
(155, 'Telugu', 'telugu', '2023-11-14 04:50:47', '2023-11-14 04:50:47'),
(156, 'Tajik', 'tajik', '2023-11-14 04:50:47', '2023-11-14 04:50:47'),
(157, 'Thai', 'thai', '2023-11-14 04:50:47', '2023-11-14 04:50:47'),
(158, 'Tigrinya', 'tigrinya', '2023-11-14 04:50:47', '2023-11-14 04:50:47'),
(159, 'Tibetan Standard, Tibetan, Central', 'tibetan-standard-tibetan-central', '2023-11-14 04:50:47', '2023-11-14 04:50:47'),
(160, 'Turkmen', 'turkmen', '2023-11-14 04:50:47', '2023-11-14 04:50:47'),
(161, 'Tagalog', 'tagalog', '2023-11-14 04:50:47', '2023-11-14 04:50:47'),
(162, 'Tswana', 'tswana', '2023-11-14 04:50:47', '2023-11-14 04:50:47'),
(163, 'Tonga (Tonga Islands)', 'tonga-tonga-islands', '2023-11-14 04:50:47', '2023-11-14 04:50:47'),
(164, 'Turkish', 'turkish', '2023-11-14 04:50:47', '2023-11-14 04:50:47'),
(165, 'Tsonga', 'tsonga', '2023-11-14 04:50:47', '2023-11-14 04:50:47'),
(166, 'Tatar', 'tatar', '2023-11-14 04:50:47', '2023-11-14 04:50:47'),
(167, 'Twi', 'twi', '2023-11-14 04:50:47', '2023-11-14 04:50:47'),
(168, 'Tahitian', 'tahitian', '2023-11-14 04:50:47', '2023-11-14 04:50:47'),
(169, 'Uighur, Uyghur', 'uighur-uyghur', '2023-11-14 04:50:47', '2023-11-14 04:50:47'),
(170, 'Ukrainian', 'ukrainian', '2023-11-14 04:50:47', '2023-11-14 04:50:47'),
(171, 'Urdu', 'urdu', '2023-11-14 04:50:47', '2023-11-14 04:50:47'),
(172, 'Uzbek', 'uzbek', '2023-11-14 04:50:47', '2023-11-14 04:50:47'),
(173, 'Venda', 'venda', '2023-11-14 04:50:47', '2023-11-14 04:50:47'),
(174, 'Vietnamese', 'vietnamese', '2023-11-14 04:50:47', '2023-11-14 04:50:47'),
(175, 'Volapük', 'volapuk', '2023-11-14 04:50:47', '2023-11-14 04:50:47'),
(176, 'Walloon', 'walloon', '2023-11-14 04:50:47', '2023-11-14 04:50:47'),
(177, 'Welsh', 'welsh', '2023-11-14 04:50:47', '2023-11-14 04:50:47'),
(178, 'Wolof', 'wolof', '2023-11-14 04:50:47', '2023-11-14 04:50:47'),
(179, 'Western Frisian', 'western-frisian', '2023-11-14 04:50:47', '2023-11-14 04:50:47'),
(180, 'Xhosa', 'xhosa', '2023-11-14 04:50:47', '2023-11-14 04:50:47'),
(181, 'Yiddish', 'yiddish', '2023-11-14 04:50:47', '2023-11-14 04:50:47'),
(182, 'Yoruba', 'yoruba', '2023-11-14 04:50:47', '2023-11-14 04:50:47'),
(183, 'Zhuang, Chuang', 'zhuang-chuang', '2023-11-14 04:50:47', '2023-11-14 04:50:47');

-- --------------------------------------------------------

--
-- Table structure for table `candidate_resumes`
--

CREATE TABLE `candidate_resumes` (
  `id` bigint UNSIGNED NOT NULL,
  `candidate_id` bigint UNSIGNED NOT NULL,
  `name` varchar(255) COLLATE utf8mb4_unicode_ci NOT NULL,
  `file` varchar(255) COLLATE utf8mb4_unicode_ci NOT NULL,
  `created_at` timestamp NULL DEFAULT NULL,
  `updated_at` timestamp NULL DEFAULT NULL
) ENGINE=InnoDB DEFAULT CHARSET=utf8mb4 COLLATE=utf8mb4_unicode_ci;

--
-- Dumping data for table `candidate_resumes`
--

INSERT INTO `candidate_resumes` (`id`, `candidate_id`, `name`, `file`, `created_at`, `updated_at`) VALUES
(1, 4, 'Precision Etcher and Engraver', 'frontend/assets/images/demo_cv.pdf', '2023-11-14 04:49:40', '2023-11-14 04:49:40'),
(2, 25, 'Police Identification OR Records Officer', 'frontend/assets/images/demo_cv.pdf', '2023-11-14 04:49:40', '2023-11-14 04:49:40'),
(3, 9, 'Petroleum Pump System Operator', 'frontend/assets/images/demo_cv.pdf', '2023-11-14 04:49:40', '2023-11-14 04:49:40'),
(4, 3, 'Refinery Operator', 'frontend/assets/images/demo_cv.pdf', '2023-11-14 04:49:40', '2023-11-14 04:49:40'),
(5, 15, 'Communication Equipment Worker', 'frontend/assets/images/demo_cv.pdf', '2023-11-14 04:49:40', '2023-11-14 04:49:40'),
(6, 12, 'Locomotive Firer', 'frontend/assets/images/demo_cv.pdf', '2023-11-14 04:49:40', '2023-11-14 04:49:40'),
(7, 29, 'Insurance Policy Processing Clerk', 'frontend/assets/images/demo_cv.pdf', '2023-11-14 04:49:40', '2023-11-14 04:49:40'),
(8, 30, 'Marketing Manager', 'frontend/assets/images/demo_cv.pdf', '2023-11-14 04:49:40', '2023-11-14 04:49:40'),
(9, 11, 'Butcher', 'frontend/assets/images/demo_cv.pdf', '2023-11-14 04:49:40', '2023-11-14 04:49:40'),
(10, 16, 'City Planning Aide', 'frontend/assets/images/demo_cv.pdf', '2023-11-14 04:49:40', '2023-11-14 04:49:40'),
(11, 14, 'Real Estate Broker', 'frontend/assets/images/demo_cv.pdf', '2023-11-14 04:49:40', '2023-11-14 04:49:40'),
(12, 8, 'Parts Salesperson', 'frontend/assets/images/demo_cv.pdf', '2023-11-14 04:49:40', '2023-11-14 04:49:40'),
(13, 21, 'Stationary Engineer', 'frontend/assets/images/demo_cv.pdf', '2023-11-14 04:49:40', '2023-11-14 04:49:40'),
(14, 22, 'Brake Machine Setter', 'frontend/assets/images/demo_cv.pdf', '2023-11-14 04:49:40', '2023-11-14 04:49:40'),
(15, 7, 'Fish Hatchery Manager', 'frontend/assets/images/demo_cv.pdf', '2023-11-14 04:49:40', '2023-11-14 04:49:40'),
(16, 30, 'Electrotyper', 'frontend/assets/images/demo_cv.pdf', '2023-11-14 04:49:40', '2023-11-14 04:49:40'),
(17, 5, 'Production Helper', 'frontend/assets/images/demo_cv.pdf', '2023-11-14 04:49:40', '2023-11-14 04:49:40'),
(18, 19, 'Artillery Crew Member', 'frontend/assets/images/demo_cv.pdf', '2023-11-14 04:49:40', '2023-11-14 04:49:40'),
(19, 9, 'Maintenance Supervisor', 'frontend/assets/images/demo_cv.pdf', '2023-11-14 04:49:40', '2023-11-14 04:49:40'),
(20, 30, 'Occupational Health Safety Technician', 'frontend/assets/images/demo_cv.pdf', '2023-11-14 04:49:40', '2023-11-14 04:49:40');

-- --------------------------------------------------------

--
-- Table structure for table `candidate_skill`
--

CREATE TABLE `candidate_skill` (
  `id` bigint UNSIGNED NOT NULL,
  `candidate_id` bigint UNSIGNED NOT NULL,
  `skill_id` bigint UNSIGNED NOT NULL,
  `created_at` timestamp NULL DEFAULT NULL,
  `updated_at` timestamp NULL DEFAULT NULL
) ENGINE=InnoDB DEFAULT CHARSET=utf8mb4 COLLATE=utf8mb4_unicode_ci;

--
-- Dumping data for table `candidate_skill`
--

INSERT INTO `candidate_skill` (`id`, `candidate_id`, `skill_id`, `created_at`, `updated_at`) VALUES
(1, 1, 278, NULL, NULL),
(2, 1, 368, NULL, NULL),
(3, 2, 402, NULL, NULL),
(4, 2, 446, NULL, NULL),
(5, 3, 317, NULL, NULL),
(6, 3, 380, NULL, NULL),
(7, 4, 55, NULL, NULL),
(8, 4, 266, NULL, NULL),
(9, 5, 73, NULL, NULL),
(10, 5, 384, NULL, NULL),
(11, 6, 178, NULL, NULL),
(12, 6, 270, NULL, NULL),
(13, 7, 42, NULL, NULL),
(14, 7, 261, NULL, NULL),
(15, 8, 113, NULL, NULL),
(16, 8, 490, NULL, NULL),
(17, 9, 56, NULL, NULL),
(18, 9, 71, NULL, NULL),
(19, 10, 57, NULL, NULL),
(20, 10, 533, NULL, NULL),
(21, 11, 150, NULL, NULL),
(22, 11, 467, NULL, NULL),
(23, 12, 1, NULL, NULL),
(24, 12, 10, NULL, NULL),
(25, 13, 424, NULL, NULL),
(26, 13, 569, NULL, NULL),
(27, 14, 175, NULL, NULL),
(28, 14, 316, NULL, NULL),
(29, 15, 101, NULL, NULL),
(30, 15, 466, NULL, NULL),
(31, 16, 84, NULL, NULL),
(32, 16, 540, NULL, NULL),
(33, 17, 473, NULL, NULL),
(34, 17, 576, NULL, NULL),
(35, 18, 142, NULL, NULL),
(36, 18, 261, NULL, NULL),
(37, 19, 130, NULL, NULL),
(38, 19, 450, NULL, NULL),
(39, 20, 69, NULL, NULL),
(40, 20, 132, NULL, NULL),
(41, 21, 93, NULL, NULL),
(42, 21, 556, NULL, NULL),
(43, 22, 148, NULL, NULL),
(44, 22, 290, NULL, NULL),
(45, 23, 171, NULL, NULL),
(46, 23, 221, NULL, NULL),
(47, 24, 8, NULL, NULL),
(48, 24, 499, NULL, NULL),
(49, 25, 263, NULL, NULL),
(50, 25, 588, NULL, NULL),
(51, 26, 58, NULL, NULL),
(52, 26, 348, NULL, NULL),
(53, 27, 286, NULL, NULL),
(54, 27, 474, NULL, NULL),
(55, 28, 374, NULL, NULL),
(56, 28, 490, NULL, NULL),
(57, 29, 77, NULL, NULL),
(58, 29, 459, NULL, NULL),
(59, 30, 254, NULL, NULL),
(60, 30, 301, NULL, NULL),
(61, 31, 363, NULL, NULL),
(62, 31, 479, NULL, NULL);

-- --------------------------------------------------------

--
-- Table structure for table `cms`
--

CREATE TABLE `cms` (
  `id` bigint UNSIGNED NOT NULL,
  `about_brand_logo` varchar(255) COLLATE utf8mb4_unicode_ci DEFAULT NULL,
  `about_brand_logo1` varchar(255) COLLATE utf8mb4_unicode_ci DEFAULT NULL,
  `about_brand_logo2` varchar(255) COLLATE utf8mb4_unicode_ci DEFAULT NULL,
  `about_brand_logo3` varchar(255) COLLATE utf8mb4_unicode_ci DEFAULT NULL,
  `about_brand_logo4` varchar(255) COLLATE utf8mb4_unicode_ci DEFAULT NULL,
  `about_brand_logo5` varchar(255) COLLATE utf8mb4_unicode_ci DEFAULT NULL,
  `about_banner_img` varchar(255) COLLATE utf8mb4_unicode_ci DEFAULT NULL,
  `about_banner_img1` varchar(255) COLLATE utf8mb4_unicode_ci DEFAULT NULL,
  `about_banner_img2` varchar(255) COLLATE utf8mb4_unicode_ci DEFAULT NULL,
  `about_banner_img3` varchar(255) COLLATE utf8mb4_unicode_ci DEFAULT NULL,
  `mission_image` varchar(255) COLLATE utf8mb4_unicode_ci DEFAULT NULL,
  `candidate_image` varchar(255) COLLATE utf8mb4_unicode_ci DEFAULT NULL,
  `employers_image` varchar(255) COLLATE utf8mb4_unicode_ci DEFAULT NULL,
  `contact_map` text COLLATE utf8mb4_unicode_ci NOT NULL,
  `register_page_image` varchar(255) COLLATE utf8mb4_unicode_ci DEFAULT NULL,
  `login_page_image` varchar(255) COLLATE utf8mb4_unicode_ci DEFAULT NULL,
  `home_page_banner_image` varchar(255) COLLATE utf8mb4_unicode_ci DEFAULT NULL,
  `page403_image` varchar(255) COLLATE utf8mb4_unicode_ci DEFAULT NULL,
  `page404_image` varchar(255) COLLATE utf8mb4_unicode_ci DEFAULT NULL,
  `page500_image` varchar(255) COLLATE utf8mb4_unicode_ci DEFAULT NULL,
  `page503_image` varchar(255) COLLATE utf8mb4_unicode_ci DEFAULT NULL,
  `comingsoon_image` varchar(255) COLLATE utf8mb4_unicode_ci DEFAULT NULL,
  `footer_phone_no` varchar(255) COLLATE utf8mb4_unicode_ci DEFAULT NULL,
  `footer_facebook_link` varchar(255) COLLATE utf8mb4_unicode_ci DEFAULT NULL,
  `footer_instagram_link` varchar(255) COLLATE utf8mb4_unicode_ci DEFAULT NULL,
  `footer_twitter_link` varchar(255) COLLATE utf8mb4_unicode_ci DEFAULT NULL,
  `footer_youtube_link` varchar(255) COLLATE utf8mb4_unicode_ci DEFAULT NULL,
  `privary_page` longtext COLLATE utf8mb4_unicode_ci,
  `terms_page` longtext COLLATE utf8mb4_unicode_ci,
  `refund_page` longtext COLLATE utf8mb4_unicode_ci,
  `maintenance_image` varchar(255) COLLATE utf8mb4_unicode_ci DEFAULT NULL,
  `created_at` timestamp NULL DEFAULT NULL,
  `updated_at` timestamp NULL DEFAULT NULL
) ENGINE=InnoDB DEFAULT CHARSET=utf8mb4 COLLATE=utf8mb4_unicode_ci;

--
-- Dumping data for table `cms`
--

INSERT INTO `cms` (`id`, `about_brand_logo`, `about_brand_logo1`, `about_brand_logo2`, `about_brand_logo3`, `about_brand_logo4`, `about_brand_logo5`, `about_banner_img`, `about_banner_img1`, `about_banner_img2`, `about_banner_img3`, `mission_image`, `candidate_image`, `employers_image`, `contact_map`, `register_page_image`, `login_page_image`, `home_page_banner_image`, `page403_image`, `page404_image`, `page500_image`, `page503_image`, `comingsoon_image`, `footer_phone_no`, `footer_facebook_link`, `footer_instagram_link`, `footer_twitter_link`, `footer_youtube_link`, `privary_page`, `terms_page`, `refund_page`, `maintenance_image`, `created_at`, `updated_at`) VALUES
(1, 'frontend/assets/images/all-img/brand-1.png', 'frontend/assets/images/all-img/brand-2.png', 'frontend/assets/images/all-img/brand-1.png', 'frontend/assets/images/all-img/brand-2.png', 'frontend/assets/images/all-img/brand-1.png', 'frontend/assets/images/all-img/brand-2.png', 'frontend/assets/images/banner/about-banner-1.jpg', 'frontend/assets/images/banner/about-banner-2.jpg', 'frontend/assets/images/banner/about-banner-3.jpg', 'frontend/assets/images/banner/about-banner-4.jpg', 'frontend/assets/images/banner/about-banner-5.png', 'frontend/assets/images/all-img/cta-1.png', 'frontend/assets/images/all-img/cta-2.png', '<iframe src=\"https://www.google.com/maps/embed?pb=!1m18!1m12!1m3!1d3651.2278794778554!2d90.34898411536302!3d23.77489829375602!2m3!1f0!2f0!3f0!3m2!1i1024!2i768!4f13.1!3m3!1m2!1s0x3755c1e1938cc90b%3A0xbcfacb6b89117685!2sZakir%20Soft%20-%20Innovative%20Software%20%26%20Web%20Development%20Solutions!5e0!3m2!1sen!2sbd!4v1629355846404!5m2!1sen!2sbd\" width=\"100%\" height=\"536\" style=\"border:0;\" allowfullscreen=\"\" loading=\"lazy\"></iframe>', 'frontend/assets/images/all-img/auth-img.png', 'frontend/assets/images/all-img/auth-img.png', NULL, 'frontend/assets/images/banner/error-banner.png', 'frontend/assets/images/banner/error-banner.png', 'frontend/assets/images/banner/error-banner.png', 'frontend/assets/images/banner/error-banner.png', 'frontend/assets/images/all-img/coming-banner.png', '319-555-0115', 'https://www.facebook.com/zakirsoft', 'https://www.instagram.com/zakirsoft', 'https://www.twitter.com/zakirsoft', 'https://www.youtube.com/zakirsoft', '<h2>01. Privacy Policy</h2><p>Praesent placerat dictum elementum. Nam pulvinar urna vel lectus maximus, eget faucibus turpis hendrerit. Sed iaculis molestie arcu, et accumsan nisi. Quisque molestie velit vitae ligula luctus bibendum. Duis sit amet eros mollis, viverra ipsum sed, convallis sapien. Donec justo erat, pulvinar vitae dui ut, finibus euismod enim. Donec velit tortor, mollis eu tortor euismod, gravida lacinia arcu.</p><ul><li>In ac turpis mi. Donec quis semper neque. Nulla cursus gravida interdum.</li><li>Curabitur luctus sapien augue, mattis faucibus nisl vehicula nec. Mauris at scelerisque lorem. Nullam tempus felis ipsum, sagittis malesuada nulla vulputate et.</li><li>Aenean vel metus leo. Vivamus nec neque a libero sodales aliquam a et dolor.</li><li>Vestibulum rhoncus sagittis dolor vel finibus.</li><li>Integer feugiat lacus ut efficitur mattis. Sed quis molestie velit.</li></ul><h2>02. Limitations</h2><p>Praesent placerat dictum elementum. Nam pulvinar urna vel lectus maximus, eget faucibus turpis hendrerit. Sed iaculis molestie arcu, et accumsan nisi. Quisque molestie velit vitae ligula luctus bibendum. Duis sit amet eros mollis, viverra ipsum sed, convallis sapien. Donec justo erat, pulvinar vitae dui ut, finibus euismod enim. Donec velit tortor, mollis eu tortor euismod, gravida lacinia arcu.</p><ul><li>In ac turpis mi. Donec quis semper neque. Nulla cursus gravida interdum.</li><li>Curabitur luctus sapien augue.</li><li>mattis faucibus nisl vehicula nec, Mauris at scelerisque lorem.</li><li>Nullam tempus felis ipsum, sagittis malesuada nulla vulputate et. Aenean vel metus leo.</li><li>Vivamus nec neque a libero sodales aliquam a et dolor.</li></ul><h2>03. Security</h2><p>Lorem ipsum dolor sit amet, consectetur adipiscing elit. Curabitur ex neque, elementum eu blandit in, ornare eu purus. Fusce eu rhoncus mi, quis ultrices lacus. Phasellus id pellentesque nulla. Cras erat nisi, mattis et efficitur et, iaculis a lacus. Fusce gravida augue quis leo facilisis.</p><h2>04. Privacy Policy</h2><p>Praesent non sem facilisis, hendrerit nisi vitae, volutpat quam. Aliquam metus mauris, semper eu eros vitae, blandit tristique metus. Vestibulum maximus nec justo sed maximus. Vivamus sit amet turpis sem. Integer vitae tortor ac ex scelerisque facilisis ac vitae urna. In hac habitasse platea dictumst. Maecenas imperdiet tortor arcu, nec tincidunt neque malesuada volutpat.</p><ul><li>In ac turpis mi. Donec quis semper neque. Nulla cursus gravida interdum.</li><li>Mauris at scelerisque lorem. Nullam tempus felis ipsum, sagittis malesuada nulla vulputate et.</li><li>Aenean vel metus leo.</li><li>Vestibulum rhoncus sagittis dolor vel finibus.</li><li>Integer feugiat lacus ut efficitur mattis. Sed quis molestie velit.</li></ul><p>Fusce rutrum mauris sit amet justo rutrum, ut sodales lorem ullamcorper. Aliquam vitae iaculis urna. Nulla vitae mi vel nisl viverra ullamcorper vel elementum est. Mauris vitae elit nec enim tincidunt aliquet. Donec ultrices nulla a enim pulvinar, quis pulvinar lacus consectetur. Donec dignissim, risus nec mollis efficitur, turpis erat blandit urna, eget elementum lacus lectus eget lorem.</p><p><br>&nbsp;</p>', '<h2>01. Terms &amp; Condition</h2><p>Praesent placerat dictum elementum. Nam pulvinar urna vel lectus maximus, eget faucibus turpis hendrerit. Sed iaculis molestie arcu, et accumsan nisi. Quisque molestie velit vitae ligula luctus bibendum. Duis sit amet eros mollis, viverra ipsum sed, convallis sapien. Donec justo erat, pulvinar vitae dui ut, finibus euismod enim. Donec velit tortor, mollis eu tortor euismod, gravida lacinia arcu.</p><ul><li>In ac turpis mi. Donec quis semper neque. Nulla cursus gravida interdum.</li><li>Curabitur luctus sapien augue, mattis faucibus nisl vehicula nec. Mauris at scelerisque lorem. Nullam tempus felis ipsum, sagittis malesuada nulla vulputate et.</li><li>Aenean vel metus leo. Vivamus nec neque a libero sodales aliquam a et dolor.</li><li>Vestibulum rhoncus sagittis dolor vel finibus.</li><li>Integer feugiat lacus ut efficitur mattis. Sed quis molestie velit.</li></ul><h2>02. Limitations</h2><p>Praesent placerat dictum elementum. Nam pulvinar urna vel lectus maximus, eget faucibus turpis hendrerit. Sed iaculis molestie arcu, et accumsan nisi. Quisque molestie velit vitae ligula luctus bibendum. Duis sit amet eros mollis, viverra ipsum sed, convallis sapien. Donec justo erat, pulvinar vitae dui ut, finibus euismod enim. Donec velit tortor, mollis eu tortor euismod, gravida lacinia arcu.</p><ul><li>In ac turpis mi. Donec quis semper neque. Nulla cursus gravida interdum.</li><li>Curabitur luctus sapien augue.</li><li>mattis faucibus nisl vehicula nec, Mauris at scelerisque lorem.</li><li>Nullam tempus felis ipsum, sagittis malesuada nulla vulputate et. Aenean vel metus leo.</li><li>Vivamus nec neque a libero sodales aliquam a et dolor.</li></ul><h2>03. Security</h2><p>Lorem ipsum dolor sit amet, consectetur adipiscing elit. Curabitur ex neque, elementum eu blandit in, ornare eu purus. Fusce eu rhoncus mi, quis ultrices lacus. Phasellus id pellentesque nulla. Cras erat nisi, mattis et efficitur et, iaculis a lacus. Fusce gravida augue quis leo facilisis.</p><h2>04. Privacy Policy</h2><p>Praesent non sem facilisis, hendrerit nisi vitae, volutpat quam. Aliquam metus mauris, semper eu eros vitae, blandit tristique metus. Vestibulum maximus nec justo sed maximus. Vivamus sit amet turpis sem. Integer vitae tortor ac ex scelerisque facilisis ac vitae urna. In hac habitasse platea dictumst. Maecenas imperdiet tortor arcu, nec tincidunt neque malesuada volutpat.</p><ul><li>In ac turpis mi. Donec quis semper neque. Nulla cursus gravida interdum.</li><li>Mauris at scelerisque lorem. Nullam tempus felis ipsum, sagittis malesuada nulla vulputate et.</li><li>Aenean vel metus leo.</li><li>Vestibulum rhoncus sagittis dolor vel finibus.</li><li>Integer feugiat lacus ut efficitur mattis. Sed quis molestie velit.</li></ul><p>Fusce rutrum mauris sit amet justo rutrum, ut sodales lorem ullamcorper. Aliquam vitae iaculis urna. Nulla vitae mi vel nisl viverra ullamcorper vel elementum est. Mauris vitae elit nec enim tincidunt aliquet. Donec ultrices nulla a enim pulvinar, quis pulvinar lacus consectetur. Donec dignissim, risus nec mollis efficitur, turpis erat blandit urna, eget elementum lacus lectus eget lorem.</p><p><br>&nbsp;</p>', '<h2>01. Refund Policy</h2><p>Praesent placerat dictum elementum. Nam pulvinar urna vel lectus maximus, eget faucibus turpis hendrerit. Sed iaculis molestie arcu, et accumsan nisi. Quisque molestie velit vitae ligula luctus bibendum. Duis sit amet eros mollis, viverra ipsum sed, convallis sapien. Donec justo erat, pulvinar vitae dui ut, finibus euismod enim. Donec velit tortor, mollis eu tortor euismod, gravida lacinia arcu.</p><ul><li>In ac turpis mi. Donec quis semper neque. Nulla cursus gravida interdum.</li><li>Curabitur luctus sapien augue, mattis faucibus nisl vehicula nec. Mauris at scelerisque lorem. Nullam tempus felis ipsum, sagittis malesuada nulla vulputate et.</li><li>Aenean vel metus leo. Vivamus nec neque a libero sodales aliquam a et dolor.</li><li>Vestibulum rhoncus sagittis dolor vel finibus.</li><li>Integer feugiat lacus ut efficitur mattis. Sed quis molestie velit.</li></ul><h2>02. Limitations</h2><p>Praesent placerat dictum elementum. Nam pulvinar urna vel lectus maximus, eget faucibus turpis hendrerit. Sed iaculis molestie arcu, et accumsan nisi. Quisque molestie velit vitae ligula luctus bibendum. Duis sit amet eros mollis, viverra ipsum sed, convallis sapien. Donec justo erat, pulvinar vitae dui ut, finibus euismod enim. Donec velit tortor, mollis eu tortor euismod, gravida lacinia arcu.</p><ul><li>In ac turpis mi. Donec quis semper neque. Nulla cursus gravida interdum.</li><li>Curabitur luctus sapien augue.</li><li>mattis faucibus nisl vehicula nec, Mauris at scelerisque lorem.</li><li>Nullam tempus felis ipsum, sagittis malesuada nulla vulputate et. Aenean vel metus leo.</li><li>Vivamus nec neque a libero sodales aliquam a et dolor.</li></ul><h2>03. Security</h2><p>Lorem ipsum dolor sit amet, consectetur adipiscing elit. Curabitur ex neque, elementum eu blandit in, ornare eu purus. Fusce eu rhoncus mi, quis ultrices lacus. Phasellus id pellentesque nulla. Cras erat nisi, mattis et efficitur et, iaculis a lacus. Fusce gravida augue quis leo facilisis.</p><h2>04. Privacy Policy</h2><p>Praesent non sem facilisis, hendrerit nisi vitae, volutpat quam. Aliquam metus mauris, semper eu eros vitae, blandit tristique metus. Vestibulum maximus nec justo sed maximus. Vivamus sit amet turpis sem. Integer vitae tortor ac ex scelerisque facilisis ac vitae urna. In hac habitasse platea dictumst. Maecenas imperdiet tortor arcu, nec tincidunt neque malesuada volutpat.</p><ul><li>In ac turpis mi. Donec quis semper neque. Nulla cursus gravida interdum.</li><li>Mauris at scelerisque lorem. Nullam tempus felis ipsum, sagittis malesuada nulla vulputate et.</li><li>Aenean vel metus leo.</li><li>Vestibulum rhoncus sagittis dolor vel finibus.</li><li>Integer feugiat lacus ut efficitur mattis. Sed quis molestie velit.</li></ul><p>Fusce rutrum mauris sit amet justo rutrum, ut sodales lorem ullamcorper. Aliquam vitae iaculis urna. Nulla vitae mi vel nisl viverra ullamcorper vel elementum est. Mauris vitae elit nec enim tincidunt aliquet. Donec ultrices nulla a enim pulvinar, quis pulvinar lacus consectetur. Donec dignissim, risus nec mollis efficitur, turpis erat blandit urna, eget elementum lacus lectus eget lorem.</p><p><br>&nbsp;</p>', 'frontend/assets/images/all-img/coming-banner.png', '2023-11-14 04:49:32', '2023-11-14 04:49:32');

-- --------------------------------------------------------

--
-- Table structure for table `cms_contents`
--

CREATE TABLE `cms_contents` (
  `id` bigint UNSIGNED NOT NULL,
  `page_slug` varchar(255) COLLATE utf8mb4_unicode_ci DEFAULT NULL,
  `translation_code` varchar(255) COLLATE utf8mb4_unicode_ci DEFAULT NULL,
  `text` longtext COLLATE utf8mb4_unicode_ci,
  `created_at` timestamp NULL DEFAULT NULL,
  `updated_at` timestamp NULL DEFAULT NULL
) ENGINE=InnoDB DEFAULT CHARSET=utf8mb4 COLLATE=utf8mb4_unicode_ci;

--
-- Dumping data for table `cms_contents`
--

INSERT INTO `cms_contents` (`id`, `page_slug`, `translation_code`, `text`, `created_at`, `updated_at`) VALUES
(1, 'terms_condition_page', 'en', '<h2>01. Terms &amp; Condition</h2><p>Praesent placerat dictum elementum. Nam pulvinar urna vel lectus maximus, eget faucibus turpis hendrerit. Sed iaculis molestie arcu, et accumsan nisi. Quisque molestie velit vitae ligula luctus bibendum. Duis sit amet eros mollis, viverra ipsum sed, convallis sapien. Donec justo erat, pulvinar vitae dui ut, finibus euismod enim. Donec velit tortor, mollis eu tortor euismod, gravida lacinia arcu.</p><ul><li>In ac turpis mi. Donec quis semper neque. Nulla cursus gravida interdum.</li><li>Curabitur luctus sapien augue, mattis faucibus nisl vehicula nec. Mauris at scelerisque lorem. Nullam tempus felis ipsum, sagittis malesuada nulla vulputate et.</li><li>Aenean vel metus leo. Vivamus nec neque a libero sodales aliquam a et dolor.</li><li>Vestibulum rhoncus sagittis dolor vel finibus.</li><li>Integer feugiat lacus ut efficitur mattis. Sed quis molestie velit.</li></ul><h2>02. Limitations</h2><p>Praesent placerat dictum elementum. Nam pulvinar urna vel lectus maximus, eget faucibus turpis hendrerit. Sed iaculis molestie arcu, et accumsan nisi. Quisque molestie velit vitae ligula luctus bibendum. Duis sit amet eros mollis, viverra ipsum sed, convallis sapien. Donec justo erat, pulvinar vitae dui ut, finibus euismod enim. Donec velit tortor, mollis eu tortor euismod, gravida lacinia arcu.</p><ul><li>In ac turpis mi. Donec quis semper neque. Nulla cursus gravida interdum.</li><li>Curabitur luctus sapien augue.</li><li>mattis faucibus nisl vehicula nec, Mauris at scelerisque lorem.</li><li>Nullam tempus felis ipsum, sagittis malesuada nulla vulputate et. Aenean vel metus leo.</li><li>Vivamus nec neque a libero sodales aliquam a et dolor.</li></ul><h2>03. Security</h2><p>Lorem ipsum dolor sit amet, consectetur adipiscing elit. Curabitur ex neque, elementum eu blandit in, ornare eu purus. Fusce eu rhoncus mi, quis ultrices lacus. Phasellus id pellentesque nulla. Cras erat nisi, mattis et efficitur et, iaculis a lacus. Fusce gravida augue quis leo facilisis.</p><h2>04. Privacy Policy</h2><p>Praesent non sem facilisis, hendrerit nisi vitae, volutpat quam. Aliquam metus mauris, semper eu eros vitae, blandit tristique metus. Vestibulum maximus nec justo sed maximus. Vivamus sit amet turpis sem. Integer vitae tortor ac ex scelerisque facilisis ac vitae urna. In hac habitasse platea dictumst. Maecenas imperdiet tortor arcu, nec tincidunt neque malesuada volutpat.</p><ul><li>In ac turpis mi. Donec quis semper neque. Nulla cursus gravida interdum.</li><li>Mauris at scelerisque lorem. Nullam tempus felis ipsum, sagittis malesuada nulla vulputate et.</li><li>Aenean vel metus leo.</li><li>Vestibulum rhoncus sagittis dolor vel finibus.</li><li>Integer feugiat lacus ut efficitur mattis. Sed quis molestie velit.</li></ul><p>Fusce rutrum mauris sit amet justo rutrum, ut sodales lorem ullamcorper. Aliquam vitae iaculis urna. Nulla vitae mi vel nisl viverra ullamcorper vel elementum est. Mauris vitae elit nec enim tincidunt aliquet. Donec ultrices nulla a enim pulvinar, quis pulvinar lacus consectetur. Donec dignissim, risus nec mollis efficitur, turpis erat blandit urna, eget elementum lacus lectus eget lorem.</p><p><br>&nbsp;</p>', '2023-11-14 04:50:33', '2023-11-14 04:50:33'),
(2, 'privacy_page', 'en', '<h2>01. Privacy Policy</h2><p>Praesent placerat dictum elementum. Nam pulvinar urna vel lectus maximus, eget faucibus turpis hendrerit. Sed iaculis molestie arcu, et accumsan nisi. Quisque molestie velit vitae ligula luctus bibendum. Duis sit amet eros mollis, viverra ipsum sed, convallis sapien. Donec justo erat, pulvinar vitae dui ut, finibus euismod enim. Donec velit tortor, mollis eu tortor euismod, gravida lacinia arcu.</p><ul><li>In ac turpis mi. Donec quis semper neque. Nulla cursus gravida interdum.</li><li>Curabitur luctus sapien augue, mattis faucibus nisl vehicula nec. Mauris at scelerisque lorem. Nullam tempus felis ipsum, sagittis malesuada nulla vulputate et.</li><li>Aenean vel metus leo. Vivamus nec neque a libero sodales aliquam a et dolor.</li><li>Vestibulum rhoncus sagittis dolor vel finibus.</li><li>Integer feugiat lacus ut efficitur mattis. Sed quis molestie velit.</li></ul><h2>02. Limitations</h2><p>Praesent placerat dictum elementum. Nam pulvinar urna vel lectus maximus, eget faucibus turpis hendrerit. Sed iaculis molestie arcu, et accumsan nisi. Quisque molestie velit vitae ligula luctus bibendum. Duis sit amet eros mollis, viverra ipsum sed, convallis sapien. Donec justo erat, pulvinar vitae dui ut, finibus euismod enim. Donec velit tortor, mollis eu tortor euismod, gravida lacinia arcu.</p><ul><li>In ac turpis mi. Donec quis semper neque. Nulla cursus gravida interdum.</li><li>Curabitur luctus sapien augue.</li><li>mattis faucibus nisl vehicula nec, Mauris at scelerisque lorem.</li><li>Nullam tempus felis ipsum, sagittis malesuada nulla vulputate et. Aenean vel metus leo.</li><li>Vivamus nec neque a libero sodales aliquam a et dolor.</li></ul><h2>03. Security</h2><p>Lorem ipsum dolor sit amet, consectetur adipiscing elit. Curabitur ex neque, elementum eu blandit in, ornare eu purus. Fusce eu rhoncus mi, quis ultrices lacus. Phasellus id pellentesque nulla. Cras erat nisi, mattis et efficitur et, iaculis a lacus. Fusce gravida augue quis leo facilisis.</p><h2>04. Privacy Policy</h2><p>Praesent non sem facilisis, hendrerit nisi vitae, volutpat quam. Aliquam metus mauris, semper eu eros vitae, blandit tristique metus. Vestibulum maximus nec justo sed maximus. Vivamus sit amet turpis sem. Integer vitae tortor ac ex scelerisque facilisis ac vitae urna. In hac habitasse platea dictumst. Maecenas imperdiet tortor arcu, nec tincidunt neque malesuada volutpat.</p><ul><li>In ac turpis mi. Donec quis semper neque. Nulla cursus gravida interdum.</li><li>Mauris at scelerisque lorem. Nullam tempus felis ipsum, sagittis malesuada nulla vulputate et.</li><li>Aenean vel metus leo.</li><li>Vestibulum rhoncus sagittis dolor vel finibus.</li><li>Integer feugiat lacus ut efficitur mattis. Sed quis molestie velit.</li></ul><p>Fusce rutrum mauris sit amet justo rutrum, ut sodales lorem ullamcorper. Aliquam vitae iaculis urna. Nulla vitae mi vel nisl viverra ullamcorper vel elementum est. Mauris vitae elit nec enim tincidunt aliquet. Donec ultrices nulla a enim pulvinar, quis pulvinar lacus consectetur. Donec dignissim, risus nec mollis efficitur, turpis erat blandit urna, eget elementum lacus lectus eget lorem.</p><p><br>&nbsp;</p>', '2023-11-14 04:50:33', '2023-11-14 04:50:33'),
(3, 'refund_page', 'en', '<h2>01. Refund Policy</h2><p>Praesent placerat dictum elementum. Nam pulvinar urna vel lectus maximus, eget faucibus turpis hendrerit. Sed iaculis molestie arcu, et accumsan nisi. Quisque molestie velit vitae ligula luctus bibendum. Duis sit amet eros mollis, viverra ipsum sed, convallis sapien. Donec justo erat, pulvinar vitae dui ut, finibus euismod enim. Donec velit tortor, mollis eu tortor euismod, gravida lacinia arcu.</p><ul><li>In ac turpis mi. Donec quis semper neque. Nulla cursus gravida interdum.</li><li>Curabitur luctus sapien augue, mattis faucibus nisl vehicula nec. Mauris at scelerisque lorem. Nullam tempus felis ipsum, sagittis malesuada nulla vulputate et.</li><li>Aenean vel metus leo. Vivamus nec neque a libero sodales aliquam a et dolor.</li><li>Vestibulum rhoncus sagittis dolor vel finibus.</li><li>Integer feugiat lacus ut efficitur mattis. Sed quis molestie velit.</li></ul><h2>02. Limitations</h2><p>Praesent placerat dictum elementum. Nam pulvinar urna vel lectus maximus, eget faucibus turpis hendrerit. Sed iaculis molestie arcu, et accumsan nisi. Quisque molestie velit vitae ligula luctus bibendum. Duis sit amet eros mollis, viverra ipsum sed, convallis sapien. Donec justo erat, pulvinar vitae dui ut, finibus euismod enim. Donec velit tortor, mollis eu tortor euismod, gravida lacinia arcu.</p><ul><li>In ac turpis mi. Donec quis semper neque. Nulla cursus gravida interdum.</li><li>Curabitur luctus sapien augue.</li><li>mattis faucibus nisl vehicula nec, Mauris at scelerisque lorem.</li><li>Nullam tempus felis ipsum, sagittis malesuada nulla vulputate et. Aenean vel metus leo.</li><li>Vivamus nec neque a libero sodales aliquam a et dolor.</li></ul><h2>03. Security</h2><p>Lorem ipsum dolor sit amet, consectetur adipiscing elit. Curabitur ex neque, elementum eu blandit in, ornare eu purus. Fusce eu rhoncus mi, quis ultrices lacus. Phasellus id pellentesque nulla. Cras erat nisi, mattis et efficitur et, iaculis a lacus. Fusce gravida augue quis leo facilisis.</p><h2>04. Privacy Policy</h2><p>Praesent non sem facilisis, hendrerit nisi vitae, volutpat quam. Aliquam metus mauris, semper eu eros vitae, blandit tristique metus. Vestibulum maximus nec justo sed maximus. Vivamus sit amet turpis sem. Integer vitae tortor ac ex scelerisque facilisis ac vitae urna. In hac habitasse platea dictumst. Maecenas imperdiet tortor arcu, nec tincidunt neque malesuada volutpat.</p><ul><li>In ac turpis mi. Donec quis semper neque. Nulla cursus gravida interdum.</li><li>Mauris at scelerisque lorem. Nullam tempus felis ipsum, sagittis malesuada nulla vulputate et.</li><li>Aenean vel metus leo.</li><li>Vestibulum rhoncus sagittis dolor vel finibus.</li><li>Integer feugiat lacus ut efficitur mattis. Sed quis molestie velit.</li></ul><p>Fusce rutrum mauris sit amet justo rutrum, ut sodales lorem ullamcorper. Aliquam vitae iaculis urna. Nulla vitae mi vel nisl viverra ullamcorper vel elementum est. Mauris vitae elit nec enim tincidunt aliquet. Donec ultrices nulla a enim pulvinar, quis pulvinar lacus consectetur. Donec dignissim, risus nec mollis efficitur, turpis erat blandit urna, eget elementum lacus lectus eget lorem.</p><p><br>&nbsp;</p>', '2023-11-14 04:50:33', '2023-11-14 04:50:33'),
(4, 'terms_condition_page', 'bn', '<h2>01. Terms &amp; Condition</h2><p>Praesent placerat dictum elementum. Nam pulvinar urna vel lectus maximus, eget faucibus turpis hendrerit. Sed iaculis molestie arcu, et accumsan nisi. Quisque molestie velit vitae ligula luctus bibendum. Duis sit amet eros mollis, viverra ipsum sed, convallis sapien. Donec justo erat, pulvinar vitae dui ut, finibus euismod enim. Donec velit tortor, mollis eu tortor euismod, gravida lacinia arcu.</p><ul><li>In ac turpis mi. Donec quis semper neque. Nulla cursus gravida interdum.</li><li>Curabitur luctus sapien augue, mattis faucibus nisl vehicula nec. Mauris at scelerisque lorem. Nullam tempus felis ipsum, sagittis malesuada nulla vulputate et.</li><li>Aenean vel metus leo. Vivamus nec neque a libero sodales aliquam a et dolor.</li><li>Vestibulum rhoncus sagittis dolor vel finibus.</li><li>Integer feugiat lacus ut efficitur mattis. Sed quis molestie velit.</li></ul><h2>02. Limitations</h2><p>Praesent placerat dictum elementum. Nam pulvinar urna vel lectus maximus, eget faucibus turpis hendrerit. Sed iaculis molestie arcu, et accumsan nisi. Quisque molestie velit vitae ligula luctus bibendum. Duis sit amet eros mollis, viverra ipsum sed, convallis sapien. Donec justo erat, pulvinar vitae dui ut, finibus euismod enim. Donec velit tortor, mollis eu tortor euismod, gravida lacinia arcu.</p><ul><li>In ac turpis mi. Donec quis semper neque. Nulla cursus gravida interdum.</li><li>Curabitur luctus sapien augue.</li><li>mattis faucibus nisl vehicula nec, Mauris at scelerisque lorem.</li><li>Nullam tempus felis ipsum, sagittis malesuada nulla vulputate et. Aenean vel metus leo.</li><li>Vivamus nec neque a libero sodales aliquam a et dolor.</li></ul><h2>03. Security</h2><p>Lorem ipsum dolor sit amet, consectetur adipiscing elit. Curabitur ex neque, elementum eu blandit in, ornare eu purus. Fusce eu rhoncus mi, quis ultrices lacus. Phasellus id pellentesque nulla. Cras erat nisi, mattis et efficitur et, iaculis a lacus. Fusce gravida augue quis leo facilisis.</p><h2>04. Privacy Policy</h2><p>Praesent non sem facilisis, hendrerit nisi vitae, volutpat quam. Aliquam metus mauris, semper eu eros vitae, blandit tristique metus. Vestibulum maximus nec justo sed maximus. Vivamus sit amet turpis sem. Integer vitae tortor ac ex scelerisque facilisis ac vitae urna. In hac habitasse platea dictumst. Maecenas imperdiet tortor arcu, nec tincidunt neque malesuada volutpat.</p><ul><li>In ac turpis mi. Donec quis semper neque. Nulla cursus gravida interdum.</li><li>Mauris at scelerisque lorem. Nullam tempus felis ipsum, sagittis malesuada nulla vulputate et.</li><li>Aenean vel metus leo.</li><li>Vestibulum rhoncus sagittis dolor vel finibus.</li><li>Integer feugiat lacus ut efficitur mattis. Sed quis molestie velit.</li></ul><p>Fusce rutrum mauris sit amet justo rutrum, ut sodales lorem ullamcorper. Aliquam vitae iaculis urna. Nulla vitae mi vel nisl viverra ullamcorper vel elementum est. Mauris vitae elit nec enim tincidunt aliquet. Donec ultrices nulla a enim pulvinar, quis pulvinar lacus consectetur. Donec dignissim, risus nec mollis efficitur, turpis erat blandit urna, eget elementum lacus lectus eget lorem.</p><p><br>&nbsp;</p>', '2023-11-14 04:50:33', '2023-11-14 04:50:33'),
(5, 'privacy_page', 'bn', '<h2>01. Privacy Policy</h2><p>Praesent placerat dictum elementum. Nam pulvinar urna vel lectus maximus, eget faucibus turpis hendrerit. Sed iaculis molestie arcu, et accumsan nisi. Quisque molestie velit vitae ligula luctus bibendum. Duis sit amet eros mollis, viverra ipsum sed, convallis sapien. Donec justo erat, pulvinar vitae dui ut, finibus euismod enim. Donec velit tortor, mollis eu tortor euismod, gravida lacinia arcu.</p><ul><li>In ac turpis mi. Donec quis semper neque. Nulla cursus gravida interdum.</li><li>Curabitur luctus sapien augue, mattis faucibus nisl vehicula nec. Mauris at scelerisque lorem. Nullam tempus felis ipsum, sagittis malesuada nulla vulputate et.</li><li>Aenean vel metus leo. Vivamus nec neque a libero sodales aliquam a et dolor.</li><li>Vestibulum rhoncus sagittis dolor vel finibus.</li><li>Integer feugiat lacus ut efficitur mattis. Sed quis molestie velit.</li></ul><h2>02. Limitations</h2><p>Praesent placerat dictum elementum. Nam pulvinar urna vel lectus maximus, eget faucibus turpis hendrerit. Sed iaculis molestie arcu, et accumsan nisi. Quisque molestie velit vitae ligula luctus bibendum. Duis sit amet eros mollis, viverra ipsum sed, convallis sapien. Donec justo erat, pulvinar vitae dui ut, finibus euismod enim. Donec velit tortor, mollis eu tortor euismod, gravida lacinia arcu.</p><ul><li>In ac turpis mi. Donec quis semper neque. Nulla cursus gravida interdum.</li><li>Curabitur luctus sapien augue.</li><li>mattis faucibus nisl vehicula nec, Mauris at scelerisque lorem.</li><li>Nullam tempus felis ipsum, sagittis malesuada nulla vulputate et. Aenean vel metus leo.</li><li>Vivamus nec neque a libero sodales aliquam a et dolor.</li></ul><h2>03. Security</h2><p>Lorem ipsum dolor sit amet, consectetur adipiscing elit. Curabitur ex neque, elementum eu blandit in, ornare eu purus. Fusce eu rhoncus mi, quis ultrices lacus. Phasellus id pellentesque nulla. Cras erat nisi, mattis et efficitur et, iaculis a lacus. Fusce gravida augue quis leo facilisis.</p><h2>04. Privacy Policy</h2><p>Praesent non sem facilisis, hendrerit nisi vitae, volutpat quam. Aliquam metus mauris, semper eu eros vitae, blandit tristique metus. Vestibulum maximus nec justo sed maximus. Vivamus sit amet turpis sem. Integer vitae tortor ac ex scelerisque facilisis ac vitae urna. In hac habitasse platea dictumst. Maecenas imperdiet tortor arcu, nec tincidunt neque malesuada volutpat.</p><ul><li>In ac turpis mi. Donec quis semper neque. Nulla cursus gravida interdum.</li><li>Mauris at scelerisque lorem. Nullam tempus felis ipsum, sagittis malesuada nulla vulputate et.</li><li>Aenean vel metus leo.</li><li>Vestibulum rhoncus sagittis dolor vel finibus.</li><li>Integer feugiat lacus ut efficitur mattis. Sed quis molestie velit.</li></ul><p>Fusce rutrum mauris sit amet justo rutrum, ut sodales lorem ullamcorper. Aliquam vitae iaculis urna. Nulla vitae mi vel nisl viverra ullamcorper vel elementum est. Mauris vitae elit nec enim tincidunt aliquet. Donec ultrices nulla a enim pulvinar, quis pulvinar lacus consectetur. Donec dignissim, risus nec mollis efficitur, turpis erat blandit urna, eget elementum lacus lectus eget lorem.</p><p><br>&nbsp;</p>', '2023-11-14 04:50:33', '2023-11-14 04:50:33'),
(6, 'refund_page', 'bn', '<h2>01. Refund Policy</h2><p>Praesent placerat dictum elementum. Nam pulvinar urna vel lectus maximus, eget faucibus turpis hendrerit. Sed iaculis molestie arcu, et accumsan nisi. Quisque molestie velit vitae ligula luctus bibendum. Duis sit amet eros mollis, viverra ipsum sed, convallis sapien. Donec justo erat, pulvinar vitae dui ut, finibus euismod enim. Donec velit tortor, mollis eu tortor euismod, gravida lacinia arcu.</p><ul><li>In ac turpis mi. Donec quis semper neque. Nulla cursus gravida interdum.</li><li>Curabitur luctus sapien augue, mattis faucibus nisl vehicula nec. Mauris at scelerisque lorem. Nullam tempus felis ipsum, sagittis malesuada nulla vulputate et.</li><li>Aenean vel metus leo. Vivamus nec neque a libero sodales aliquam a et dolor.</li><li>Vestibulum rhoncus sagittis dolor vel finibus.</li><li>Integer feugiat lacus ut efficitur mattis. Sed quis molestie velit.</li></ul><h2>02. Limitations</h2><p>Praesent placerat dictum elementum. Nam pulvinar urna vel lectus maximus, eget faucibus turpis hendrerit. Sed iaculis molestie arcu, et accumsan nisi. Quisque molestie velit vitae ligula luctus bibendum. Duis sit amet eros mollis, viverra ipsum sed, convallis sapien. Donec justo erat, pulvinar vitae dui ut, finibus euismod enim. Donec velit tortor, mollis eu tortor euismod, gravida lacinia arcu.</p><ul><li>In ac turpis mi. Donec quis semper neque. Nulla cursus gravida interdum.</li><li>Curabitur luctus sapien augue.</li><li>mattis faucibus nisl vehicula nec, Mauris at scelerisque lorem.</li><li>Nullam tempus felis ipsum, sagittis malesuada nulla vulputate et. Aenean vel metus leo.</li><li>Vivamus nec neque a libero sodales aliquam a et dolor.</li></ul><h2>03. Security</h2><p>Lorem ipsum dolor sit amet, consectetur adipiscing elit. Curabitur ex neque, elementum eu blandit in, ornare eu purus. Fusce eu rhoncus mi, quis ultrices lacus. Phasellus id pellentesque nulla. Cras erat nisi, mattis et efficitur et, iaculis a lacus. Fusce gravida augue quis leo facilisis.</p><h2>04. Privacy Policy</h2><p>Praesent non sem facilisis, hendrerit nisi vitae, volutpat quam. Aliquam metus mauris, semper eu eros vitae, blandit tristique metus. Vestibulum maximus nec justo sed maximus. Vivamus sit amet turpis sem. Integer vitae tortor ac ex scelerisque facilisis ac vitae urna. In hac habitasse platea dictumst. Maecenas imperdiet tortor arcu, nec tincidunt neque malesuada volutpat.</p><ul><li>In ac turpis mi. Donec quis semper neque. Nulla cursus gravida interdum.</li><li>Mauris at scelerisque lorem. Nullam tempus felis ipsum, sagittis malesuada nulla vulputate et.</li><li>Aenean vel metus leo.</li><li>Vestibulum rhoncus sagittis dolor vel finibus.</li><li>Integer feugiat lacus ut efficitur mattis. Sed quis molestie velit.</li></ul><p>Fusce rutrum mauris sit amet justo rutrum, ut sodales lorem ullamcorper. Aliquam vitae iaculis urna. Nulla vitae mi vel nisl viverra ullamcorper vel elementum est. Mauris vitae elit nec enim tincidunt aliquet. Donec ultrices nulla a enim pulvinar, quis pulvinar lacus consectetur. Donec dignissim, risus nec mollis efficitur, turpis erat blandit urna, eget elementum lacus lectus eget lorem.</p><p><br>&nbsp;</p>', '2023-11-14 04:50:33', '2023-11-14 04:50:33'),
(7, 'terms_condition_page', 'ar', '<h2>01. Terms &amp; Condition</h2><p>Praesent placerat dictum elementum. Nam pulvinar urna vel lectus maximus, eget faucibus turpis hendrerit. Sed iaculis molestie arcu, et accumsan nisi. Quisque molestie velit vitae ligula luctus bibendum. Duis sit amet eros mollis, viverra ipsum sed, convallis sapien. Donec justo erat, pulvinar vitae dui ut, finibus euismod enim. Donec velit tortor, mollis eu tortor euismod, gravida lacinia arcu.</p><ul><li>In ac turpis mi. Donec quis semper neque. Nulla cursus gravida interdum.</li><li>Curabitur luctus sapien augue, mattis faucibus nisl vehicula nec. Mauris at scelerisque lorem. Nullam tempus felis ipsum, sagittis malesuada nulla vulputate et.</li><li>Aenean vel metus leo. Vivamus nec neque a libero sodales aliquam a et dolor.</li><li>Vestibulum rhoncus sagittis dolor vel finibus.</li><li>Integer feugiat lacus ut efficitur mattis. Sed quis molestie velit.</li></ul><h2>02. Limitations</h2><p>Praesent placerat dictum elementum. Nam pulvinar urna vel lectus maximus, eget faucibus turpis hendrerit. Sed iaculis molestie arcu, et accumsan nisi. Quisque molestie velit vitae ligula luctus bibendum. Duis sit amet eros mollis, viverra ipsum sed, convallis sapien. Donec justo erat, pulvinar vitae dui ut, finibus euismod enim. Donec velit tortor, mollis eu tortor euismod, gravida lacinia arcu.</p><ul><li>In ac turpis mi. Donec quis semper neque. Nulla cursus gravida interdum.</li><li>Curabitur luctus sapien augue.</li><li>mattis faucibus nisl vehicula nec, Mauris at scelerisque lorem.</li><li>Nullam tempus felis ipsum, sagittis malesuada nulla vulputate et. Aenean vel metus leo.</li><li>Vivamus nec neque a libero sodales aliquam a et dolor.</li></ul><h2>03. Security</h2><p>Lorem ipsum dolor sit amet, consectetur adipiscing elit. Curabitur ex neque, elementum eu blandit in, ornare eu purus. Fusce eu rhoncus mi, quis ultrices lacus. Phasellus id pellentesque nulla. Cras erat nisi, mattis et efficitur et, iaculis a lacus. Fusce gravida augue quis leo facilisis.</p><h2>04. Privacy Policy</h2><p>Praesent non sem facilisis, hendrerit nisi vitae, volutpat quam. Aliquam metus mauris, semper eu eros vitae, blandit tristique metus. Vestibulum maximus nec justo sed maximus. Vivamus sit amet turpis sem. Integer vitae tortor ac ex scelerisque facilisis ac vitae urna. In hac habitasse platea dictumst. Maecenas imperdiet tortor arcu, nec tincidunt neque malesuada volutpat.</p><ul><li>In ac turpis mi. Donec quis semper neque. Nulla cursus gravida interdum.</li><li>Mauris at scelerisque lorem. Nullam tempus felis ipsum, sagittis malesuada nulla vulputate et.</li><li>Aenean vel metus leo.</li><li>Vestibulum rhoncus sagittis dolor vel finibus.</li><li>Integer feugiat lacus ut efficitur mattis. Sed quis molestie velit.</li></ul><p>Fusce rutrum mauris sit amet justo rutrum, ut sodales lorem ullamcorper. Aliquam vitae iaculis urna. Nulla vitae mi vel nisl viverra ullamcorper vel elementum est. Mauris vitae elit nec enim tincidunt aliquet. Donec ultrices nulla a enim pulvinar, quis pulvinar lacus consectetur. Donec dignissim, risus nec mollis efficitur, turpis erat blandit urna, eget elementum lacus lectus eget lorem.</p><p><br>&nbsp;</p>', '2023-11-14 04:50:33', '2023-11-14 04:50:33'),
(8, 'privacy_page', 'ar', '<h2>01. Privacy Policy</h2><p>Praesent placerat dictum elementum. Nam pulvinar urna vel lectus maximus, eget faucibus turpis hendrerit. Sed iaculis molestie arcu, et accumsan nisi. Quisque molestie velit vitae ligula luctus bibendum. Duis sit amet eros mollis, viverra ipsum sed, convallis sapien. Donec justo erat, pulvinar vitae dui ut, finibus euismod enim. Donec velit tortor, mollis eu tortor euismod, gravida lacinia arcu.</p><ul><li>In ac turpis mi. Donec quis semper neque. Nulla cursus gravida interdum.</li><li>Curabitur luctus sapien augue, mattis faucibus nisl vehicula nec. Mauris at scelerisque lorem. Nullam tempus felis ipsum, sagittis malesuada nulla vulputate et.</li><li>Aenean vel metus leo. Vivamus nec neque a libero sodales aliquam a et dolor.</li><li>Vestibulum rhoncus sagittis dolor vel finibus.</li><li>Integer feugiat lacus ut efficitur mattis. Sed quis molestie velit.</li></ul><h2>02. Limitations</h2><p>Praesent placerat dictum elementum. Nam pulvinar urna vel lectus maximus, eget faucibus turpis hendrerit. Sed iaculis molestie arcu, et accumsan nisi. Quisque molestie velit vitae ligula luctus bibendum. Duis sit amet eros mollis, viverra ipsum sed, convallis sapien. Donec justo erat, pulvinar vitae dui ut, finibus euismod enim. Donec velit tortor, mollis eu tortor euismod, gravida lacinia arcu.</p><ul><li>In ac turpis mi. Donec quis semper neque. Nulla cursus gravida interdum.</li><li>Curabitur luctus sapien augue.</li><li>mattis faucibus nisl vehicula nec, Mauris at scelerisque lorem.</li><li>Nullam tempus felis ipsum, sagittis malesuada nulla vulputate et. Aenean vel metus leo.</li><li>Vivamus nec neque a libero sodales aliquam a et dolor.</li></ul><h2>03. Security</h2><p>Lorem ipsum dolor sit amet, consectetur adipiscing elit. Curabitur ex neque, elementum eu blandit in, ornare eu purus. Fusce eu rhoncus mi, quis ultrices lacus. Phasellus id pellentesque nulla. Cras erat nisi, mattis et efficitur et, iaculis a lacus. Fusce gravida augue quis leo facilisis.</p><h2>04. Privacy Policy</h2><p>Praesent non sem facilisis, hendrerit nisi vitae, volutpat quam. Aliquam metus mauris, semper eu eros vitae, blandit tristique metus. Vestibulum maximus nec justo sed maximus. Vivamus sit amet turpis sem. Integer vitae tortor ac ex scelerisque facilisis ac vitae urna. In hac habitasse platea dictumst. Maecenas imperdiet tortor arcu, nec tincidunt neque malesuada volutpat.</p><ul><li>In ac turpis mi. Donec quis semper neque. Nulla cursus gravida interdum.</li><li>Mauris at scelerisque lorem. Nullam tempus felis ipsum, sagittis malesuada nulla vulputate et.</li><li>Aenean vel metus leo.</li><li>Vestibulum rhoncus sagittis dolor vel finibus.</li><li>Integer feugiat lacus ut efficitur mattis. Sed quis molestie velit.</li></ul><p>Fusce rutrum mauris sit amet justo rutrum, ut sodales lorem ullamcorper. Aliquam vitae iaculis urna. Nulla vitae mi vel nisl viverra ullamcorper vel elementum est. Mauris vitae elit nec enim tincidunt aliquet. Donec ultrices nulla a enim pulvinar, quis pulvinar lacus consectetur. Donec dignissim, risus nec mollis efficitur, turpis erat blandit urna, eget elementum lacus lectus eget lorem.</p><p><br>&nbsp;</p>', '2023-11-14 04:50:33', '2023-11-14 04:50:33'),
(9, 'refund_page', 'ar', '<h2>01. Refund Policy</h2><p>Praesent placerat dictum elementum. Nam pulvinar urna vel lectus maximus, eget faucibus turpis hendrerit. Sed iaculis molestie arcu, et accumsan nisi. Quisque molestie velit vitae ligula luctus bibendum. Duis sit amet eros mollis, viverra ipsum sed, convallis sapien. Donec justo erat, pulvinar vitae dui ut, finibus euismod enim. Donec velit tortor, mollis eu tortor euismod, gravida lacinia arcu.</p><ul><li>In ac turpis mi. Donec quis semper neque. Nulla cursus gravida interdum.</li><li>Curabitur luctus sapien augue, mattis faucibus nisl vehicula nec. Mauris at scelerisque lorem. Nullam tempus felis ipsum, sagittis malesuada nulla vulputate et.</li><li>Aenean vel metus leo. Vivamus nec neque a libero sodales aliquam a et dolor.</li><li>Vestibulum rhoncus sagittis dolor vel finibus.</li><li>Integer feugiat lacus ut efficitur mattis. Sed quis molestie velit.</li></ul><h2>02. Limitations</h2><p>Praesent placerat dictum elementum. Nam pulvinar urna vel lectus maximus, eget faucibus turpis hendrerit. Sed iaculis molestie arcu, et accumsan nisi. Quisque molestie velit vitae ligula luctus bibendum. Duis sit amet eros mollis, viverra ipsum sed, convallis sapien. Donec justo erat, pulvinar vitae dui ut, finibus euismod enim. Donec velit tortor, mollis eu tortor euismod, gravida lacinia arcu.</p><ul><li>In ac turpis mi. Donec quis semper neque. Nulla cursus gravida interdum.</li><li>Curabitur luctus sapien augue.</li><li>mattis faucibus nisl vehicula nec, Mauris at scelerisque lorem.</li><li>Nullam tempus felis ipsum, sagittis malesuada nulla vulputate et. Aenean vel metus leo.</li><li>Vivamus nec neque a libero sodales aliquam a et dolor.</li></ul><h2>03. Security</h2><p>Lorem ipsum dolor sit amet, consectetur adipiscing elit. Curabitur ex neque, elementum eu blandit in, ornare eu purus. Fusce eu rhoncus mi, quis ultrices lacus. Phasellus id pellentesque nulla. Cras erat nisi, mattis et efficitur et, iaculis a lacus. Fusce gravida augue quis leo facilisis.</p><h2>04. Privacy Policy</h2><p>Praesent non sem facilisis, hendrerit nisi vitae, volutpat quam. Aliquam metus mauris, semper eu eros vitae, blandit tristique metus. Vestibulum maximus nec justo sed maximus. Vivamus sit amet turpis sem. Integer vitae tortor ac ex scelerisque facilisis ac vitae urna. In hac habitasse platea dictumst. Maecenas imperdiet tortor arcu, nec tincidunt neque malesuada volutpat.</p><ul><li>In ac turpis mi. Donec quis semper neque. Nulla cursus gravida interdum.</li><li>Mauris at scelerisque lorem. Nullam tempus felis ipsum, sagittis malesuada nulla vulputate et.</li><li>Aenean vel metus leo.</li><li>Vestibulum rhoncus sagittis dolor vel finibus.</li><li>Integer feugiat lacus ut efficitur mattis. Sed quis molestie velit.</li></ul><p>Fusce rutrum mauris sit amet justo rutrum, ut sodales lorem ullamcorper. Aliquam vitae iaculis urna. Nulla vitae mi vel nisl viverra ullamcorper vel elementum est. Mauris vitae elit nec enim tincidunt aliquet. Donec ultrices nulla a enim pulvinar, quis pulvinar lacus consectetur. Donec dignissim, risus nec mollis efficitur, turpis erat blandit urna, eget elementum lacus lectus eget lorem.</p><p><br>&nbsp;</p>', '2023-11-14 04:50:33', '2023-11-14 04:50:33'),
(10, 'terms_condition_page', 'de', '<h2>01. Terms &amp; Condition</h2><p>Praesent placerat dictum elementum. Nam pulvinar urna vel lectus maximus, eget faucibus turpis hendrerit. Sed iaculis molestie arcu, et accumsan nisi. Quisque molestie velit vitae ligula luctus bibendum. Duis sit amet eros mollis, viverra ipsum sed, convallis sapien. Donec justo erat, pulvinar vitae dui ut, finibus euismod enim. Donec velit tortor, mollis eu tortor euismod, gravida lacinia arcu.</p><ul><li>In ac turpis mi. Donec quis semper neque. Nulla cursus gravida interdum.</li><li>Curabitur luctus sapien augue, mattis faucibus nisl vehicula nec. Mauris at scelerisque lorem. Nullam tempus felis ipsum, sagittis malesuada nulla vulputate et.</li><li>Aenean vel metus leo. Vivamus nec neque a libero sodales aliquam a et dolor.</li><li>Vestibulum rhoncus sagittis dolor vel finibus.</li><li>Integer feugiat lacus ut efficitur mattis. Sed quis molestie velit.</li></ul><h2>02. Limitations</h2><p>Praesent placerat dictum elementum. Nam pulvinar urna vel lectus maximus, eget faucibus turpis hendrerit. Sed iaculis molestie arcu, et accumsan nisi. Quisque molestie velit vitae ligula luctus bibendum. Duis sit amet eros mollis, viverra ipsum sed, convallis sapien. Donec justo erat, pulvinar vitae dui ut, finibus euismod enim. Donec velit tortor, mollis eu tortor euismod, gravida lacinia arcu.</p><ul><li>In ac turpis mi. Donec quis semper neque. Nulla cursus gravida interdum.</li><li>Curabitur luctus sapien augue.</li><li>mattis faucibus nisl vehicula nec, Mauris at scelerisque lorem.</li><li>Nullam tempus felis ipsum, sagittis malesuada nulla vulputate et. Aenean vel metus leo.</li><li>Vivamus nec neque a libero sodales aliquam a et dolor.</li></ul><h2>03. Security</h2><p>Lorem ipsum dolor sit amet, consectetur adipiscing elit. Curabitur ex neque, elementum eu blandit in, ornare eu purus. Fusce eu rhoncus mi, quis ultrices lacus. Phasellus id pellentesque nulla. Cras erat nisi, mattis et efficitur et, iaculis a lacus. Fusce gravida augue quis leo facilisis.</p><h2>04. Privacy Policy</h2><p>Praesent non sem facilisis, hendrerit nisi vitae, volutpat quam. Aliquam metus mauris, semper eu eros vitae, blandit tristique metus. Vestibulum maximus nec justo sed maximus. Vivamus sit amet turpis sem. Integer vitae tortor ac ex scelerisque facilisis ac vitae urna. In hac habitasse platea dictumst. Maecenas imperdiet tortor arcu, nec tincidunt neque malesuada volutpat.</p><ul><li>In ac turpis mi. Donec quis semper neque. Nulla cursus gravida interdum.</li><li>Mauris at scelerisque lorem. Nullam tempus felis ipsum, sagittis malesuada nulla vulputate et.</li><li>Aenean vel metus leo.</li><li>Vestibulum rhoncus sagittis dolor vel finibus.</li><li>Integer feugiat lacus ut efficitur mattis. Sed quis molestie velit.</li></ul><p>Fusce rutrum mauris sit amet justo rutrum, ut sodales lorem ullamcorper. Aliquam vitae iaculis urna. Nulla vitae mi vel nisl viverra ullamcorper vel elementum est. Mauris vitae elit nec enim tincidunt aliquet. Donec ultrices nulla a enim pulvinar, quis pulvinar lacus consectetur. Donec dignissim, risus nec mollis efficitur, turpis erat blandit urna, eget elementum lacus lectus eget lorem.</p><p><br>&nbsp;</p>', '2023-11-14 04:50:33', '2023-11-14 04:50:33'),
(11, 'privacy_page', 'de', '<h2>01. Privacy Policy</h2><p>Praesent placerat dictum elementum. Nam pulvinar urna vel lectus maximus, eget faucibus turpis hendrerit. Sed iaculis molestie arcu, et accumsan nisi. Quisque molestie velit vitae ligula luctus bibendum. Duis sit amet eros mollis, viverra ipsum sed, convallis sapien. Donec justo erat, pulvinar vitae dui ut, finibus euismod enim. Donec velit tortor, mollis eu tortor euismod, gravida lacinia arcu.</p><ul><li>In ac turpis mi. Donec quis semper neque. Nulla cursus gravida interdum.</li><li>Curabitur luctus sapien augue, mattis faucibus nisl vehicula nec. Mauris at scelerisque lorem. Nullam tempus felis ipsum, sagittis malesuada nulla vulputate et.</li><li>Aenean vel metus leo. Vivamus nec neque a libero sodales aliquam a et dolor.</li><li>Vestibulum rhoncus sagittis dolor vel finibus.</li><li>Integer feugiat lacus ut efficitur mattis. Sed quis molestie velit.</li></ul><h2>02. Limitations</h2><p>Praesent placerat dictum elementum. Nam pulvinar urna vel lectus maximus, eget faucibus turpis hendrerit. Sed iaculis molestie arcu, et accumsan nisi. Quisque molestie velit vitae ligula luctus bibendum. Duis sit amet eros mollis, viverra ipsum sed, convallis sapien. Donec justo erat, pulvinar vitae dui ut, finibus euismod enim. Donec velit tortor, mollis eu tortor euismod, gravida lacinia arcu.</p><ul><li>In ac turpis mi. Donec quis semper neque. Nulla cursus gravida interdum.</li><li>Curabitur luctus sapien augue.</li><li>mattis faucibus nisl vehicula nec, Mauris at scelerisque lorem.</li><li>Nullam tempus felis ipsum, sagittis malesuada nulla vulputate et. Aenean vel metus leo.</li><li>Vivamus nec neque a libero sodales aliquam a et dolor.</li></ul><h2>03. Security</h2><p>Lorem ipsum dolor sit amet, consectetur adipiscing elit. Curabitur ex neque, elementum eu blandit in, ornare eu purus. Fusce eu rhoncus mi, quis ultrices lacus. Phasellus id pellentesque nulla. Cras erat nisi, mattis et efficitur et, iaculis a lacus. Fusce gravida augue quis leo facilisis.</p><h2>04. Privacy Policy</h2><p>Praesent non sem facilisis, hendrerit nisi vitae, volutpat quam. Aliquam metus mauris, semper eu eros vitae, blandit tristique metus. Vestibulum maximus nec justo sed maximus. Vivamus sit amet turpis sem. Integer vitae tortor ac ex scelerisque facilisis ac vitae urna. In hac habitasse platea dictumst. Maecenas imperdiet tortor arcu, nec tincidunt neque malesuada volutpat.</p><ul><li>In ac turpis mi. Donec quis semper neque. Nulla cursus gravida interdum.</li><li>Mauris at scelerisque lorem. Nullam tempus felis ipsum, sagittis malesuada nulla vulputate et.</li><li>Aenean vel metus leo.</li><li>Vestibulum rhoncus sagittis dolor vel finibus.</li><li>Integer feugiat lacus ut efficitur mattis. Sed quis molestie velit.</li></ul><p>Fusce rutrum mauris sit amet justo rutrum, ut sodales lorem ullamcorper. Aliquam vitae iaculis urna. Nulla vitae mi vel nisl viverra ullamcorper vel elementum est. Mauris vitae elit nec enim tincidunt aliquet. Donec ultrices nulla a enim pulvinar, quis pulvinar lacus consectetur. Donec dignissim, risus nec mollis efficitur, turpis erat blandit urna, eget elementum lacus lectus eget lorem.</p><p><br>&nbsp;</p>', '2023-11-14 04:50:33', '2023-11-14 04:50:33'),
(12, 'refund_page', 'de', '<h2>01. Refund Policy</h2><p>Praesent placerat dictum elementum. Nam pulvinar urna vel lectus maximus, eget faucibus turpis hendrerit. Sed iaculis molestie arcu, et accumsan nisi. Quisque molestie velit vitae ligula luctus bibendum. Duis sit amet eros mollis, viverra ipsum sed, convallis sapien. Donec justo erat, pulvinar vitae dui ut, finibus euismod enim. Donec velit tortor, mollis eu tortor euismod, gravida lacinia arcu.</p><ul><li>In ac turpis mi. Donec quis semper neque. Nulla cursus gravida interdum.</li><li>Curabitur luctus sapien augue, mattis faucibus nisl vehicula nec. Mauris at scelerisque lorem. Nullam tempus felis ipsum, sagittis malesuada nulla vulputate et.</li><li>Aenean vel metus leo. Vivamus nec neque a libero sodales aliquam a et dolor.</li><li>Vestibulum rhoncus sagittis dolor vel finibus.</li><li>Integer feugiat lacus ut efficitur mattis. Sed quis molestie velit.</li></ul><h2>02. Limitations</h2><p>Praesent placerat dictum elementum. Nam pulvinar urna vel lectus maximus, eget faucibus turpis hendrerit. Sed iaculis molestie arcu, et accumsan nisi. Quisque molestie velit vitae ligula luctus bibendum. Duis sit amet eros mollis, viverra ipsum sed, convallis sapien. Donec justo erat, pulvinar vitae dui ut, finibus euismod enim. Donec velit tortor, mollis eu tortor euismod, gravida lacinia arcu.</p><ul><li>In ac turpis mi. Donec quis semper neque. Nulla cursus gravida interdum.</li><li>Curabitur luctus sapien augue.</li><li>mattis faucibus nisl vehicula nec, Mauris at scelerisque lorem.</li><li>Nullam tempus felis ipsum, sagittis malesuada nulla vulputate et. Aenean vel metus leo.</li><li>Vivamus nec neque a libero sodales aliquam a et dolor.</li></ul><h2>03. Security</h2><p>Lorem ipsum dolor sit amet, consectetur adipiscing elit. Curabitur ex neque, elementum eu blandit in, ornare eu purus. Fusce eu rhoncus mi, quis ultrices lacus. Phasellus id pellentesque nulla. Cras erat nisi, mattis et efficitur et, iaculis a lacus. Fusce gravida augue quis leo facilisis.</p><h2>04. Privacy Policy</h2><p>Praesent non sem facilisis, hendrerit nisi vitae, volutpat quam. Aliquam metus mauris, semper eu eros vitae, blandit tristique metus. Vestibulum maximus nec justo sed maximus. Vivamus sit amet turpis sem. Integer vitae tortor ac ex scelerisque facilisis ac vitae urna. In hac habitasse platea dictumst. Maecenas imperdiet tortor arcu, nec tincidunt neque malesuada volutpat.</p><ul><li>In ac turpis mi. Donec quis semper neque. Nulla cursus gravida interdum.</li><li>Mauris at scelerisque lorem. Nullam tempus felis ipsum, sagittis malesuada nulla vulputate et.</li><li>Aenean vel metus leo.</li><li>Vestibulum rhoncus sagittis dolor vel finibus.</li><li>Integer feugiat lacus ut efficitur mattis. Sed quis molestie velit.</li></ul><p>Fusce rutrum mauris sit amet justo rutrum, ut sodales lorem ullamcorper. Aliquam vitae iaculis urna. Nulla vitae mi vel nisl viverra ullamcorper vel elementum est. Mauris vitae elit nec enim tincidunt aliquet. Donec ultrices nulla a enim pulvinar, quis pulvinar lacus consectetur. Donec dignissim, risus nec mollis efficitur, turpis erat blandit urna, eget elementum lacus lectus eget lorem.</p><p><br>&nbsp;</p>', '2023-11-14 04:50:33', '2023-11-14 04:50:33'),
(13, 'terms_condition_page', 'hi', '<h2>01. Terms &amp; Condition</h2><p>Praesent placerat dictum elementum. Nam pulvinar urna vel lectus maximus, eget faucibus turpis hendrerit. Sed iaculis molestie arcu, et accumsan nisi. Quisque molestie velit vitae ligula luctus bibendum. Duis sit amet eros mollis, viverra ipsum sed, convallis sapien. Donec justo erat, pulvinar vitae dui ut, finibus euismod enim. Donec velit tortor, mollis eu tortor euismod, gravida lacinia arcu.</p><ul><li>In ac turpis mi. Donec quis semper neque. Nulla cursus gravida interdum.</li><li>Curabitur luctus sapien augue, mattis faucibus nisl vehicula nec. Mauris at scelerisque lorem. Nullam tempus felis ipsum, sagittis malesuada nulla vulputate et.</li><li>Aenean vel metus leo. Vivamus nec neque a libero sodales aliquam a et dolor.</li><li>Vestibulum rhoncus sagittis dolor vel finibus.</li><li>Integer feugiat lacus ut efficitur mattis. Sed quis molestie velit.</li></ul><h2>02. Limitations</h2><p>Praesent placerat dictum elementum. Nam pulvinar urna vel lectus maximus, eget faucibus turpis hendrerit. Sed iaculis molestie arcu, et accumsan nisi. Quisque molestie velit vitae ligula luctus bibendum. Duis sit amet eros mollis, viverra ipsum sed, convallis sapien. Donec justo erat, pulvinar vitae dui ut, finibus euismod enim. Donec velit tortor, mollis eu tortor euismod, gravida lacinia arcu.</p><ul><li>In ac turpis mi. Donec quis semper neque. Nulla cursus gravida interdum.</li><li>Curabitur luctus sapien augue.</li><li>mattis faucibus nisl vehicula nec, Mauris at scelerisque lorem.</li><li>Nullam tempus felis ipsum, sagittis malesuada nulla vulputate et. Aenean vel metus leo.</li><li>Vivamus nec neque a libero sodales aliquam a et dolor.</li></ul><h2>03. Security</h2><p>Lorem ipsum dolor sit amet, consectetur adipiscing elit. Curabitur ex neque, elementum eu blandit in, ornare eu purus. Fusce eu rhoncus mi, quis ultrices lacus. Phasellus id pellentesque nulla. Cras erat nisi, mattis et efficitur et, iaculis a lacus. Fusce gravida augue quis leo facilisis.</p><h2>04. Privacy Policy</h2><p>Praesent non sem facilisis, hendrerit nisi vitae, volutpat quam. Aliquam metus mauris, semper eu eros vitae, blandit tristique metus. Vestibulum maximus nec justo sed maximus. Vivamus sit amet turpis sem. Integer vitae tortor ac ex scelerisque facilisis ac vitae urna. In hac habitasse platea dictumst. Maecenas imperdiet tortor arcu, nec tincidunt neque malesuada volutpat.</p><ul><li>In ac turpis mi. Donec quis semper neque. Nulla cursus gravida interdum.</li><li>Mauris at scelerisque lorem. Nullam tempus felis ipsum, sagittis malesuada nulla vulputate et.</li><li>Aenean vel metus leo.</li><li>Vestibulum rhoncus sagittis dolor vel finibus.</li><li>Integer feugiat lacus ut efficitur mattis. Sed quis molestie velit.</li></ul><p>Fusce rutrum mauris sit amet justo rutrum, ut sodales lorem ullamcorper. Aliquam vitae iaculis urna. Nulla vitae mi vel nisl viverra ullamcorper vel elementum est. Mauris vitae elit nec enim tincidunt aliquet. Donec ultrices nulla a enim pulvinar, quis pulvinar lacus consectetur. Donec dignissim, risus nec mollis efficitur, turpis erat blandit urna, eget elementum lacus lectus eget lorem.</p><p><br>&nbsp;</p>', '2023-11-14 04:50:33', '2023-11-14 04:50:33'),
(14, 'privacy_page', 'hi', '<h2>01. Privacy Policy</h2><p>Praesent placerat dictum elementum. Nam pulvinar urna vel lectus maximus, eget faucibus turpis hendrerit. Sed iaculis molestie arcu, et accumsan nisi. Quisque molestie velit vitae ligula luctus bibendum. Duis sit amet eros mollis, viverra ipsum sed, convallis sapien. Donec justo erat, pulvinar vitae dui ut, finibus euismod enim. Donec velit tortor, mollis eu tortor euismod, gravida lacinia arcu.</p><ul><li>In ac turpis mi. Donec quis semper neque. Nulla cursus gravida interdum.</li><li>Curabitur luctus sapien augue, mattis faucibus nisl vehicula nec. Mauris at scelerisque lorem. Nullam tempus felis ipsum, sagittis malesuada nulla vulputate et.</li><li>Aenean vel metus leo. Vivamus nec neque a libero sodales aliquam a et dolor.</li><li>Vestibulum rhoncus sagittis dolor vel finibus.</li><li>Integer feugiat lacus ut efficitur mattis. Sed quis molestie velit.</li></ul><h2>02. Limitations</h2><p>Praesent placerat dictum elementum. Nam pulvinar urna vel lectus maximus, eget faucibus turpis hendrerit. Sed iaculis molestie arcu, et accumsan nisi. Quisque molestie velit vitae ligula luctus bibendum. Duis sit amet eros mollis, viverra ipsum sed, convallis sapien. Donec justo erat, pulvinar vitae dui ut, finibus euismod enim. Donec velit tortor, mollis eu tortor euismod, gravida lacinia arcu.</p><ul><li>In ac turpis mi. Donec quis semper neque. Nulla cursus gravida interdum.</li><li>Curabitur luctus sapien augue.</li><li>mattis faucibus nisl vehicula nec, Mauris at scelerisque lorem.</li><li>Nullam tempus felis ipsum, sagittis malesuada nulla vulputate et. Aenean vel metus leo.</li><li>Vivamus nec neque a libero sodales aliquam a et dolor.</li></ul><h2>03. Security</h2><p>Lorem ipsum dolor sit amet, consectetur adipiscing elit. Curabitur ex neque, elementum eu blandit in, ornare eu purus. Fusce eu rhoncus mi, quis ultrices lacus. Phasellus id pellentesque nulla. Cras erat nisi, mattis et efficitur et, iaculis a lacus. Fusce gravida augue quis leo facilisis.</p><h2>04. Privacy Policy</h2><p>Praesent non sem facilisis, hendrerit nisi vitae, volutpat quam. Aliquam metus mauris, semper eu eros vitae, blandit tristique metus. Vestibulum maximus nec justo sed maximus. Vivamus sit amet turpis sem. Integer vitae tortor ac ex scelerisque facilisis ac vitae urna. In hac habitasse platea dictumst. Maecenas imperdiet tortor arcu, nec tincidunt neque malesuada volutpat.</p><ul><li>In ac turpis mi. Donec quis semper neque. Nulla cursus gravida interdum.</li><li>Mauris at scelerisque lorem. Nullam tempus felis ipsum, sagittis malesuada nulla vulputate et.</li><li>Aenean vel metus leo.</li><li>Vestibulum rhoncus sagittis dolor vel finibus.</li><li>Integer feugiat lacus ut efficitur mattis. Sed quis molestie velit.</li></ul><p>Fusce rutrum mauris sit amet justo rutrum, ut sodales lorem ullamcorper. Aliquam vitae iaculis urna. Nulla vitae mi vel nisl viverra ullamcorper vel elementum est. Mauris vitae elit nec enim tincidunt aliquet. Donec ultrices nulla a enim pulvinar, quis pulvinar lacus consectetur. Donec dignissim, risus nec mollis efficitur, turpis erat blandit urna, eget elementum lacus lectus eget lorem.</p><p><br>&nbsp;</p>', '2023-11-14 04:50:33', '2023-11-14 04:50:33'),
(15, 'refund_page', 'hi', '<h2>01. Refund Policy</h2><p>Praesent placerat dictum elementum. Nam pulvinar urna vel lectus maximus, eget faucibus turpis hendrerit. Sed iaculis molestie arcu, et accumsan nisi. Quisque molestie velit vitae ligula luctus bibendum. Duis sit amet eros mollis, viverra ipsum sed, convallis sapien. Donec justo erat, pulvinar vitae dui ut, finibus euismod enim. Donec velit tortor, mollis eu tortor euismod, gravida lacinia arcu.</p><ul><li>In ac turpis mi. Donec quis semper neque. Nulla cursus gravida interdum.</li><li>Curabitur luctus sapien augue, mattis faucibus nisl vehicula nec. Mauris at scelerisque lorem. Nullam tempus felis ipsum, sagittis malesuada nulla vulputate et.</li><li>Aenean vel metus leo. Vivamus nec neque a libero sodales aliquam a et dolor.</li><li>Vestibulum rhoncus sagittis dolor vel finibus.</li><li>Integer feugiat lacus ut efficitur mattis. Sed quis molestie velit.</li></ul><h2>02. Limitations</h2><p>Praesent placerat dictum elementum. Nam pulvinar urna vel lectus maximus, eget faucibus turpis hendrerit. Sed iaculis molestie arcu, et accumsan nisi. Quisque molestie velit vitae ligula luctus bibendum. Duis sit amet eros mollis, viverra ipsum sed, convallis sapien. Donec justo erat, pulvinar vitae dui ut, finibus euismod enim. Donec velit tortor, mollis eu tortor euismod, gravida lacinia arcu.</p><ul><li>In ac turpis mi. Donec quis semper neque. Nulla cursus gravida interdum.</li><li>Curabitur luctus sapien augue.</li><li>mattis faucibus nisl vehicula nec, Mauris at scelerisque lorem.</li><li>Nullam tempus felis ipsum, sagittis malesuada nulla vulputate et. Aenean vel metus leo.</li><li>Vivamus nec neque a libero sodales aliquam a et dolor.</li></ul><h2>03. Security</h2><p>Lorem ipsum dolor sit amet, consectetur adipiscing elit. Curabitur ex neque, elementum eu blandit in, ornare eu purus. Fusce eu rhoncus mi, quis ultrices lacus. Phasellus id pellentesque nulla. Cras erat nisi, mattis et efficitur et, iaculis a lacus. Fusce gravida augue quis leo facilisis.</p><h2>04. Privacy Policy</h2><p>Praesent non sem facilisis, hendrerit nisi vitae, volutpat quam. Aliquam metus mauris, semper eu eros vitae, blandit tristique metus. Vestibulum maximus nec justo sed maximus. Vivamus sit amet turpis sem. Integer vitae tortor ac ex scelerisque facilisis ac vitae urna. In hac habitasse platea dictumst. Maecenas imperdiet tortor arcu, nec tincidunt neque malesuada volutpat.</p><ul><li>In ac turpis mi. Donec quis semper neque. Nulla cursus gravida interdum.</li><li>Mauris at scelerisque lorem. Nullam tempus felis ipsum, sagittis malesuada nulla vulputate et.</li><li>Aenean vel metus leo.</li><li>Vestibulum rhoncus sagittis dolor vel finibus.</li><li>Integer feugiat lacus ut efficitur mattis. Sed quis molestie velit.</li></ul><p>Fusce rutrum mauris sit amet justo rutrum, ut sodales lorem ullamcorper. Aliquam vitae iaculis urna. Nulla vitae mi vel nisl viverra ullamcorper vel elementum est. Mauris vitae elit nec enim tincidunt aliquet. Donec ultrices nulla a enim pulvinar, quis pulvinar lacus consectetur. Donec dignissim, risus nec mollis efficitur, turpis erat blandit urna, eget elementum lacus lectus eget lorem.</p><p><br>&nbsp;</p>', '2023-11-14 04:50:33', '2023-11-14 04:50:33');
INSERT INTO `cms_contents` (`id`, `page_slug`, `translation_code`, `text`, `created_at`, `updated_at`) VALUES
(16, 'terms_condition_page', 'es', '<h2>01. Terms &amp; Condition</h2><p>Praesent placerat dictum elementum. Nam pulvinar urna vel lectus maximus, eget faucibus turpis hendrerit. Sed iaculis molestie arcu, et accumsan nisi. Quisque molestie velit vitae ligula luctus bibendum. Duis sit amet eros mollis, viverra ipsum sed, convallis sapien. Donec justo erat, pulvinar vitae dui ut, finibus euismod enim. Donec velit tortor, mollis eu tortor euismod, gravida lacinia arcu.</p><ul><li>In ac turpis mi. Donec quis semper neque. Nulla cursus gravida interdum.</li><li>Curabitur luctus sapien augue, mattis faucibus nisl vehicula nec. Mauris at scelerisque lorem. Nullam tempus felis ipsum, sagittis malesuada nulla vulputate et.</li><li>Aenean vel metus leo. Vivamus nec neque a libero sodales aliquam a et dolor.</li><li>Vestibulum rhoncus sagittis dolor vel finibus.</li><li>Integer feugiat lacus ut efficitur mattis. Sed quis molestie velit.</li></ul><h2>02. Limitations</h2><p>Praesent placerat dictum elementum. Nam pulvinar urna vel lectus maximus, eget faucibus turpis hendrerit. Sed iaculis molestie arcu, et accumsan nisi. Quisque molestie velit vitae ligula luctus bibendum. Duis sit amet eros mollis, viverra ipsum sed, convallis sapien. Donec justo erat, pulvinar vitae dui ut, finibus euismod enim. Donec velit tortor, mollis eu tortor euismod, gravida lacinia arcu.</p><ul><li>In ac turpis mi. Donec quis semper neque. Nulla cursus gravida interdum.</li><li>Curabitur luctus sapien augue.</li><li>mattis faucibus nisl vehicula nec, Mauris at scelerisque lorem.</li><li>Nullam tempus felis ipsum, sagittis malesuada nulla vulputate et. Aenean vel metus leo.</li><li>Vivamus nec neque a libero sodales aliquam a et dolor.</li></ul><h2>03. Security</h2><p>Lorem ipsum dolor sit amet, consectetur adipiscing elit. Curabitur ex neque, elementum eu blandit in, ornare eu purus. Fusce eu rhoncus mi, quis ultrices lacus. Phasellus id pellentesque nulla. Cras erat nisi, mattis et efficitur et, iaculis a lacus. Fusce gravida augue quis leo facilisis.</p><h2>04. Privacy Policy</h2><p>Praesent non sem facilisis, hendrerit nisi vitae, volutpat quam. Aliquam metus mauris, semper eu eros vitae, blandit tristique metus. Vestibulum maximus nec justo sed maximus. Vivamus sit amet turpis sem. Integer vitae tortor ac ex scelerisque facilisis ac vitae urna. In hac habitasse platea dictumst. Maecenas imperdiet tortor arcu, nec tincidunt neque malesuada volutpat.</p><ul><li>In ac turpis mi. Donec quis semper neque. Nulla cursus gravida interdum.</li><li>Mauris at scelerisque lorem. Nullam tempus felis ipsum, sagittis malesuada nulla vulputate et.</li><li>Aenean vel metus leo.</li><li>Vestibulum rhoncus sagittis dolor vel finibus.</li><li>Integer feugiat lacus ut efficitur mattis. Sed quis molestie velit.</li></ul><p>Fusce rutrum mauris sit amet justo rutrum, ut sodales lorem ullamcorper. Aliquam vitae iaculis urna. Nulla vitae mi vel nisl viverra ullamcorper vel elementum est. Mauris vitae elit nec enim tincidunt aliquet. Donec ultrices nulla a enim pulvinar, quis pulvinar lacus consectetur. Donec dignissim, risus nec mollis efficitur, turpis erat blandit urna, eget elementum lacus lectus eget lorem.</p><p><br>&nbsp;</p>', '2023-11-14 04:50:33', '2023-11-14 04:50:33'),
(17, 'privacy_page', 'es', '<h2>01. Privacy Policy</h2><p>Praesent placerat dictum elementum. Nam pulvinar urna vel lectus maximus, eget faucibus turpis hendrerit. Sed iaculis molestie arcu, et accumsan nisi. Quisque molestie velit vitae ligula luctus bibendum. Duis sit amet eros mollis, viverra ipsum sed, convallis sapien. Donec justo erat, pulvinar vitae dui ut, finibus euismod enim. Donec velit tortor, mollis eu tortor euismod, gravida lacinia arcu.</p><ul><li>In ac turpis mi. Donec quis semper neque. Nulla cursus gravida interdum.</li><li>Curabitur luctus sapien augue, mattis faucibus nisl vehicula nec. Mauris at scelerisque lorem. Nullam tempus felis ipsum, sagittis malesuada nulla vulputate et.</li><li>Aenean vel metus leo. Vivamus nec neque a libero sodales aliquam a et dolor.</li><li>Vestibulum rhoncus sagittis dolor vel finibus.</li><li>Integer feugiat lacus ut efficitur mattis. Sed quis molestie velit.</li></ul><h2>02. Limitations</h2><p>Praesent placerat dictum elementum. Nam pulvinar urna vel lectus maximus, eget faucibus turpis hendrerit. Sed iaculis molestie arcu, et accumsan nisi. Quisque molestie velit vitae ligula luctus bibendum. Duis sit amet eros mollis, viverra ipsum sed, convallis sapien. Donec justo erat, pulvinar vitae dui ut, finibus euismod enim. Donec velit tortor, mollis eu tortor euismod, gravida lacinia arcu.</p><ul><li>In ac turpis mi. Donec quis semper neque. Nulla cursus gravida interdum.</li><li>Curabitur luctus sapien augue.</li><li>mattis faucibus nisl vehicula nec, Mauris at scelerisque lorem.</li><li>Nullam tempus felis ipsum, sagittis malesuada nulla vulputate et. Aenean vel metus leo.</li><li>Vivamus nec neque a libero sodales aliquam a et dolor.</li></ul><h2>03. Security</h2><p>Lorem ipsum dolor sit amet, consectetur adipiscing elit. Curabitur ex neque, elementum eu blandit in, ornare eu purus. Fusce eu rhoncus mi, quis ultrices lacus. Phasellus id pellentesque nulla. Cras erat nisi, mattis et efficitur et, iaculis a lacus. Fusce gravida augue quis leo facilisis.</p><h2>04. Privacy Policy</h2><p>Praesent non sem facilisis, hendrerit nisi vitae, volutpat quam. Aliquam metus mauris, semper eu eros vitae, blandit tristique metus. Vestibulum maximus nec justo sed maximus. Vivamus sit amet turpis sem. Integer vitae tortor ac ex scelerisque facilisis ac vitae urna. In hac habitasse platea dictumst. Maecenas imperdiet tortor arcu, nec tincidunt neque malesuada volutpat.</p><ul><li>In ac turpis mi. Donec quis semper neque. Nulla cursus gravida interdum.</li><li>Mauris at scelerisque lorem. Nullam tempus felis ipsum, sagittis malesuada nulla vulputate et.</li><li>Aenean vel metus leo.</li><li>Vestibulum rhoncus sagittis dolor vel finibus.</li><li>Integer feugiat lacus ut efficitur mattis. Sed quis molestie velit.</li></ul><p>Fusce rutrum mauris sit amet justo rutrum, ut sodales lorem ullamcorper. Aliquam vitae iaculis urna. Nulla vitae mi vel nisl viverra ullamcorper vel elementum est. Mauris vitae elit nec enim tincidunt aliquet. Donec ultrices nulla a enim pulvinar, quis pulvinar lacus consectetur. Donec dignissim, risus nec mollis efficitur, turpis erat blandit urna, eget elementum lacus lectus eget lorem.</p><p><br>&nbsp;</p>', '2023-11-14 04:50:33', '2023-11-14 04:50:33'),
(18, 'refund_page', 'es', '<h2>01. Refund Policy</h2><p>Praesent placerat dictum elementum. Nam pulvinar urna vel lectus maximus, eget faucibus turpis hendrerit. Sed iaculis molestie arcu, et accumsan nisi. Quisque molestie velit vitae ligula luctus bibendum. Duis sit amet eros mollis, viverra ipsum sed, convallis sapien. Donec justo erat, pulvinar vitae dui ut, finibus euismod enim. Donec velit tortor, mollis eu tortor euismod, gravida lacinia arcu.</p><ul><li>In ac turpis mi. Donec quis semper neque. Nulla cursus gravida interdum.</li><li>Curabitur luctus sapien augue, mattis faucibus nisl vehicula nec. Mauris at scelerisque lorem. Nullam tempus felis ipsum, sagittis malesuada nulla vulputate et.</li><li>Aenean vel metus leo. Vivamus nec neque a libero sodales aliquam a et dolor.</li><li>Vestibulum rhoncus sagittis dolor vel finibus.</li><li>Integer feugiat lacus ut efficitur mattis. Sed quis molestie velit.</li></ul><h2>02. Limitations</h2><p>Praesent placerat dictum elementum. Nam pulvinar urna vel lectus maximus, eget faucibus turpis hendrerit. Sed iaculis molestie arcu, et accumsan nisi. Quisque molestie velit vitae ligula luctus bibendum. Duis sit amet eros mollis, viverra ipsum sed, convallis sapien. Donec justo erat, pulvinar vitae dui ut, finibus euismod enim. Donec velit tortor, mollis eu tortor euismod, gravida lacinia arcu.</p><ul><li>In ac turpis mi. Donec quis semper neque. Nulla cursus gravida interdum.</li><li>Curabitur luctus sapien augue.</li><li>mattis faucibus nisl vehicula nec, Mauris at scelerisque lorem.</li><li>Nullam tempus felis ipsum, sagittis malesuada nulla vulputate et. Aenean vel metus leo.</li><li>Vivamus nec neque a libero sodales aliquam a et dolor.</li></ul><h2>03. Security</h2><p>Lorem ipsum dolor sit amet, consectetur adipiscing elit. Curabitur ex neque, elementum eu blandit in, ornare eu purus. Fusce eu rhoncus mi, quis ultrices lacus. Phasellus id pellentesque nulla. Cras erat nisi, mattis et efficitur et, iaculis a lacus. Fusce gravida augue quis leo facilisis.</p><h2>04. Privacy Policy</h2><p>Praesent non sem facilisis, hendrerit nisi vitae, volutpat quam. Aliquam metus mauris, semper eu eros vitae, blandit tristique metus. Vestibulum maximus nec justo sed maximus. Vivamus sit amet turpis sem. Integer vitae tortor ac ex scelerisque facilisis ac vitae urna. In hac habitasse platea dictumst. Maecenas imperdiet tortor arcu, nec tincidunt neque malesuada volutpat.</p><ul><li>In ac turpis mi. Donec quis semper neque. Nulla cursus gravida interdum.</li><li>Mauris at scelerisque lorem. Nullam tempus felis ipsum, sagittis malesuada nulla vulputate et.</li><li>Aenean vel metus leo.</li><li>Vestibulum rhoncus sagittis dolor vel finibus.</li><li>Integer feugiat lacus ut efficitur mattis. Sed quis molestie velit.</li></ul><p>Fusce rutrum mauris sit amet justo rutrum, ut sodales lorem ullamcorper. Aliquam vitae iaculis urna. Nulla vitae mi vel nisl viverra ullamcorper vel elementum est. Mauris vitae elit nec enim tincidunt aliquet. Donec ultrices nulla a enim pulvinar, quis pulvinar lacus consectetur. Donec dignissim, risus nec mollis efficitur, turpis erat blandit urna, eget elementum lacus lectus eget lorem.</p><p><br>&nbsp;</p>', '2023-11-14 04:50:33', '2023-11-14 04:50:33'),
(19, 'terms_condition_page', 'fr', '<h2>01. Terms &amp; Condition</h2><p>Praesent placerat dictum elementum. Nam pulvinar urna vel lectus maximus, eget faucibus turpis hendrerit. Sed iaculis molestie arcu, et accumsan nisi. Quisque molestie velit vitae ligula luctus bibendum. Duis sit amet eros mollis, viverra ipsum sed, convallis sapien. Donec justo erat, pulvinar vitae dui ut, finibus euismod enim. Donec velit tortor, mollis eu tortor euismod, gravida lacinia arcu.</p><ul><li>In ac turpis mi. Donec quis semper neque. Nulla cursus gravida interdum.</li><li>Curabitur luctus sapien augue, mattis faucibus nisl vehicula nec. Mauris at scelerisque lorem. Nullam tempus felis ipsum, sagittis malesuada nulla vulputate et.</li><li>Aenean vel metus leo. Vivamus nec neque a libero sodales aliquam a et dolor.</li><li>Vestibulum rhoncus sagittis dolor vel finibus.</li><li>Integer feugiat lacus ut efficitur mattis. Sed quis molestie velit.</li></ul><h2>02. Limitations</h2><p>Praesent placerat dictum elementum. Nam pulvinar urna vel lectus maximus, eget faucibus turpis hendrerit. Sed iaculis molestie arcu, et accumsan nisi. Quisque molestie velit vitae ligula luctus bibendum. Duis sit amet eros mollis, viverra ipsum sed, convallis sapien. Donec justo erat, pulvinar vitae dui ut, finibus euismod enim. Donec velit tortor, mollis eu tortor euismod, gravida lacinia arcu.</p><ul><li>In ac turpis mi. Donec quis semper neque. Nulla cursus gravida interdum.</li><li>Curabitur luctus sapien augue.</li><li>mattis faucibus nisl vehicula nec, Mauris at scelerisque lorem.</li><li>Nullam tempus felis ipsum, sagittis malesuada nulla vulputate et. Aenean vel metus leo.</li><li>Vivamus nec neque a libero sodales aliquam a et dolor.</li></ul><h2>03. Security</h2><p>Lorem ipsum dolor sit amet, consectetur adipiscing elit. Curabitur ex neque, elementum eu blandit in, ornare eu purus. Fusce eu rhoncus mi, quis ultrices lacus. Phasellus id pellentesque nulla. Cras erat nisi, mattis et efficitur et, iaculis a lacus. Fusce gravida augue quis leo facilisis.</p><h2>04. Privacy Policy</h2><p>Praesent non sem facilisis, hendrerit nisi vitae, volutpat quam. Aliquam metus mauris, semper eu eros vitae, blandit tristique metus. Vestibulum maximus nec justo sed maximus. Vivamus sit amet turpis sem. Integer vitae tortor ac ex scelerisque facilisis ac vitae urna. In hac habitasse platea dictumst. Maecenas imperdiet tortor arcu, nec tincidunt neque malesuada volutpat.</p><ul><li>In ac turpis mi. Donec quis semper neque. Nulla cursus gravida interdum.</li><li>Mauris at scelerisque lorem. Nullam tempus felis ipsum, sagittis malesuada nulla vulputate et.</li><li>Aenean vel metus leo.</li><li>Vestibulum rhoncus sagittis dolor vel finibus.</li><li>Integer feugiat lacus ut efficitur mattis. Sed quis molestie velit.</li></ul><p>Fusce rutrum mauris sit amet justo rutrum, ut sodales lorem ullamcorper. Aliquam vitae iaculis urna. Nulla vitae mi vel nisl viverra ullamcorper vel elementum est. Mauris vitae elit nec enim tincidunt aliquet. Donec ultrices nulla a enim pulvinar, quis pulvinar lacus consectetur. Donec dignissim, risus nec mollis efficitur, turpis erat blandit urna, eget elementum lacus lectus eget lorem.</p><p><br>&nbsp;</p>', '2023-11-14 04:50:33', '2023-11-14 04:50:33'),
(20, 'privacy_page', 'fr', '<h2>01. Privacy Policy</h2><p>Praesent placerat dictum elementum. Nam pulvinar urna vel lectus maximus, eget faucibus turpis hendrerit. Sed iaculis molestie arcu, et accumsan nisi. Quisque molestie velit vitae ligula luctus bibendum. Duis sit amet eros mollis, viverra ipsum sed, convallis sapien. Donec justo erat, pulvinar vitae dui ut, finibus euismod enim. Donec velit tortor, mollis eu tortor euismod, gravida lacinia arcu.</p><ul><li>In ac turpis mi. Donec quis semper neque. Nulla cursus gravida interdum.</li><li>Curabitur luctus sapien augue, mattis faucibus nisl vehicula nec. Mauris at scelerisque lorem. Nullam tempus felis ipsum, sagittis malesuada nulla vulputate et.</li><li>Aenean vel metus leo. Vivamus nec neque a libero sodales aliquam a et dolor.</li><li>Vestibulum rhoncus sagittis dolor vel finibus.</li><li>Integer feugiat lacus ut efficitur mattis. Sed quis molestie velit.</li></ul><h2>02. Limitations</h2><p>Praesent placerat dictum elementum. Nam pulvinar urna vel lectus maximus, eget faucibus turpis hendrerit. Sed iaculis molestie arcu, et accumsan nisi. Quisque molestie velit vitae ligula luctus bibendum. Duis sit amet eros mollis, viverra ipsum sed, convallis sapien. Donec justo erat, pulvinar vitae dui ut, finibus euismod enim. Donec velit tortor, mollis eu tortor euismod, gravida lacinia arcu.</p><ul><li>In ac turpis mi. Donec quis semper neque. Nulla cursus gravida interdum.</li><li>Curabitur luctus sapien augue.</li><li>mattis faucibus nisl vehicula nec, Mauris at scelerisque lorem.</li><li>Nullam tempus felis ipsum, sagittis malesuada nulla vulputate et. Aenean vel metus leo.</li><li>Vivamus nec neque a libero sodales aliquam a et dolor.</li></ul><h2>03. Security</h2><p>Lorem ipsum dolor sit amet, consectetur adipiscing elit. Curabitur ex neque, elementum eu blandit in, ornare eu purus. Fusce eu rhoncus mi, quis ultrices lacus. Phasellus id pellentesque nulla. Cras erat nisi, mattis et efficitur et, iaculis a lacus. Fusce gravida augue quis leo facilisis.</p><h2>04. Privacy Policy</h2><p>Praesent non sem facilisis, hendrerit nisi vitae, volutpat quam. Aliquam metus mauris, semper eu eros vitae, blandit tristique metus. Vestibulum maximus nec justo sed maximus. Vivamus sit amet turpis sem. Integer vitae tortor ac ex scelerisque facilisis ac vitae urna. In hac habitasse platea dictumst. Maecenas imperdiet tortor arcu, nec tincidunt neque malesuada volutpat.</p><ul><li>In ac turpis mi. Donec quis semper neque. Nulla cursus gravida interdum.</li><li>Mauris at scelerisque lorem. Nullam tempus felis ipsum, sagittis malesuada nulla vulputate et.</li><li>Aenean vel metus leo.</li><li>Vestibulum rhoncus sagittis dolor vel finibus.</li><li>Integer feugiat lacus ut efficitur mattis. Sed quis molestie velit.</li></ul><p>Fusce rutrum mauris sit amet justo rutrum, ut sodales lorem ullamcorper. Aliquam vitae iaculis urna. Nulla vitae mi vel nisl viverra ullamcorper vel elementum est. Mauris vitae elit nec enim tincidunt aliquet. Donec ultrices nulla a enim pulvinar, quis pulvinar lacus consectetur. Donec dignissim, risus nec mollis efficitur, turpis erat blandit urna, eget elementum lacus lectus eget lorem.</p><p><br>&nbsp;</p>', '2023-11-14 04:50:33', '2023-11-14 04:50:33'),
(21, 'refund_page', 'fr', '<h2>01. Refund Policy</h2><p>Praesent placerat dictum elementum. Nam pulvinar urna vel lectus maximus, eget faucibus turpis hendrerit. Sed iaculis molestie arcu, et accumsan nisi. Quisque molestie velit vitae ligula luctus bibendum. Duis sit amet eros mollis, viverra ipsum sed, convallis sapien. Donec justo erat, pulvinar vitae dui ut, finibus euismod enim. Donec velit tortor, mollis eu tortor euismod, gravida lacinia arcu.</p><ul><li>In ac turpis mi. Donec quis semper neque. Nulla cursus gravida interdum.</li><li>Curabitur luctus sapien augue, mattis faucibus nisl vehicula nec. Mauris at scelerisque lorem. Nullam tempus felis ipsum, sagittis malesuada nulla vulputate et.</li><li>Aenean vel metus leo. Vivamus nec neque a libero sodales aliquam a et dolor.</li><li>Vestibulum rhoncus sagittis dolor vel finibus.</li><li>Integer feugiat lacus ut efficitur mattis. Sed quis molestie velit.</li></ul><h2>02. Limitations</h2><p>Praesent placerat dictum elementum. Nam pulvinar urna vel lectus maximus, eget faucibus turpis hendrerit. Sed iaculis molestie arcu, et accumsan nisi. Quisque molestie velit vitae ligula luctus bibendum. Duis sit amet eros mollis, viverra ipsum sed, convallis sapien. Donec justo erat, pulvinar vitae dui ut, finibus euismod enim. Donec velit tortor, mollis eu tortor euismod, gravida lacinia arcu.</p><ul><li>In ac turpis mi. Donec quis semper neque. Nulla cursus gravida interdum.</li><li>Curabitur luctus sapien augue.</li><li>mattis faucibus nisl vehicula nec, Mauris at scelerisque lorem.</li><li>Nullam tempus felis ipsum, sagittis malesuada nulla vulputate et. Aenean vel metus leo.</li><li>Vivamus nec neque a libero sodales aliquam a et dolor.</li></ul><h2>03. Security</h2><p>Lorem ipsum dolor sit amet, consectetur adipiscing elit. Curabitur ex neque, elementum eu blandit in, ornare eu purus. Fusce eu rhoncus mi, quis ultrices lacus. Phasellus id pellentesque nulla. Cras erat nisi, mattis et efficitur et, iaculis a lacus. Fusce gravida augue quis leo facilisis.</p><h2>04. Privacy Policy</h2><p>Praesent non sem facilisis, hendrerit nisi vitae, volutpat quam. Aliquam metus mauris, semper eu eros vitae, blandit tristique metus. Vestibulum maximus nec justo sed maximus. Vivamus sit amet turpis sem. Integer vitae tortor ac ex scelerisque facilisis ac vitae urna. In hac habitasse platea dictumst. Maecenas imperdiet tortor arcu, nec tincidunt neque malesuada volutpat.</p><ul><li>In ac turpis mi. Donec quis semper neque. Nulla cursus gravida interdum.</li><li>Mauris at scelerisque lorem. Nullam tempus felis ipsum, sagittis malesuada nulla vulputate et.</li><li>Aenean vel metus leo.</li><li>Vestibulum rhoncus sagittis dolor vel finibus.</li><li>Integer feugiat lacus ut efficitur mattis. Sed quis molestie velit.</li></ul><p>Fusce rutrum mauris sit amet justo rutrum, ut sodales lorem ullamcorper. Aliquam vitae iaculis urna. Nulla vitae mi vel nisl viverra ullamcorper vel elementum est. Mauris vitae elit nec enim tincidunt aliquet. Donec ultrices nulla a enim pulvinar, quis pulvinar lacus consectetur. Donec dignissim, risus nec mollis efficitur, turpis erat blandit urna, eget elementum lacus lectus eget lorem.</p><p><br>&nbsp;</p>', '2023-11-14 04:50:33', '2023-11-14 04:50:33'),
(22, 'terms_condition_page', 'id', '<h2>01. Terms &amp; Condition</h2><p>Praesent placerat dictum elementum. Nam pulvinar urna vel lectus maximus, eget faucibus turpis hendrerit. Sed iaculis molestie arcu, et accumsan nisi. Quisque molestie velit vitae ligula luctus bibendum. Duis sit amet eros mollis, viverra ipsum sed, convallis sapien. Donec justo erat, pulvinar vitae dui ut, finibus euismod enim. Donec velit tortor, mollis eu tortor euismod, gravida lacinia arcu.</p><ul><li>In ac turpis mi. Donec quis semper neque. Nulla cursus gravida interdum.</li><li>Curabitur luctus sapien augue, mattis faucibus nisl vehicula nec. Mauris at scelerisque lorem. Nullam tempus felis ipsum, sagittis malesuada nulla vulputate et.</li><li>Aenean vel metus leo. Vivamus nec neque a libero sodales aliquam a et dolor.</li><li>Vestibulum rhoncus sagittis dolor vel finibus.</li><li>Integer feugiat lacus ut efficitur mattis. Sed quis molestie velit.</li></ul><h2>02. Limitations</h2><p>Praesent placerat dictum elementum. Nam pulvinar urna vel lectus maximus, eget faucibus turpis hendrerit. Sed iaculis molestie arcu, et accumsan nisi. Quisque molestie velit vitae ligula luctus bibendum. Duis sit amet eros mollis, viverra ipsum sed, convallis sapien. Donec justo erat, pulvinar vitae dui ut, finibus euismod enim. Donec velit tortor, mollis eu tortor euismod, gravida lacinia arcu.</p><ul><li>In ac turpis mi. Donec quis semper neque. Nulla cursus gravida interdum.</li><li>Curabitur luctus sapien augue.</li><li>mattis faucibus nisl vehicula nec, Mauris at scelerisque lorem.</li><li>Nullam tempus felis ipsum, sagittis malesuada nulla vulputate et. Aenean vel metus leo.</li><li>Vivamus nec neque a libero sodales aliquam a et dolor.</li></ul><h2>03. Security</h2><p>Lorem ipsum dolor sit amet, consectetur adipiscing elit. Curabitur ex neque, elementum eu blandit in, ornare eu purus. Fusce eu rhoncus mi, quis ultrices lacus. Phasellus id pellentesque nulla. Cras erat nisi, mattis et efficitur et, iaculis a lacus. Fusce gravida augue quis leo facilisis.</p><h2>04. Privacy Policy</h2><p>Praesent non sem facilisis, hendrerit nisi vitae, volutpat quam. Aliquam metus mauris, semper eu eros vitae, blandit tristique metus. Vestibulum maximus nec justo sed maximus. Vivamus sit amet turpis sem. Integer vitae tortor ac ex scelerisque facilisis ac vitae urna. In hac habitasse platea dictumst. Maecenas imperdiet tortor arcu, nec tincidunt neque malesuada volutpat.</p><ul><li>In ac turpis mi. Donec quis semper neque. Nulla cursus gravida interdum.</li><li>Mauris at scelerisque lorem. Nullam tempus felis ipsum, sagittis malesuada nulla vulputate et.</li><li>Aenean vel metus leo.</li><li>Vestibulum rhoncus sagittis dolor vel finibus.</li><li>Integer feugiat lacus ut efficitur mattis. Sed quis molestie velit.</li></ul><p>Fusce rutrum mauris sit amet justo rutrum, ut sodales lorem ullamcorper. Aliquam vitae iaculis urna. Nulla vitae mi vel nisl viverra ullamcorper vel elementum est. Mauris vitae elit nec enim tincidunt aliquet. Donec ultrices nulla a enim pulvinar, quis pulvinar lacus consectetur. Donec dignissim, risus nec mollis efficitur, turpis erat blandit urna, eget elementum lacus lectus eget lorem.</p><p><br>&nbsp;</p>', '2023-11-14 04:50:33', '2023-11-14 04:50:33'),
(23, 'privacy_page', 'id', '<h2>01. Privacy Policy</h2><p>Praesent placerat dictum elementum. Nam pulvinar urna vel lectus maximus, eget faucibus turpis hendrerit. Sed iaculis molestie arcu, et accumsan nisi. Quisque molestie velit vitae ligula luctus bibendum. Duis sit amet eros mollis, viverra ipsum sed, convallis sapien. Donec justo erat, pulvinar vitae dui ut, finibus euismod enim. Donec velit tortor, mollis eu tortor euismod, gravida lacinia arcu.</p><ul><li>In ac turpis mi. Donec quis semper neque. Nulla cursus gravida interdum.</li><li>Curabitur luctus sapien augue, mattis faucibus nisl vehicula nec. Mauris at scelerisque lorem. Nullam tempus felis ipsum, sagittis malesuada nulla vulputate et.</li><li>Aenean vel metus leo. Vivamus nec neque a libero sodales aliquam a et dolor.</li><li>Vestibulum rhoncus sagittis dolor vel finibus.</li><li>Integer feugiat lacus ut efficitur mattis. Sed quis molestie velit.</li></ul><h2>02. Limitations</h2><p>Praesent placerat dictum elementum. Nam pulvinar urna vel lectus maximus, eget faucibus turpis hendrerit. Sed iaculis molestie arcu, et accumsan nisi. Quisque molestie velit vitae ligula luctus bibendum. Duis sit amet eros mollis, viverra ipsum sed, convallis sapien. Donec justo erat, pulvinar vitae dui ut, finibus euismod enim. Donec velit tortor, mollis eu tortor euismod, gravida lacinia arcu.</p><ul><li>In ac turpis mi. Donec quis semper neque. Nulla cursus gravida interdum.</li><li>Curabitur luctus sapien augue.</li><li>mattis faucibus nisl vehicula nec, Mauris at scelerisque lorem.</li><li>Nullam tempus felis ipsum, sagittis malesuada nulla vulputate et. Aenean vel metus leo.</li><li>Vivamus nec neque a libero sodales aliquam a et dolor.</li></ul><h2>03. Security</h2><p>Lorem ipsum dolor sit amet, consectetur adipiscing elit. Curabitur ex neque, elementum eu blandit in, ornare eu purus. Fusce eu rhoncus mi, quis ultrices lacus. Phasellus id pellentesque nulla. Cras erat nisi, mattis et efficitur et, iaculis a lacus. Fusce gravida augue quis leo facilisis.</p><h2>04. Privacy Policy</h2><p>Praesent non sem facilisis, hendrerit nisi vitae, volutpat quam. Aliquam metus mauris, semper eu eros vitae, blandit tristique metus. Vestibulum maximus nec justo sed maximus. Vivamus sit amet turpis sem. Integer vitae tortor ac ex scelerisque facilisis ac vitae urna. In hac habitasse platea dictumst. Maecenas imperdiet tortor arcu, nec tincidunt neque malesuada volutpat.</p><ul><li>In ac turpis mi. Donec quis semper neque. Nulla cursus gravida interdum.</li><li>Mauris at scelerisque lorem. Nullam tempus felis ipsum, sagittis malesuada nulla vulputate et.</li><li>Aenean vel metus leo.</li><li>Vestibulum rhoncus sagittis dolor vel finibus.</li><li>Integer feugiat lacus ut efficitur mattis. Sed quis molestie velit.</li></ul><p>Fusce rutrum mauris sit amet justo rutrum, ut sodales lorem ullamcorper. Aliquam vitae iaculis urna. Nulla vitae mi vel nisl viverra ullamcorper vel elementum est. Mauris vitae elit nec enim tincidunt aliquet. Donec ultrices nulla a enim pulvinar, quis pulvinar lacus consectetur. Donec dignissim, risus nec mollis efficitur, turpis erat blandit urna, eget elementum lacus lectus eget lorem.</p><p><br>&nbsp;</p>', '2023-11-14 04:50:33', '2023-11-14 04:50:33'),
(24, 'refund_page', 'id', '<h2>01. Refund Policy</h2><p>Praesent placerat dictum elementum. Nam pulvinar urna vel lectus maximus, eget faucibus turpis hendrerit. Sed iaculis molestie arcu, et accumsan nisi. Quisque molestie velit vitae ligula luctus bibendum. Duis sit amet eros mollis, viverra ipsum sed, convallis sapien. Donec justo erat, pulvinar vitae dui ut, finibus euismod enim. Donec velit tortor, mollis eu tortor euismod, gravida lacinia arcu.</p><ul><li>In ac turpis mi. Donec quis semper neque. Nulla cursus gravida interdum.</li><li>Curabitur luctus sapien augue, mattis faucibus nisl vehicula nec. Mauris at scelerisque lorem. Nullam tempus felis ipsum, sagittis malesuada nulla vulputate et.</li><li>Aenean vel metus leo. Vivamus nec neque a libero sodales aliquam a et dolor.</li><li>Vestibulum rhoncus sagittis dolor vel finibus.</li><li>Integer feugiat lacus ut efficitur mattis. Sed quis molestie velit.</li></ul><h2>02. Limitations</h2><p>Praesent placerat dictum elementum. Nam pulvinar urna vel lectus maximus, eget faucibus turpis hendrerit. Sed iaculis molestie arcu, et accumsan nisi. Quisque molestie velit vitae ligula luctus bibendum. Duis sit amet eros mollis, viverra ipsum sed, convallis sapien. Donec justo erat, pulvinar vitae dui ut, finibus euismod enim. Donec velit tortor, mollis eu tortor euismod, gravida lacinia arcu.</p><ul><li>In ac turpis mi. Donec quis semper neque. Nulla cursus gravida interdum.</li><li>Curabitur luctus sapien augue.</li><li>mattis faucibus nisl vehicula nec, Mauris at scelerisque lorem.</li><li>Nullam tempus felis ipsum, sagittis malesuada nulla vulputate et. Aenean vel metus leo.</li><li>Vivamus nec neque a libero sodales aliquam a et dolor.</li></ul><h2>03. Security</h2><p>Lorem ipsum dolor sit amet, consectetur adipiscing elit. Curabitur ex neque, elementum eu blandit in, ornare eu purus. Fusce eu rhoncus mi, quis ultrices lacus. Phasellus id pellentesque nulla. Cras erat nisi, mattis et efficitur et, iaculis a lacus. Fusce gravida augue quis leo facilisis.</p><h2>04. Privacy Policy</h2><p>Praesent non sem facilisis, hendrerit nisi vitae, volutpat quam. Aliquam metus mauris, semper eu eros vitae, blandit tristique metus. Vestibulum maximus nec justo sed maximus. Vivamus sit amet turpis sem. Integer vitae tortor ac ex scelerisque facilisis ac vitae urna. In hac habitasse platea dictumst. Maecenas imperdiet tortor arcu, nec tincidunt neque malesuada volutpat.</p><ul><li>In ac turpis mi. Donec quis semper neque. Nulla cursus gravida interdum.</li><li>Mauris at scelerisque lorem. Nullam tempus felis ipsum, sagittis malesuada nulla vulputate et.</li><li>Aenean vel metus leo.</li><li>Vestibulum rhoncus sagittis dolor vel finibus.</li><li>Integer feugiat lacus ut efficitur mattis. Sed quis molestie velit.</li></ul><p>Fusce rutrum mauris sit amet justo rutrum, ut sodales lorem ullamcorper. Aliquam vitae iaculis urna. Nulla vitae mi vel nisl viverra ullamcorper vel elementum est. Mauris vitae elit nec enim tincidunt aliquet. Donec ultrices nulla a enim pulvinar, quis pulvinar lacus consectetur. Donec dignissim, risus nec mollis efficitur, turpis erat blandit urna, eget elementum lacus lectus eget lorem.</p><p><br>&nbsp;</p>', '2023-11-14 04:50:33', '2023-11-14 04:50:33');

-- --------------------------------------------------------

--
-- Table structure for table `companies`
--

CREATE TABLE `companies` (
  `id` bigint UNSIGNED NOT NULL,
  `user_id` bigint UNSIGNED NOT NULL,
  `industry_type_id` bigint UNSIGNED NOT NULL,
  `organization_type_id` bigint UNSIGNED NOT NULL,
  `team_size_id` bigint UNSIGNED DEFAULT NULL,
  `logo` varchar(255) COLLATE utf8mb4_unicode_ci DEFAULT NULL,
  `banner` varchar(255) COLLATE utf8mb4_unicode_ci DEFAULT NULL,
  `establishment_date` date DEFAULT NULL,
  `website` varchar(255) COLLATE utf8mb4_unicode_ci DEFAULT NULL,
  `visibility` tinyint(1) NOT NULL DEFAULT '1',
  `profile_completion` tinyint(1) NOT NULL DEFAULT '0',
  `bio` text COLLATE utf8mb4_unicode_ci,
  `vision` text COLLATE utf8mb4_unicode_ci,
  `total_views` bigint UNSIGNED NOT NULL DEFAULT '0',
  `created_at` timestamp NULL DEFAULT NULL,
  `updated_at` timestamp NULL DEFAULT NULL,
  `address` varchar(255) COLLATE utf8mb4_unicode_ci DEFAULT NULL,
  `exact_location` varchar(255) COLLATE utf8mb4_unicode_ci DEFAULT NULL,
  `neighborhood` varchar(255) COLLATE utf8mb4_unicode_ci DEFAULT NULL,
  `locality` varchar(255) COLLATE utf8mb4_unicode_ci DEFAULT NULL,
  `place` varchar(255) COLLATE utf8mb4_unicode_ci DEFAULT NULL,
  `district` varchar(255) COLLATE utf8mb4_unicode_ci DEFAULT NULL,
  `postcode` varchar(255) COLLATE utf8mb4_unicode_ci DEFAULT NULL,
  `region` varchar(255) COLLATE utf8mb4_unicode_ci DEFAULT NULL,
  `country` varchar(255) COLLATE utf8mb4_unicode_ci DEFAULT NULL,
  `long` double DEFAULT NULL,
  `lat` double DEFAULT NULL,
  `is_profile_verified` tinyint(1) NOT NULL DEFAULT '0',
  `document_verified_at` datetime DEFAULT NULL,
  `question_feature_enable` tinyint(1) NOT NULL DEFAULT '1'
) ENGINE=InnoDB DEFAULT CHARSET=utf8mb4 COLLATE=utf8mb4_unicode_ci;

--
-- Dumping data for table `companies`
--

INSERT INTO `companies` (`id`, `user_id`, `industry_type_id`, `organization_type_id`, `team_size_id`, `logo`, `banner`, `establishment_date`, `website`, `visibility`, `profile_completion`, `bio`, `vision`, `total_views`, `created_at`, `updated_at`, `address`, `exact_location`, `neighborhood`, `locality`, `place`, `district`, `postcode`, `region`, `country`, `long`, `lat`, `is_profile_verified`, `document_verified_at`, `question_feature_enable`) VALUES
(1, 1, 20, 4, 8, 'https://s3.envato.com/files/385317130/Templatecookie-favicon.png', 'https://s3.envato.com/files/385317216/Profile%20Banner%20(1).jpg', NULL, NULL, 1, 1, 'Templatecookie is a team of develoeprs working on building quality templates and scripts! We are a team of 12+ designer and developers with 3+ years of working experiences! We have aexperts in React Js, Vue js, Laravel, PHP, MySQL, Bootstrap, HTML, CSS, SCSS, Tailwind CSS, REST API & React Native!', 'Templatecookie is a team of develoeprs working on building quality templates and scripts! We are a team of 12+ designer and developers with 3+ years of working experiences! We have aexperts in React Js, Vue js, Laravel, PHP, MySQL, Bootstrap, HTML, CSS, SCSS, Tailwind CSS, REST API & React Native!', 0, '2023-11-14 04:49:36', '2023-11-14 04:49:36', NULL, NULL, NULL, NULL, NULL, NULL, NULL, NULL, 'Bangladesh', -18.114815, -45.927949, 0, NULL, 1),
(2, 2, 13, 5, 8, 'dummy-data/images/companies/company-logo-01.jpg', 'dummy-data/images/companies/company-banner-01.jpg', '1973-12-26', 'https://www.templatecookie.com', 1, 1, 'Digital Point was founded in 2004, and we have accomplished so much over the years. To create a world where the tasks will created by software and manage by software, so we can easily save out time. Our Founder and CEO Mr. Michael was inspired to start this company by one or two sources of inspiration. At Digital Point, we encourage our community to acchive great technical skills and experience', 'Fugiat consequatur et omnis qui. Ducimus voluptatem temporibus ipsa voluptatum error. Quis quibusdam voluptatem facilis asperiores culpa ea omnis.', 0, NULL, NULL, NULL, NULL, NULL, NULL, NULL, NULL, NULL, NULL, 'Greece', -69.56316, 17.2395, 0, NULL, 1),
(3, 3, 23, 4, 3, 'dummy-data/images/companies/company-logo-02.jpg', 'dummy-data/images/companies/company-banner-02.jpg', '2007-01-17', 'https://www.google.com', 1, 1, 'Quantum Comp Solutions was founded in 2004, and we have accomplished so much over the years. To create a world where the tasks will created by software and manage by software, so we can easily save out time. Our Founder and CEO Mr. Michael was inspired to start this company by one or two sources of inspiration. At Digital Point, we encourage our community to acchive great technical skills and experience', 'Quam eius eligendi id nihil hic. Animi omnis saepe reprehenderit dolores vitae omnis praesentium. Ratione at similique fugiat aut.', 0, NULL, NULL, NULL, NULL, NULL, NULL, NULL, NULL, NULL, NULL, 'Ukraine', -48.841201, -47.589675, 0, NULL, 1),
(4, 4, 17, 2, 2, 'dummy-data/images/companies/company-logo-03.jpg', 'dummy-data/images/companies/company-banner-03.jpg', '1985-07-06', 'https://www.templatecookie.com', 1, 1, 'TriTech International was founded in 2004, and we have accomplished so much over the years. To create a world where the tasks will created by software and manage by software, so we can easily save out time. Our Founder and CEO Mr. Michael was inspired to start this company by one or two sources of inspiration. At Digital Point, we encourage our community to acchive great technical skills and experience', 'Repellendus iure veniam culpa modi expedita at. Quaerat quaerat laborum sed fugit est harum.', 0, NULL, NULL, NULL, NULL, NULL, NULL, NULL, NULL, NULL, NULL, 'Greenland', 25.198209, 70.017158, 0, NULL, 1),
(5, 5, 9, 2, 6, 'dummy-data/images/companies/company-logo-04.jpg', 'dummy-data/images/companies/company-banner-04.jpg', '1995-01-03', 'https://www.facebook.com', 1, 1, 'Nerdware was founded in 2004, and we have accomplished so much over the years. To create a world where the tasks will created by software and manage by software, so we can easily save out time. Our Founder and CEO Mr. Michael was inspired to start this company by one or two sources of inspiration. At Digital Point, we encourage our community to acchive great technical skills and experience', 'Omnis et praesentium cupiditate omnis. Commodi voluptatibus sapiente cum eum dicta. Ipsam laboriosam eaque voluptatem iste unde.', 0, NULL, NULL, NULL, NULL, NULL, NULL, NULL, NULL, NULL, NULL, 'Gibraltar', 62.584199, 60.676351, 0, NULL, 1),
(6, 6, 19, 6, 4, 'dummy-data/images/companies/company-logo-05.jpg', 'dummy-data/images/companies/company-banner-05.jpg', '2002-09-21', 'https://www.facebook.com', 1, 1, 'Fiscal Analytics was founded in 2004, and we have accomplished so much over the years. To create a world where the tasks will created by software and manage by software, so we can easily save out time. Our Founder and CEO Mr. Michael was inspired to start this company by one or two sources of inspiration. At Digital Point, we encourage our community to acchive great technical skills and experience', 'Et sed ipsam eos consequuntur voluptatum eos. Fuga beatae sed quis nobis sint nisi. Libero illo iure modi enim id atque.', 0, NULL, NULL, NULL, NULL, NULL, NULL, NULL, NULL, NULL, NULL, 'Bahamas', -48.532535, 12.765463, 0, NULL, 1),
(7, 7, 3, 2, 1, 'dummy-data/images/companies/company-logo-06.png', 'dummy-data/images/companies/company-banner-06.jpg', '1979-09-06', 'https://www.templatecookie.com', 1, 1, 'Radiance Software was founded in 2004, and we have accomplished so much over the years. To create a world where the tasks will created by software and manage by software, so we can easily save out time. Our Founder and CEO Mr. Michael was inspired to start this company by one or two sources of inspiration. At Digital Point, we encourage our community to acchive great technical skills and experience', 'Animi placeat explicabo ratione quisquam a id. Sit enim omnis ea recusandae. Ex fugiat velit velit autem.', 0, NULL, NULL, NULL, NULL, NULL, NULL, NULL, NULL, NULL, NULL, 'Romania', 55.869453, -48.820528, 0, NULL, 1),
(8, 8, 9, 5, 5, 'dummy-data/images/companies/company-logo-07.png', 'dummy-data/images/companies/company-banner-07.jpg', '2005-10-09', 'https://www.templatecookie.com', 1, 1, 'IntelliWare was founded in 2004, and we have accomplished so much over the years. To create a world where the tasks will created by software and manage by software, so we can easily save out time. Our Founder and CEO Mr. Michael was inspired to start this company by one or two sources of inspiration. At Digital Point, we encourage our community to acchive great technical skills and experience', 'Asperiores doloremque velit voluptatem porro velit quam. Quibusdam cum consequatur pariatur et ut. Aut sapiente aut soluta animi tempore. Animi in soluta vel fugit.', 0, NULL, NULL, NULL, NULL, NULL, NULL, NULL, NULL, NULL, NULL, 'Serbia', -47.492076, 77.594683, 0, NULL, 1),
(9, 9, 13, 5, 1, 'dummy-data/images/companies/company-logo-08.png', 'dummy-data/images/companies/company-banner-08.jpg', '1990-10-28', 'https://www.google.com', 1, 1, 'AddTek Software Co. was founded in 2004, and we have accomplished so much over the years. To create a world where the tasks will created by software and manage by software, so we can easily save out time. Our Founder and CEO Mr. Michael was inspired to start this company by one or two sources of inspiration. At Digital Point, we encourage our community to acchive great technical skills and experience', 'Molestiae non enim quo asperiores voluptatem. Magni ullam nobis ratione minima nemo molestias qui ab. Sint ipsa eum accusantium. Debitis ut et consequatur pariatur.', 0, NULL, NULL, NULL, NULL, NULL, NULL, NULL, NULL, NULL, NULL, 'Christmas Island', 32.461291, 69.081892, 0, NULL, 1),
(10, 10, 14, 4, 4, 'dummy-data/images/companies/company-logo-09.png', 'dummy-data/images/companies/company-banner-09.jpg', '1992-11-13', 'https://www.google.com', 1, 1, 'Java Points was founded in 2004, and we have accomplished so much over the years. To create a world where the tasks will created by software and manage by software, so we can easily save out time. Our Founder and CEO Mr. Michael was inspired to start this company by one or two sources of inspiration. At Digital Point, we encourage our community to acchive great technical skills and experience', 'Sunt inventore eaque non. Incidunt est cupiditate consectetur autem eos adipisci. Itaque expedita adipisci aut cumque dolores.', 0, NULL, NULL, NULL, NULL, NULL, NULL, NULL, NULL, NULL, NULL, 'Saint Lucia', 56.46911, 15.92879, 0, NULL, 1),
(11, 11, 10, 3, 2, 'dummy-data/images/companies/company-logo-10.png', 'dummy-data/images/companies/company-banner-10.jpg', '2008-12-16', 'https://www.twitter.com', 1, 1, 'Softtech Point was founded in 2004, and we have accomplished so much over the years. To create a world where the tasks will created by software and manage by software, so we can easily save out time. Our Founder and CEO Mr. Michael was inspired to start this company by one or two sources of inspiration. At Digital Point, we encourage our community to acchive great technical skills and experience', 'Error iusto sed corrupti sint. Veritatis ea facilis ex molestias aut maiores omnis. Molestiae ipsa aliquid omnis sed. Sit debitis facere quia.', 0, NULL, NULL, NULL, NULL, NULL, NULL, NULL, NULL, NULL, NULL, 'Niue', -0.424759, -62.096059, 0, NULL, 1),
(12, 12, 11, 2, 2, 'dummy-data/images/companies/company-logo-11.png', 'dummy-data/images/companies/company-banner-11.jpg', '2023-01-14', 'https://www.templatecookie.com', 1, 1, 'Domrin was founded in 2004, and we have accomplished so much over the years. To create a world where the tasks will created by software and manage by software, so we can easily save out time. Our Founder and CEO Mr. Michael was inspired to start this company by one or two sources of inspiration. At Digital Point, we encourage our community to acchive great technical skills and experience', 'Corporis et eum voluptatem voluptatibus nulla rerum. Qui ducimus animi itaque et explicabo rem enim. Porro ullam et fugit amet deleniti in. Earum odit explicabo commodi porro.', 0, NULL, NULL, NULL, NULL, NULL, NULL, NULL, NULL, NULL, NULL, 'Tonga', -85.850602, 35.65464, 0, NULL, 1),
(13, 13, 11, 2, 8, 'dummy-data/images/companies/company-logo-12.png', 'dummy-data/images/companies/company-banner-12.jpg', '2002-02-27', 'https://www.google.com', 1, 1, 'Tech Giant was founded in 2004, and we have accomplished so much over the years. To create a world where the tasks will created by software and manage by software, so we can easily save out time. Our Founder and CEO Mr. Michael was inspired to start this company by one or two sources of inspiration. At Digital Point, we encourage our community to acchive great technical skills and experience', 'Eum tempora sapiente mollitia ipsum ducimus accusamus. Iusto quaerat illum sint nihil id facilis voluptatem.', 0, NULL, NULL, NULL, NULL, NULL, NULL, NULL, NULL, NULL, NULL, 'Palestinian Territories', -71.396149, 49.085245, 0, NULL, 1),
(14, 14, 24, 6, 4, 'dummy-data/images/companies/company-logo-13.png', 'dummy-data/images/companies/company-banner-13.jpg', '2013-03-29', 'https://www.twitter.com', 1, 1, 'Sales Point was founded in 2004, and we have accomplished so much over the years. To create a world where the tasks will created by software and manage by software, so we can easily save out time. Our Founder and CEO Mr. Michael was inspired to start this company by one or two sources of inspiration. At Digital Point, we encourage our community to acchive great technical skills and experience', 'Aut delectus dolor eius ad occaecati maiores unde atque. Minus omnis libero ut nesciunt non odio. Accusantium dicta aut repudiandae mollitia.', 0, NULL, NULL, NULL, NULL, NULL, NULL, NULL, NULL, NULL, NULL, 'Bahrain', 3.252299, -15.281146, 0, NULL, 1);

-- --------------------------------------------------------

--
-- Table structure for table `company_applied_job_rejected`
--

CREATE TABLE `company_applied_job_rejected` (
  `id` bigint UNSIGNED NOT NULL,
  `company_id` bigint UNSIGNED NOT NULL,
  `applied_job_id` bigint UNSIGNED NOT NULL,
  `created_at` timestamp NULL DEFAULT NULL,
  `updated_at` timestamp NULL DEFAULT NULL
) ENGINE=InnoDB DEFAULT CHARSET=utf8mb4 COLLATE=utf8mb4_unicode_ci;

-- --------------------------------------------------------

--
-- Table structure for table `company_applied_job_shortlist`
--

CREATE TABLE `company_applied_job_shortlist` (
  `id` bigint UNSIGNED NOT NULL,
  `company_id` bigint UNSIGNED NOT NULL,
  `applied_job_id` bigint UNSIGNED NOT NULL,
  `created_at` timestamp NULL DEFAULT NULL,
  `updated_at` timestamp NULL DEFAULT NULL
) ENGINE=InnoDB DEFAULT CHARSET=utf8mb4 COLLATE=utf8mb4_unicode_ci;

-- --------------------------------------------------------

--
-- Table structure for table `company_bookmark_categories`
--

CREATE TABLE `company_bookmark_categories` (
  `id` bigint UNSIGNED NOT NULL,
  `company_id` bigint UNSIGNED NOT NULL,
  `name` varchar(255) COLLATE utf8mb4_unicode_ci DEFAULT NULL,
  `created_at` timestamp NULL DEFAULT NULL,
  `updated_at` timestamp NULL DEFAULT NULL
) ENGINE=InnoDB DEFAULT CHARSET=utf8mb4 COLLATE=utf8mb4_unicode_ci;

-- --------------------------------------------------------

--
-- Table structure for table `company_questions`
--

CREATE TABLE `company_questions` (
  `id` bigint UNSIGNED NOT NULL,
  `company_id` bigint UNSIGNED NOT NULL,
  `reuse` tinyint(1) NOT NULL DEFAULT '1',
  `title` varchar(255) COLLATE utf8mb4_unicode_ci NOT NULL,
  `required` tinyint(1) NOT NULL,
  `created_at` timestamp NULL DEFAULT NULL,
  `updated_at` timestamp NULL DEFAULT NULL
) ENGINE=InnoDB DEFAULT CHARSET=utf8mb4 COLLATE=utf8mb4_unicode_ci;

-- --------------------------------------------------------

--
-- Table structure for table `company_question_job`
--

CREATE TABLE `company_question_job` (
  `id` bigint UNSIGNED NOT NULL,
  `job_id` bigint UNSIGNED NOT NULL,
  `company_question_id` bigint UNSIGNED NOT NULL,
  `created_at` timestamp NULL DEFAULT NULL,
  `updated_at` timestamp NULL DEFAULT NULL
) ENGINE=InnoDB DEFAULT CHARSET=utf8mb4 COLLATE=utf8mb4_unicode_ci;

-- --------------------------------------------------------

--
-- Table structure for table `contacts`
--

CREATE TABLE `contacts` (
  `id` bigint UNSIGNED NOT NULL,
  `name` varchar(255) COLLATE utf8mb4_unicode_ci NOT NULL,
  `email` varchar(255) COLLATE utf8mb4_unicode_ci NOT NULL,
  `subject` varchar(255) COLLATE utf8mb4_unicode_ci NOT NULL,
  `message` longtext COLLATE utf8mb4_unicode_ci NOT NULL,
  `created_at` timestamp NULL DEFAULT NULL,
  `updated_at` timestamp NULL DEFAULT NULL
) ENGINE=InnoDB DEFAULT CHARSET=utf8mb4 COLLATE=utf8mb4_unicode_ci;

-- --------------------------------------------------------

--
-- Table structure for table `contact_infos`
--

CREATE TABLE `contact_infos` (
  `id` bigint UNSIGNED NOT NULL,
  `user_id` bigint UNSIGNED NOT NULL,
  `phone` varchar(255) COLLATE utf8mb4_unicode_ci DEFAULT NULL,
  `secondary_phone` varchar(255) COLLATE utf8mb4_unicode_ci DEFAULT NULL,
  `email` varchar(255) COLLATE utf8mb4_unicode_ci DEFAULT NULL,
  `secondary_email` varchar(255) COLLATE utf8mb4_unicode_ci DEFAULT NULL,
  `created_at` timestamp NULL DEFAULT NULL,
  `updated_at` timestamp NULL DEFAULT NULL
) ENGINE=InnoDB DEFAULT CHARSET=utf8mb4 COLLATE=utf8mb4_unicode_ci;

--
-- Dumping data for table `contact_infos`
--

INSERT INTO `contact_infos` (`id`, `user_id`, `phone`, `secondary_phone`, `email`, `secondary_email`, `created_at`, `updated_at`) VALUES
(1, 1, '+880123456789', NULL, 'templatecookie@gmail.com', NULL, '2023-11-14 04:49:36', '2023-11-14 04:49:36'),
(2, 2, '+880123456789', NULL, 'digitalpoint@mail.com', NULL, '2023-11-14 04:49:37', '2023-11-14 04:49:37'),
(3, 3, '+880123456789', NULL, 'quantumcompsolutions@mail.com', NULL, '2023-11-14 04:49:37', '2023-11-14 04:49:37'),
(4, 4, '+880123456789', NULL, 'tritechinternational@mail.com', NULL, '2023-11-14 04:49:37', '2023-11-14 04:49:37'),
(5, 5, '+880123456789', NULL, 'nerdware@mail.com', NULL, '2023-11-14 04:49:37', '2023-11-14 04:49:37'),
(6, 6, '+880123456789', NULL, 'fiscalanalytics@mail.com', NULL, '2023-11-14 04:49:37', '2023-11-14 04:49:37'),
(7, 7, '+880123456789', NULL, 'radiancesoftware@mail.com', NULL, '2023-11-14 04:49:37', '2023-11-14 04:49:37'),
(8, 8, '+880123456789', NULL, 'intelliware@mail.com', NULL, '2023-11-14 04:49:37', '2023-11-14 04:49:37'),
(9, 9, '+880123456789', NULL, 'addteksoftware@mail.com', NULL, '2023-11-14 04:49:37', '2023-11-14 04:49:37'),
(10, 10, '+880123456789', NULL, 'javpoints@mail.com', NULL, '2023-11-14 04:49:37', '2023-11-14 04:49:37'),
(11, 11, '+880123456789', NULL, 'softtechpoint@mail.com', NULL, '2023-11-14 04:49:37', '2023-11-14 04:49:37'),
(12, 12, '+880123456789', NULL, 'domrin@mail.com', NULL, '2023-11-14 04:49:38', '2023-11-14 04:49:38'),
(13, 13, '+880123456789', NULL, 'techgiantpoint@mail.com', NULL, '2023-11-14 04:49:38', '2023-11-14 04:49:38'),
(14, 14, '+880123456789', NULL, 'salespoint@mail.com', NULL, '2023-11-14 04:49:38', '2023-11-14 04:49:38'),
(15, 15, '+880123456789', '+880123456789', 'jhondoe@gmail.com', 'doejhon@gmail.com', '2023-11-14 04:49:38', '2023-11-14 04:49:38');

-- --------------------------------------------------------

--
-- Table structure for table `cookies`
--

CREATE TABLE `cookies` (
  `id` bigint UNSIGNED NOT NULL,
  `allow_cookies` tinyint(1) NOT NULL DEFAULT '1',
  `cookie_name` varchar(255) COLLATE utf8mb4_unicode_ci NOT NULL DEFAULT 'gdpr_cookie',
  `cookie_expiration` tinyint NOT NULL DEFAULT '30',
  `force_consent` tinyint(1) NOT NULL DEFAULT '0',
  `darkmode` tinyint(1) NOT NULL DEFAULT '0',
  `created_at` timestamp NULL DEFAULT NULL,
  `updated_at` timestamp NULL DEFAULT NULL
) ENGINE=InnoDB DEFAULT CHARSET=utf8mb4 COLLATE=utf8mb4_unicode_ci;

--
-- Dumping data for table `cookies`
--

INSERT INTO `cookies` (`id`, `allow_cookies`, `cookie_name`, `cookie_expiration`, `force_consent`, `darkmode`, `created_at`, `updated_at`) VALUES
(1, 1, 'gdpr_cookie', 30, 0, 0, '2023-11-14 04:49:32', '2023-11-14 04:49:32');

-- --------------------------------------------------------

--
-- Table structure for table `countries`
--

CREATE TABLE `countries` (
  `id` bigint UNSIGNED NOT NULL,
  `name` varchar(255) COLLATE utf8mb4_unicode_ci NOT NULL,
  `image` varchar(255) COLLATE utf8mb4_unicode_ci DEFAULT NULL,
  `slug` varchar(255) COLLATE utf8mb4_unicode_ci DEFAULT NULL,
  `icon` varchar(255) COLLATE utf8mb4_unicode_ci DEFAULT NULL,
  `sortname` varchar(255) COLLATE utf8mb4_unicode_ci DEFAULT NULL,
  `latitude` double DEFAULT NULL,
  `longitude` double DEFAULT NULL,
  `status` tinyint(1) NOT NULL DEFAULT '1',
  `created_at` timestamp NULL DEFAULT NULL,
  `updated_at` timestamp NULL DEFAULT NULL
) ENGINE=InnoDB DEFAULT CHARSET=utf8mb4 COLLATE=utf8mb4_unicode_ci;

--
-- Dumping data for table `countries`
--

INSERT INTO `countries` (`id`, `name`, `image`, `slug`, `icon`, `sortname`, `latitude`, `longitude`, `status`, `created_at`, `updated_at`) VALUES
(1, 'Aruba', 'backend/image/flags/flag-of-Aruba.jpg', 'aruba', 'flag-icon-aw', 'AW', 12.5, -69.96666666, 1, '2023-11-14 04:49:30', '2023-11-14 04:49:30'),
(2, 'Afghanistan', 'backend/image/flags/flag-of-Afghanistan.jpg', 'afghanistan', 'flag-icon-af', 'AF', 33, 65, 1, '2023-11-14 04:49:30', '2023-11-14 04:49:30'),
(3, 'Angola', 'backend/image/flags/flag-of-Angola.jpg', 'angola', 'flag-icon-ao', 'AO', -12.5, 18.5, 1, '2023-11-14 04:49:30', '2023-11-14 04:49:30'),
(4, 'Anguilla', 'backend/image/flags/flag-of-Anguilla.jpg', 'anguilla', 'flag-icon-ai', 'AI', 18.25, -63.16666666, 1, '2023-11-14 04:49:30', '2023-11-14 04:49:30'),
(5, 'Åland Islands', 'backend/image/flags/flag-of-Åland-Islands.jpg', 'aland-islands', 'flag-icon-ax', 'AX', 60.116667, 19.9, 1, '2023-11-14 04:49:30', '2023-11-14 04:49:30'),
(6, 'Albania', 'backend/image/flags/flag-of-Albania.jpg', 'albania', 'flag-icon-al', 'AL', 41, 20, 1, '2023-11-14 04:49:30', '2023-11-14 04:49:30'),
(7, 'Andorra', 'backend/image/flags/flag-of-Andorra.jpg', 'andorra', 'flag-icon-ad', 'AD', 42.5, 1.5, 1, '2023-11-14 04:49:30', '2023-11-14 04:49:30'),
(8, 'United Arab Emirates', 'backend/image/flags/flag-of-United-Arab-Emirates.jpg', 'united-arab-emirates', 'flag-icon-ae', 'AE', 24, 54, 1, '2023-11-14 04:49:30', '2023-11-14 04:49:30'),
(9, 'Argentina', 'backend/image/flags/flag-of-Argentina.jpg', 'argentina', 'flag-icon-ar', 'AR', -34, -64, 1, '2023-11-14 04:49:30', '2023-11-14 04:49:30'),
(10, 'Armenia', 'backend/image/flags/flag-of-Armenia.jpg', 'armenia', 'flag-icon-am', 'AM', 40, 45, 1, '2023-11-14 04:49:30', '2023-11-14 04:49:30'),
(11, 'American Samoa', 'backend/image/flags/flag-of-American-Samoa.jpg', 'american-samoa', 'flag-icon-as', 'AS', -14.33333333, -170, 1, '2023-11-14 04:49:30', '2023-11-14 04:49:30'),
(12, 'Antarctica', 'backend/image/flags/flag-of-Antarctica.jpg', 'antarctica', 'flag-icon-aq', 'AQ', -90, 0, 1, '2023-11-14 04:49:30', '2023-11-14 04:49:30'),
(13, 'French Southern and Antarctic Lands', 'backend/image/flags/flag-of-French-Southern-and-Antarctic-Lands.jpg', 'french-southern-and-antarctic-lands', 'flag-icon-tf', 'TF', -49.25, 69.167, 1, '2023-11-14 04:49:30', '2023-11-14 04:49:30'),
(14, 'Antigua and Barbuda', 'backend/image/flags/flag-of-Antigua-and-Barbuda.jpg', 'antigua-and-barbuda', 'flag-icon-ag', 'AG', 17.05, -61.8, 1, '2023-11-14 04:49:30', '2023-11-14 04:49:30'),
(15, 'Australia', 'backend/image/flags/flag-of-Australia.jpg', 'australia', 'flag-icon-au', 'AU', -27, 133, 1, '2023-11-14 04:49:30', '2023-11-14 04:49:30'),
(16, 'Austria', 'backend/image/flags/flag-of-Austria.jpg', 'austria', 'flag-icon-at', 'AT', 47.33333333, 13.33333333, 1, '2023-11-14 04:49:30', '2023-11-14 04:49:30'),
(17, 'Azerbaijan', 'backend/image/flags/flag-of-Azerbaijan.jpg', 'azerbaijan', 'flag-icon-az', 'AZ', 40.5, 47.5, 1, '2023-11-14 04:49:30', '2023-11-14 04:49:30'),
(18, 'Burundi', 'backend/image/flags/flag-of-Burundi.jpg', 'burundi', 'flag-icon-bi', 'BI', -3.5, 30, 1, '2023-11-14 04:49:30', '2023-11-14 04:49:30'),
(19, 'Belgium', 'backend/image/flags/flag-of-Belgium.jpg', 'belgium', 'flag-icon-be', 'BE', 50.83333333, 4, 1, '2023-11-14 04:49:30', '2023-11-14 04:49:30'),
(20, 'Benin', 'backend/image/flags/flag-of-Benin.jpg', 'benin', 'flag-icon-bj', 'BJ', 9.5, 2.25, 1, '2023-11-14 04:49:30', '2023-11-14 04:49:30'),
(21, 'Burkina Faso', 'backend/image/flags/flag-of-Burkina-Faso.jpg', 'burkina-faso', 'flag-icon-bf', 'BF', 13, -2, 1, '2023-11-14 04:49:30', '2023-11-14 04:49:30'),
(22, 'Bangladesh', 'backend/image/flags/flag-of-Bangladesh.jpg', 'bangladesh', 'flag-icon-bd', 'BD', 24, 90, 1, '2023-11-14 04:49:30', '2023-11-14 04:49:30'),
(23, 'Bulgaria', 'backend/image/flags/flag-of-Bulgaria.jpg', 'bulgaria', 'flag-icon-bg', 'BG', 43, 25, 1, '2023-11-14 04:49:30', '2023-11-14 04:49:30'),
(24, 'Bahrain', 'backend/image/flags/flag-of-Bahrain.jpg', 'bahrain', 'flag-icon-bh', 'BH', 26, 50.55, 1, '2023-11-14 04:49:30', '2023-11-14 04:49:30'),
(25, 'Bahamas', 'backend/image/flags/flag-of-Bahamas.jpg', 'bahamas', 'flag-icon-bs', 'BS', 24.25, -76, 1, '2023-11-14 04:49:30', '2023-11-14 04:49:30'),
(26, 'Bosnia and Herzegovina', 'backend/image/flags/flag-of-Bosnia-and-Herzegovina.jpg', 'bosnia-and-herzegovina', 'flag-icon-ba', 'BA', 44, 18, 1, '2023-11-14 04:49:30', '2023-11-14 04:49:30'),
(27, 'Saint Barthélemy', 'backend/image/flags/flag-of-Saint-Barthélemy.jpg', 'saint-barthelemy', 'flag-icon-bl', 'BL', 18.5, -63.41666666, 1, '2023-11-14 04:49:30', '2023-11-14 04:49:30'),
(28, 'Belarus', 'backend/image/flags/flag-of-Belarus.jpg', 'belarus', 'flag-icon-by', 'BY', 53, 28, 1, '2023-11-14 04:49:30', '2023-11-14 04:49:30'),
(29, 'Belize', 'backend/image/flags/flag-of-Belize.jpg', 'belize', 'flag-icon-bz', 'BZ', 17.25, -88.75, 1, '2023-11-14 04:49:30', '2023-11-14 04:49:30'),
(30, 'Bermuda', 'backend/image/flags/flag-of-Bermuda.jpg', 'bermuda', 'flag-icon-bm', 'BM', 32.33333333, -64.75, 1, '2023-11-14 04:49:30', '2023-11-14 04:49:30'),
(31, 'Bolivia', 'backend/image/flags/flag-of-Bolivia.jpg', 'bolivia', 'flag-icon-bo', 'BO', -17, -65, 1, '2023-11-14 04:49:30', '2023-11-14 04:49:30'),
(32, 'Brazil', 'backend/image/flags/flag-of-Brazil.jpg', 'brazil', 'flag-icon-br', 'BR', -10, -55, 1, '2023-11-14 04:49:30', '2023-11-14 04:49:30'),
(33, 'Barbados', 'backend/image/flags/flag-of-Barbados.jpg', 'barbados', 'flag-icon-bb', 'BB', 13.16666666, -59.53333333, 1, '2023-11-14 04:49:30', '2023-11-14 04:49:30'),
(34, 'Brunei', 'backend/image/flags/flag-of-Brunei.jpg', 'brunei', 'flag-icon-bn', 'BN', 4.5, 114.66666666, 1, '2023-11-14 04:49:30', '2023-11-14 04:49:30'),
(35, 'Bhutan', 'backend/image/flags/flag-of-Bhutan.jpg', 'bhutan', 'flag-icon-bt', 'BT', 27.5, 90.5, 1, '2023-11-14 04:49:30', '2023-11-14 04:49:30'),
(36, 'Bouvet Island', 'backend/image/flags/flag-of-Bouvet-Island.jpg', 'bouvet-island', 'flag-icon-bv', 'BV', -54.43333333, 3.4, 1, '2023-11-14 04:49:30', '2023-11-14 04:49:30'),
(37, 'Botswana', 'backend/image/flags/flag-of-Botswana.jpg', 'botswana', 'flag-icon-bw', 'BW', -22, 24, 1, '2023-11-14 04:49:30', '2023-11-14 04:49:30'),
(38, 'Central African Republic', 'backend/image/flags/flag-of-Central-African-Republic.jpg', 'central-african-republic', 'flag-icon-cf', 'CF', 7, 21, 1, '2023-11-14 04:49:30', '2023-11-14 04:49:30'),
(39, 'Canada', 'backend/image/flags/flag-of-Canada.jpg', 'canada', 'flag-icon-ca', 'CA', 60, -95, 1, '2023-11-14 04:49:30', '2023-11-14 04:49:30'),
(40, 'Cocos (Keeling) Islands', 'backend/image/flags/flag-of-Cocos-(Keeling)-Islands.jpg', 'cocos-keeling-islands', 'flag-icon-cc', 'CC', -12.5, 96.83333333, 1, '2023-11-14 04:49:30', '2023-11-14 04:49:30'),
(41, 'Switzerland', 'backend/image/flags/flag-of-Switzerland.jpg', 'switzerland', 'flag-icon-ch', 'CH', 47, 8, 1, '2023-11-14 04:49:30', '2023-11-14 04:49:30'),
(42, 'Chile', 'backend/image/flags/flag-of-Chile.jpg', 'chile', 'flag-icon-cl', 'CL', -30, -71, 1, '2023-11-14 04:49:30', '2023-11-14 04:49:30'),
(43, 'China', 'backend/image/flags/flag-of-China.jpg', 'china', 'flag-icon-cn', 'CN', 35, 105, 1, '2023-11-14 04:49:30', '2023-11-14 04:49:30'),
(44, 'Ivory Coast', 'backend/image/flags/flag-of-Ivory-Coast.jpg', 'ivory-coast', 'flag-icon-ci', 'CI', 8, -5, 1, '2023-11-14 04:49:30', '2023-11-14 04:49:30'),
(45, 'Cameroon', 'backend/image/flags/flag-of-Cameroon.jpg', 'cameroon', 'flag-icon-cm', 'CM', 6, 12, 1, '2023-11-14 04:49:30', '2023-11-14 04:49:30'),
(46, 'DR Congo', 'backend/image/flags/flag-of-DR-Congo.jpg', 'dr-congo', 'flag-icon-cd', 'CD', 0, 25, 1, '2023-11-14 04:49:30', '2023-11-14 04:49:30'),
(47, 'Republic of the Congo', 'backend/image/flags/flag-of-Republic-of-the-Congo.jpg', 'republic-of-the-congo', 'flag-icon-cg', 'CG', -1, 15, 1, '2023-11-14 04:49:30', '2023-11-14 04:49:30'),
(48, 'Cook Islands', 'backend/image/flags/flag-of-Cook-Islands.jpg', 'cook-islands', 'flag-icon-ck', 'CK', -21.23333333, -159.76666666, 1, '2023-11-14 04:49:30', '2023-11-14 04:49:30'),
(49, 'Colombia', 'backend/image/flags/flag-of-Colombia.jpg', 'colombia', 'flag-icon-co', 'CO', 4, -72, 1, '2023-11-14 04:49:30', '2023-11-14 04:49:30'),
(50, 'Comoros', 'backend/image/flags/flag-of-Comoros.jpg', 'comoros', 'flag-icon-km', 'KM', -12.16666666, 44.25, 1, '2023-11-14 04:49:30', '2023-11-14 04:49:30'),
(51, 'Cape Verde', 'backend/image/flags/flag-of-Cape-Verde.jpg', 'cape-verde', 'flag-icon-cv', 'CV', 16, -24, 1, '2023-11-14 04:49:30', '2023-11-14 04:49:30'),
(52, 'Costa Rica', 'backend/image/flags/flag-of-Costa-Rica.jpg', 'costa-rica', 'flag-icon-cr', 'CR', 10, -84, 1, '2023-11-14 04:49:30', '2023-11-14 04:49:30'),
(53, 'Cuba', 'backend/image/flags/flag-of-Cuba.jpg', 'cuba', 'flag-icon-cu', 'CU', 21.5, -80, 1, '2023-11-14 04:49:30', '2023-11-14 04:49:30'),
(54, 'Curaçao', 'backend/image/flags/flag-of-Curaçao.jpg', 'curacao', 'flag-icon-cw', 'CW', 12.116667, -68.933333, 1, '2023-11-14 04:49:30', '2023-11-14 04:49:30'),
(55, 'Christmas Island', 'backend/image/flags/flag-of-Christmas-Island.jpg', 'christmas-island', 'flag-icon-cx', 'CX', -10.5, 105.66666666, 1, '2023-11-14 04:49:30', '2023-11-14 04:49:30'),
(56, 'Cayman Islands', 'backend/image/flags/flag-of-Cayman-Islands.jpg', 'cayman-islands', 'flag-icon-ky', 'KY', 19.5, -80.5, 1, '2023-11-14 04:49:30', '2023-11-14 04:49:30'),
(57, 'Cyprus', 'backend/image/flags/flag-of-Cyprus.jpg', 'cyprus', 'flag-icon-cy', 'CY', 35, 33, 1, '2023-11-14 04:49:30', '2023-11-14 04:49:30'),
(58, 'Czech Republic', 'backend/image/flags/flag-of-Czech-Republic.jpg', 'czech-republic', 'flag-icon-cz', 'CZ', 49.75, 15.5, 1, '2023-11-14 04:49:30', '2023-11-14 04:49:30'),
(59, 'Germany', 'backend/image/flags/flag-of-Germany.jpg', 'germany', 'flag-icon-de', 'DE', 51, 9, 1, '2023-11-14 04:49:30', '2023-11-14 04:49:30'),
(60, 'Djibouti', 'backend/image/flags/flag-of-Djibouti.jpg', 'djibouti', 'flag-icon-dj', 'DJ', 11.5, 43, 1, '2023-11-14 04:49:30', '2023-11-14 04:49:30'),
(61, 'Dominica', 'backend/image/flags/flag-of-Dominica.jpg', 'dominica', 'flag-icon-dm', 'DM', 15.41666666, -61.33333333, 1, '2023-11-14 04:49:30', '2023-11-14 04:49:30'),
(62, 'Denmark', 'backend/image/flags/flag-of-Denmark.jpg', 'denmark', 'flag-icon-dk', 'DK', 56, 10, 1, '2023-11-14 04:49:30', '2023-11-14 04:49:30'),
(63, 'Dominican Republic', 'backend/image/flags/flag-of-Dominican-Republic.jpg', 'dominican-republic', 'flag-icon-do', 'DO', 19, -70.66666666, 1, '2023-11-14 04:49:30', '2023-11-14 04:49:30'),
(64, 'Algeria', 'backend/image/flags/flag-of-Algeria.jpg', 'algeria', 'flag-icon-dz', 'DZ', 28, 3, 1, '2023-11-14 04:49:30', '2023-11-14 04:49:30'),
(65, 'Ecuador', 'backend/image/flags/flag-of-Ecuador.jpg', 'ecuador', 'flag-icon-ec', 'EC', -2, -77.5, 1, '2023-11-14 04:49:30', '2023-11-14 04:49:30'),
(66, 'Egypt', 'backend/image/flags/flag-of-Egypt.jpg', 'egypt', 'flag-icon-eg', 'EG', 27, 30, 1, '2023-11-14 04:49:30', '2023-11-14 04:49:30'),
(67, 'Eritrea', 'backend/image/flags/flag-of-Eritrea.jpg', 'eritrea', 'flag-icon-er', 'ER', 15, 39, 1, '2023-11-14 04:49:30', '2023-11-14 04:49:30'),
(68, 'Western Sahara', 'backend/image/flags/flag-of-Western-Sahara.jpg', 'western-sahara', 'flag-icon-eh', 'EH', 24.5, -13, 1, '2023-11-14 04:49:30', '2023-11-14 04:49:30'),
(69, 'Spain', 'backend/image/flags/flag-of-Spain.jpg', 'spain', 'flag-icon-es', 'ES', 40, -4, 1, '2023-11-14 04:49:30', '2023-11-14 04:49:30'),
(70, 'Estonia', 'backend/image/flags/flag-of-Estonia.jpg', 'estonia', 'flag-icon-ee', 'EE', 59, 26, 1, '2023-11-14 04:49:30', '2023-11-14 04:49:30'),
(71, 'Ethiopia', 'backend/image/flags/flag-of-Ethiopia.jpg', 'ethiopia', 'flag-icon-et', 'ET', 8, 38, 1, '2023-11-14 04:49:30', '2023-11-14 04:49:30'),
(72, 'Finland', 'backend/image/flags/flag-of-Finland.jpg', 'finland', 'flag-icon-fi', 'FI', 64, 26, 1, '2023-11-14 04:49:30', '2023-11-14 04:49:30'),
(73, 'Fiji', 'backend/image/flags/flag-of-Fiji.jpg', 'fiji', 'flag-icon-fj', 'FJ', -18, 175, 1, '2023-11-14 04:49:30', '2023-11-14 04:49:30'),
(74, 'Falkland Islands', 'backend/image/flags/flag-of-Falkland-Islands.jpg', 'falkland-islands', 'flag-icon-fk', 'FK', -51.75, -59, 1, '2023-11-14 04:49:30', '2023-11-14 04:49:30'),
(75, 'France', 'backend/image/flags/flag-of-France.jpg', 'france', 'flag-icon-fr', 'FR', 46, 2, 1, '2023-11-14 04:49:30', '2023-11-14 04:49:30'),
(76, 'Faroe Islands', 'backend/image/flags/flag-of-Faroe-Islands.jpg', 'faroe-islands', 'flag-icon-fo', 'FO', 62, -7, 1, '2023-11-14 04:49:30', '2023-11-14 04:49:30'),
(77, 'Micronesia', 'backend/image/flags/flag-of-Micronesia.jpg', 'micronesia', 'flag-icon-fm', 'FM', 6.91666666, 158.25, 1, '2023-11-14 04:49:30', '2023-11-14 04:49:30'),
(78, 'Gabon', 'backend/image/flags/flag-of-Gabon.jpg', 'gabon', 'flag-icon-ga', 'GA', -1, 11.75, 1, '2023-11-14 04:49:30', '2023-11-14 04:49:30'),
(79, 'United Kingdom', 'backend/image/flags/flag-of-United-Kingdom.jpg', 'united-kingdom', 'flag-icon-gb', 'GB', 54, -2, 1, '2023-11-14 04:49:30', '2023-11-14 04:49:30'),
(80, 'Georgia', 'backend/image/flags/flag-of-Georgia.jpg', 'georgia', 'flag-icon-ge', 'GE', 42, 43.5, 1, '2023-11-14 04:49:30', '2023-11-14 04:49:30'),
(81, 'Guernsey', 'backend/image/flags/flag-of-Guernsey.jpg', 'guernsey', 'flag-icon-gg', 'GG', 49.46666666, -2.58333333, 1, '2023-11-14 04:49:30', '2023-11-14 04:49:30'),
(82, 'Ghana', 'backend/image/flags/flag-of-Ghana.jpg', 'ghana', 'flag-icon-gh', 'GH', 8, -2, 1, '2023-11-14 04:49:30', '2023-11-14 04:49:30'),
(83, 'Gibraltar', 'backend/image/flags/flag-of-Gibraltar.jpg', 'gibraltar', 'flag-icon-gi', 'GI', 36.13333333, -5.35, 1, '2023-11-14 04:49:30', '2023-11-14 04:49:30'),
(84, 'Guinea', 'backend/image/flags/flag-of-Guinea.jpg', 'guinea', 'flag-icon-gn', 'GN', 11, -10, 1, '2023-11-14 04:49:30', '2023-11-14 04:49:30'),
(85, 'Guadeloupe', 'backend/image/flags/flag-of-Guadeloupe.jpg', 'guadeloupe', 'flag-icon-gp', 'GP', 16.25, -61.583333, 1, '2023-11-14 04:49:30', '2023-11-14 04:49:30'),
(86, 'Gambia', 'backend/image/flags/flag-of-Gambia.jpg', 'gambia', 'flag-icon-gm', 'GM', 13.46666666, -16.56666666, 1, '2023-11-14 04:49:30', '2023-11-14 04:49:30'),
(87, 'Guinea-Bissau', 'backend/image/flags/flag-of-Guinea-Bissau.jpg', 'guinea-bissau', 'flag-icon-gw', 'GW', 12, -15, 1, '2023-11-14 04:49:30', '2023-11-14 04:49:30'),
(88, 'Equatorial Guinea', 'backend/image/flags/flag-of-Equatorial-Guinea.jpg', 'equatorial-guinea', 'flag-icon-gq', 'GQ', 2, 10, 1, '2023-11-14 04:49:30', '2023-11-14 04:49:30'),
(89, 'Greece', 'backend/image/flags/flag-of-Greece.jpg', 'greece', 'flag-icon-gr', 'GR', 39, 22, 1, '2023-11-14 04:49:30', '2023-11-14 04:49:30'),
(90, 'Grenada', 'backend/image/flags/flag-of-Grenada.jpg', 'grenada', 'flag-icon-gd', 'GD', 12.11666666, -61.66666666, 1, '2023-11-14 04:49:30', '2023-11-14 04:49:30'),
(91, 'Greenland', 'backend/image/flags/flag-of-Greenland.jpg', 'greenland', 'flag-icon-gl', 'GL', 72, -40, 1, '2023-11-14 04:49:30', '2023-11-14 04:49:30'),
(92, 'Guatemala', 'backend/image/flags/flag-of-Guatemala.jpg', 'guatemala', 'flag-icon-gt', 'GT', 15.5, -90.25, 1, '2023-11-14 04:49:30', '2023-11-14 04:49:30'),
(93, 'French Guiana', 'backend/image/flags/flag-of-French-Guiana.jpg', 'french-guiana', 'flag-icon-gf', 'GF', 4, -53, 1, '2023-11-14 04:49:30', '2023-11-14 04:49:30'),
(94, 'Guam', 'backend/image/flags/flag-of-Guam.jpg', 'guam', 'flag-icon-gu', 'GU', 13.46666666, 144.78333333, 1, '2023-11-14 04:49:30', '2023-11-14 04:49:30'),
(95, 'Guyana', 'backend/image/flags/flag-of-Guyana.jpg', 'guyana', 'flag-icon-gy', 'GY', 5, -59, 1, '2023-11-14 04:49:30', '2023-11-14 04:49:30'),
(96, 'Hong Kong', 'backend/image/flags/flag-of-Hong-Kong.jpg', 'hong-kong', 'flag-icon-hk', 'HK', 22.267, 114.188, 1, '2023-11-14 04:49:30', '2023-11-14 04:49:30'),
(97, 'Honduras', 'backend/image/flags/flag-of-Honduras.jpg', 'honduras', 'flag-icon-hn', 'HN', 15, -86.5, 1, '2023-11-14 04:49:30', '2023-11-14 04:49:30'),
(98, 'Croatia', 'backend/image/flags/flag-of-Croatia.jpg', 'croatia', 'flag-icon-hr', 'HR', 45.16666666, 15.5, 1, '2023-11-14 04:49:30', '2023-11-14 04:49:30'),
(99, 'Haiti', 'backend/image/flags/flag-of-Haiti.jpg', 'haiti', 'flag-icon-ht', 'HT', 19, -72.41666666, 1, '2023-11-14 04:49:30', '2023-11-14 04:49:30'),
(100, 'Hungary', 'backend/image/flags/flag-of-Hungary.jpg', 'hungary', 'flag-icon-hu', 'HU', 47, 20, 1, '2023-11-14 04:49:30', '2023-11-14 04:49:30'),
(101, 'Indonesia', 'backend/image/flags/flag-of-Indonesia.jpg', 'indonesia', 'flag-icon-id', 'ID', -5, 120, 1, '2023-11-14 04:49:30', '2023-11-14 04:49:30'),
(102, 'Isle of Man', 'backend/image/flags/flag-of-Isle-of-Man.jpg', 'isle-of-man', 'flag-icon-im', 'IM', 54.25, -4.5, 1, '2023-11-14 04:49:30', '2023-11-14 04:49:30'),
(103, 'India', 'backend/image/flags/flag-of-India.jpg', 'india', 'flag-icon-in', 'IN', 20, 77, 1, '2023-11-14 04:49:30', '2023-11-14 04:49:30'),
(104, 'British Indian Ocean Territory', 'backend/image/flags/flag-of-British-Indian-Ocean-Territory.jpg', 'british-indian-ocean-territory', 'flag-icon-io', 'IO', -6, 71.5, 1, '2023-11-14 04:49:30', '2023-11-14 04:49:30'),
(105, 'Ireland', 'backend/image/flags/flag-of-Ireland.jpg', 'ireland', 'flag-icon-ie', 'IE', 53, -8, 1, '2023-11-14 04:49:30', '2023-11-14 04:49:30'),
(106, 'Iran', 'backend/image/flags/flag-of-Iran.jpg', 'iran', 'flag-icon-ir', 'IR', 32, 53, 1, '2023-11-14 04:49:30', '2023-11-14 04:49:30'),
(107, 'Iraq', 'backend/image/flags/flag-of-Iraq.jpg', 'iraq', 'flag-icon-iq', 'IQ', 33, 44, 1, '2023-11-14 04:49:30', '2023-11-14 04:49:30'),
(108, 'Iceland', 'backend/image/flags/flag-of-Iceland.jpg', 'iceland', 'flag-icon-is', 'IS', 65, -18, 1, '2023-11-14 04:49:30', '2023-11-14 04:49:30'),
(109, 'Israel', 'backend/image/flags/flag-of-Israel.jpg', 'israel', 'flag-icon-il', 'IL', 31.47, 35.13, 1, '2023-11-14 04:49:30', '2023-11-14 04:49:30'),
(110, 'Italy', 'backend/image/flags/flag-of-Italy.jpg', 'italy', 'flag-icon-it', 'IT', 42.83333333, 12.83333333, 1, '2023-11-14 04:49:30', '2023-11-14 04:49:30'),
(111, 'Jamaica', 'backend/image/flags/flag-of-Jamaica.jpg', 'jamaica', 'flag-icon-jm', 'JM', 18.25, -77.5, 1, '2023-11-14 04:49:30', '2023-11-14 04:49:30'),
(112, 'Jersey', 'backend/image/flags/flag-of-Jersey.jpg', 'jersey', 'flag-icon-je', 'JE', 49.25, -2.16666666, 1, '2023-11-14 04:49:30', '2023-11-14 04:49:30'),
(113, 'Jordan', 'backend/image/flags/flag-of-Jordan.jpg', 'jordan', 'flag-icon-jo', 'JO', 31, 36, 1, '2023-11-14 04:49:30', '2023-11-14 04:49:30'),
(114, 'Japan', 'backend/image/flags/flag-of-Japan.jpg', 'japan', 'flag-icon-jp', 'JP', 36, 138, 1, '2023-11-14 04:49:30', '2023-11-14 04:49:30'),
(115, 'Kazakhstan', 'backend/image/flags/flag-of-Kazakhstan.jpg', 'kazakhstan', 'flag-icon-kz', 'KZ', 48, 68, 1, '2023-11-14 04:49:30', '2023-11-14 04:49:30'),
(116, 'Kenya', 'backend/image/flags/flag-of-Kenya.jpg', 'kenya', 'flag-icon-ke', 'KE', 1, 38, 1, '2023-11-14 04:49:30', '2023-11-14 04:49:30'),
(117, 'Kyrgyzstan', 'backend/image/flags/flag-of-Kyrgyzstan.jpg', 'kyrgyzstan', 'flag-icon-kg', 'KG', 41, 75, 1, '2023-11-14 04:49:30', '2023-11-14 04:49:30'),
(118, 'Cambodia', 'backend/image/flags/flag-of-Cambodia.jpg', 'cambodia', 'flag-icon-kh', 'KH', 13, 105, 1, '2023-11-14 04:49:30', '2023-11-14 04:49:30'),
(119, 'Kiribati', 'backend/image/flags/flag-of-Kiribati.jpg', 'kiribati', 'flag-icon-ki', 'KI', 1.41666666, 173, 1, '2023-11-14 04:49:30', '2023-11-14 04:49:30'),
(120, 'Saint Kitts and Nevis', 'backend/image/flags/flag-of-Saint-Kitts-and-Nevis.jpg', 'saint-kitts-and-nevis', 'flag-icon-kn', 'KN', 17.33333333, -62.75, 1, '2023-11-14 04:49:30', '2023-11-14 04:49:30'),
(121, 'South Korea', 'backend/image/flags/flag-of-South-Korea.jpg', 'south-korea', 'flag-icon-kr', 'KR', 37, 127.5, 1, '2023-11-14 04:49:30', '2023-11-14 04:49:30'),
(122, 'Kosovo', 'backend/image/flags/flag-of-Kosovo.jpg', 'kosovo', 'flag-icon-xk', 'XK', 42.666667, 21.166667, 1, '2023-11-14 04:49:30', '2023-11-14 04:49:30'),
(123, 'Kuwait', 'backend/image/flags/flag-of-Kuwait.jpg', 'kuwait', 'flag-icon-kw', 'KW', 29.5, 45.75, 1, '2023-11-14 04:49:30', '2023-11-14 04:49:30'),
(124, 'Laos', 'backend/image/flags/flag-of-Laos.jpg', 'laos', 'flag-icon-la', 'LA', 18, 105, 1, '2023-11-14 04:49:30', '2023-11-14 04:49:30'),
(125, 'Lebanon', 'backend/image/flags/flag-of-Lebanon.jpg', 'lebanon', 'flag-icon-lb', 'LB', 33.83333333, 35.83333333, 1, '2023-11-14 04:49:30', '2023-11-14 04:49:30'),
(126, 'Liberia', 'backend/image/flags/flag-of-Liberia.jpg', 'liberia', 'flag-icon-lr', 'LR', 6.5, -9.5, 1, '2023-11-14 04:49:30', '2023-11-14 04:49:30'),
(127, 'Libya', 'backend/image/flags/flag-of-Libya.jpg', 'libya', 'flag-icon-ly', 'LY', 25, 17, 1, '2023-11-14 04:49:30', '2023-11-14 04:49:30'),
(128, 'Saint Lucia', 'backend/image/flags/flag-of-Saint-Lucia.jpg', 'saint-lucia', 'flag-icon-lc', 'LC', 13.88333333, -60.96666666, 1, '2023-11-14 04:49:30', '2023-11-14 04:49:30'),
(129, 'Liechtenstein', 'backend/image/flags/flag-of-Liechtenstein.jpg', 'liechtenstein', 'flag-icon-li', 'LI', 47.26666666, 9.53333333, 1, '2023-11-14 04:49:30', '2023-11-14 04:49:30'),
(130, 'Sri Lanka', 'backend/image/flags/flag-of-Sri-Lanka.jpg', 'sri-lanka', 'flag-icon-lk', 'LK', 7, 81, 1, '2023-11-14 04:49:30', '2023-11-14 04:49:30'),
(131, 'Lesotho', 'backend/image/flags/flag-of-Lesotho.jpg', 'lesotho', 'flag-icon-ls', 'LS', -29.5, 28.5, 1, '2023-11-14 04:49:30', '2023-11-14 04:49:30'),
(132, 'Lithuania', 'backend/image/flags/flag-of-Lithuania.jpg', 'lithuania', 'flag-icon-lt', 'LT', 56, 24, 1, '2023-11-14 04:49:30', '2023-11-14 04:49:30'),
(133, 'Luxembourg', 'backend/image/flags/flag-of-Luxembourg.jpg', 'luxembourg', 'flag-icon-lu', 'LU', 49.75, 6.16666666, 1, '2023-11-14 04:49:30', '2023-11-14 04:49:30'),
(134, 'Latvia', 'backend/image/flags/flag-of-Latvia.jpg', 'latvia', 'flag-icon-lv', 'LV', 57, 25, 1, '2023-11-14 04:49:30', '2023-11-14 04:49:30'),
(135, 'Macau', 'backend/image/flags/flag-of-Macau.jpg', 'macau', 'flag-icon-mo', 'MO', 22.16666666, 113.55, 1, '2023-11-14 04:49:30', '2023-11-14 04:49:30'),
(136, 'Saint Martin', 'backend/image/flags/flag-of-Saint-Martin.jpg', 'saint-martin', 'flag-icon-mf', 'MF', 18.08333333, -63.95, 1, '2023-11-14 04:49:30', '2023-11-14 04:49:30'),
(137, 'Morocco', 'backend/image/flags/flag-of-Morocco.jpg', 'morocco', 'flag-icon-ma', 'MA', 32, -5, 1, '2023-11-14 04:49:30', '2023-11-14 04:49:30'),
(138, 'Monaco', 'backend/image/flags/flag-of-Monaco.jpg', 'monaco', 'flag-icon-mc', 'MC', 43.73333333, 7.4, 1, '2023-11-14 04:49:30', '2023-11-14 04:49:30'),
(139, 'Moldova', 'backend/image/flags/flag-of-Moldova.jpg', 'moldova', 'flag-icon-md', 'MD', 47, 29, 1, '2023-11-14 04:49:30', '2023-11-14 04:49:30'),
(140, 'Madagascar', 'backend/image/flags/flag-of-Madagascar.jpg', 'madagascar', 'flag-icon-mg', 'MG', -20, 47, 1, '2023-11-14 04:49:30', '2023-11-14 04:49:30'),
(141, 'Maldives', 'backend/image/flags/flag-of-Maldives.jpg', 'maldives', 'flag-icon-mv', 'MV', 3.25, 73, 1, '2023-11-14 04:49:30', '2023-11-14 04:49:30'),
(142, 'Mexico', 'backend/image/flags/flag-of-Mexico.jpg', 'mexico', 'flag-icon-mx', 'MX', 23, -102, 1, '2023-11-14 04:49:30', '2023-11-14 04:49:30'),
(143, 'Marshall Islands', 'backend/image/flags/flag-of-Marshall-Islands.jpg', 'marshall-islands', 'flag-icon-mh', 'MH', 9, 168, 1, '2023-11-14 04:49:30', '2023-11-14 04:49:30'),
(144, 'Macedonia', 'backend/image/flags/flag-of-Macedonia.jpg', 'macedonia', 'flag-icon-mk', 'MK', 41.83333333, 22, 1, '2023-11-14 04:49:30', '2023-11-14 04:49:30'),
(145, 'Mali', 'backend/image/flags/flag-of-Mali.jpg', 'mali', 'flag-icon-ml', 'ML', 17, -4, 1, '2023-11-14 04:49:30', '2023-11-14 04:49:30'),
(146, 'Malta', 'backend/image/flags/flag-of-Malta.jpg', 'malta', 'flag-icon-mt', 'MT', 35.83333333, 14.58333333, 1, '2023-11-14 04:49:30', '2023-11-14 04:49:30'),
(147, 'Myanmar', 'backend/image/flags/flag-of-Myanmar.jpg', 'myanmar', 'flag-icon-mm', 'MM', 22, 98, 1, '2023-11-14 04:49:30', '2023-11-14 04:49:30'),
(148, 'Montenegro', 'backend/image/flags/flag-of-Montenegro.jpg', 'montenegro', 'flag-icon-me', 'ME', 42.5, 19.3, 1, '2023-11-14 04:49:30', '2023-11-14 04:49:30'),
(149, 'Mongolia', 'backend/image/flags/flag-of-Mongolia.jpg', 'mongolia', 'flag-icon-mn', 'MN', 46, 105, 1, '2023-11-14 04:49:30', '2023-11-14 04:49:30'),
(150, 'Northern Mariana Islands', 'backend/image/flags/flag-of-Northern-Mariana-Islands.jpg', 'northern-mariana-islands', 'flag-icon-mp', 'MP', 15.2, 145.75, 1, '2023-11-14 04:49:30', '2023-11-14 04:49:30'),
(151, 'Mozambique', 'backend/image/flags/flag-of-Mozambique.jpg', 'mozambique', 'flag-icon-mz', 'MZ', -18.25, 35, 1, '2023-11-14 04:49:30', '2023-11-14 04:49:30'),
(152, 'Mauritania', 'backend/image/flags/flag-of-Mauritania.jpg', 'mauritania', 'flag-icon-mr', 'MR', 20, -12, 1, '2023-11-14 04:49:30', '2023-11-14 04:49:30'),
(153, 'Montserrat', 'backend/image/flags/flag-of-Montserrat.jpg', 'montserrat', 'flag-icon-ms', 'MS', 16.75, -62.2, 1, '2023-11-14 04:49:30', '2023-11-14 04:49:30'),
(154, 'Martinique', 'backend/image/flags/flag-of-Martinique.jpg', 'martinique', 'flag-icon-mq', 'MQ', 14.666667, -61, 1, '2023-11-14 04:49:30', '2023-11-14 04:49:30'),
(155, 'Mauritius', 'backend/image/flags/flag-of-Mauritius.jpg', 'mauritius', 'flag-icon-mu', 'MU', -20.28333333, 57.55, 1, '2023-11-14 04:49:30', '2023-11-14 04:49:30'),
(156, 'Malawi', 'backend/image/flags/flag-of-Malawi.jpg', 'malawi', 'flag-icon-mw', 'MW', -13.5, 34, 1, '2023-11-14 04:49:30', '2023-11-14 04:49:30'),
(157, 'Malaysia', 'backend/image/flags/flag-of-Malaysia.jpg', 'malaysia', 'flag-icon-my', 'MY', 2.5, 112.5, 1, '2023-11-14 04:49:30', '2023-11-14 04:49:30'),
(158, 'Mayotte', 'backend/image/flags/flag-of-Mayotte.jpg', 'mayotte', 'flag-icon-yt', 'YT', -12.83333333, 45.16666666, 1, '2023-11-14 04:49:30', '2023-11-14 04:49:30'),
(159, 'Namibia', 'backend/image/flags/flag-of-Namibia.jpg', 'namibia', 'flag-icon-na', 'NA', -22, 17, 1, '2023-11-14 04:49:30', '2023-11-14 04:49:30'),
(160, 'New Caledonia', 'backend/image/flags/flag-of-New-Caledonia.jpg', 'new-caledonia', 'flag-icon-nc', 'NC', -21.5, 165.5, 1, '2023-11-14 04:49:30', '2023-11-14 04:49:30'),
(161, 'Niger', 'backend/image/flags/flag-of-Niger.jpg', 'niger', 'flag-icon-ne', 'NE', 16, 8, 1, '2023-11-14 04:49:30', '2023-11-14 04:49:30'),
(162, 'Norfolk Island', 'backend/image/flags/flag-of-Norfolk-Island.jpg', 'norfolk-island', 'flag-icon-nf', 'NF', -29.03333333, 167.95, 1, '2023-11-14 04:49:30', '2023-11-14 04:49:30'),
(163, 'Nigeria', 'backend/image/flags/flag-of-Nigeria.jpg', 'nigeria', 'flag-icon-ng', 'NG', 10, 8, 1, '2023-11-14 04:49:30', '2023-11-14 04:49:30'),
(164, 'Nicaragua', 'backend/image/flags/flag-of-Nicaragua.jpg', 'nicaragua', 'flag-icon-ni', 'NI', 13, -85, 1, '2023-11-14 04:49:30', '2023-11-14 04:49:30'),
(165, 'Niue', 'backend/image/flags/flag-of-Niue.jpg', 'niue', 'flag-icon-nu', 'NU', -19.03333333, -169.86666666, 1, '2023-11-14 04:49:30', '2023-11-14 04:49:30'),
(166, 'Netherlands', 'backend/image/flags/flag-of-Netherlands.jpg', 'netherlands', 'flag-icon-nl', 'NL', 52.5, 5.75, 1, '2023-11-14 04:49:30', '2023-11-14 04:49:30'),
(167, 'Norway', 'backend/image/flags/flag-of-Norway.jpg', 'norway', 'flag-icon-no', 'NO', 62, 10, 1, '2023-11-14 04:49:30', '2023-11-14 04:49:30'),
(168, 'Nepal', 'backend/image/flags/flag-of-Nepal.jpg', 'nepal', 'flag-icon-np', 'NP', 28, 84, 1, '2023-11-14 04:49:30', '2023-11-14 04:49:30'),
(169, 'Nauru', 'backend/image/flags/flag-of-Nauru.jpg', 'nauru', 'flag-icon-nr', 'NR', -0.53333333, 166.91666666, 1, '2023-11-14 04:49:30', '2023-11-14 04:49:30'),
(170, 'New Zealand', 'backend/image/flags/flag-of-New-Zealand.jpg', 'new-zealand', 'flag-icon-nz', 'NZ', -41, 174, 1, '2023-11-14 04:49:30', '2023-11-14 04:49:30'),
(171, 'Oman', 'backend/image/flags/flag-of-Oman.jpg', 'oman', 'flag-icon-om', 'OM', 21, 57, 1, '2023-11-14 04:49:30', '2023-11-14 04:49:30'),
(172, 'Pakistan', 'backend/image/flags/flag-of-Pakistan.jpg', 'pakistan', 'flag-icon-pk', 'PK', 30, 70, 1, '2023-11-14 04:49:30', '2023-11-14 04:49:30'),
(173, 'Panama', 'backend/image/flags/flag-of-Panama.jpg', 'panama', 'flag-icon-pa', 'PA', 9, -80, 1, '2023-11-14 04:49:30', '2023-11-14 04:49:30'),
(174, 'Pitcairn Islands', 'backend/image/flags/flag-of-Pitcairn-Islands.jpg', 'pitcairn-islands', 'flag-icon-pn', 'PN', -25.06666666, -130.1, 1, '2023-11-14 04:49:30', '2023-11-14 04:49:30'),
(175, 'Peru', 'backend/image/flags/flag-of-Peru.jpg', 'peru', 'flag-icon-pe', 'PE', -10, -76, 1, '2023-11-14 04:49:30', '2023-11-14 04:49:30'),
(176, 'Philippines', 'backend/image/flags/flag-of-Philippines.jpg', 'philippines', 'flag-icon-ph', 'PH', 13, 122, 1, '2023-11-14 04:49:30', '2023-11-14 04:49:30'),
(177, 'Palau', 'backend/image/flags/flag-of-Palau.jpg', 'palau', 'flag-icon-pw', 'PW', 7.5, 134.5, 1, '2023-11-14 04:49:30', '2023-11-14 04:49:30'),
(178, 'Papua New Guinea', 'backend/image/flags/flag-of-Papua-New-Guinea.jpg', 'papua-new-guinea', 'flag-icon-pg', 'PG', -6, 147, 1, '2023-11-14 04:49:30', '2023-11-14 04:49:30'),
(179, 'Poland', 'backend/image/flags/flag-of-Poland.jpg', 'poland', 'flag-icon-pl', 'PL', 52, 20, 1, '2023-11-14 04:49:30', '2023-11-14 04:49:30'),
(180, 'Puerto Rico', 'backend/image/flags/flag-of-Puerto-Rico.jpg', 'puerto-rico', 'flag-icon-pr', 'PR', 18.25, -66.5, 1, '2023-11-14 04:49:30', '2023-11-14 04:49:30'),
(181, 'North Korea', 'backend/image/flags/flag-of-North-Korea.jpg', 'north-korea', 'flag-icon-kp', 'KP', 40, 127, 1, '2023-11-14 04:49:30', '2023-11-14 04:49:30'),
(182, 'Portugal', 'backend/image/flags/flag-of-Portugal.jpg', 'portugal', 'flag-icon-pt', 'PT', 39.5, -8, 1, '2023-11-14 04:49:30', '2023-11-14 04:49:30'),
(183, 'Paraguay', 'backend/image/flags/flag-of-Paraguay.jpg', 'paraguay', 'flag-icon-py', 'PY', -23, -58, 1, '2023-11-14 04:49:30', '2023-11-14 04:49:30'),
(184, 'Palestine', 'backend/image/flags/flag-of-Palestine.jpg', 'palestine', 'flag-icon-ps', 'PS', 31.9, 35.2, 1, '2023-11-14 04:49:30', '2023-11-14 04:49:30'),
(185, 'French Polynesia', 'backend/image/flags/flag-of-French-Polynesia.jpg', 'french-polynesia', 'flag-icon-pf', 'PF', -15, -140, 1, '2023-11-14 04:49:30', '2023-11-14 04:49:30'),
(186, 'Qatar', 'backend/image/flags/flag-of-Qatar.jpg', 'qatar', 'flag-icon-qa', 'QA', 25.5, 51.25, 1, '2023-11-14 04:49:30', '2023-11-14 04:49:30'),
(187, 'Réunion', 'backend/image/flags/flag-of-Réunion.jpg', 'reunion', 'flag-icon-re', 'RE', -21.15, 55.5, 1, '2023-11-14 04:49:30', '2023-11-14 04:49:30'),
(188, 'Romania', 'backend/image/flags/flag-of-Romania.jpg', 'romania', 'flag-icon-ro', 'RO', 46, 25, 1, '2023-11-14 04:49:30', '2023-11-14 04:49:30'),
(189, 'Russia', 'backend/image/flags/flag-of-Russia.jpg', 'russia', 'flag-icon-ru', 'RU', 60, 100, 1, '2023-11-14 04:49:30', '2023-11-14 04:49:30'),
(190, 'Rwanda', 'backend/image/flags/flag-of-Rwanda.jpg', 'rwanda', 'flag-icon-rw', 'RW', -2, 30, 1, '2023-11-14 04:49:30', '2023-11-14 04:49:30'),
(191, 'Saudi Arabia', 'backend/image/flags/flag-of-Saudi-Arabia.jpg', 'saudi-arabia', 'flag-icon-sa', 'SA', 25, 45, 1, '2023-11-14 04:49:30', '2023-11-14 04:49:30'),
(192, 'Sudan', 'backend/image/flags/flag-of-Sudan.jpg', 'sudan', 'flag-icon-sd', 'SD', 15, 30, 1, '2023-11-14 04:49:30', '2023-11-14 04:49:30'),
(193, 'Senegal', 'backend/image/flags/flag-of-Senegal.jpg', 'senegal', 'flag-icon-sn', 'SN', 14, -14, 1, '2023-11-14 04:49:30', '2023-11-14 04:49:30'),
(194, 'Singapore', 'backend/image/flags/flag-of-Singapore.jpg', 'singapore', 'flag-icon-sg', 'SG', 1.36666666, 103.8, 1, '2023-11-14 04:49:30', '2023-11-14 04:49:30'),
(195, 'South Georgia', 'backend/image/flags/flag-of-South-Georgia.jpg', 'south-georgia', 'flag-icon-gs', 'GS', -54.5, -37, 1, '2023-11-14 04:49:30', '2023-11-14 04:49:30'),
(196, 'Svalbard and Jan Mayen', 'backend/image/flags/flag-of-Svalbard-and-Jan-Mayen.jpg', 'svalbard-and-jan-mayen', 'flag-icon-sj', 'SJ', 78, 20, 1, '2023-11-14 04:49:30', '2023-11-14 04:49:30'),
(197, 'Solomon Islands', 'backend/image/flags/flag-of-Solomon-Islands.jpg', 'solomon-islands', 'flag-icon-sb', 'SB', -8, 159, 1, '2023-11-14 04:49:30', '2023-11-14 04:49:30'),
(198, 'Sierra Leone', 'backend/image/flags/flag-of-Sierra-Leone.jpg', 'sierra-leone', 'flag-icon-sl', 'SL', 8.5, -11.5, 1, '2023-11-14 04:49:30', '2023-11-14 04:49:30'),
(199, 'El Salvador', 'backend/image/flags/flag-of-El-Salvador.jpg', 'el-salvador', 'flag-icon-sv', 'SV', 13.83333333, -88.91666666, 1, '2023-11-14 04:49:30', '2023-11-14 04:49:30'),
(200, 'San Marino', 'backend/image/flags/flag-of-San-Marino.jpg', 'san-marino', 'flag-icon-sm', 'SM', 43.76666666, 12.41666666, 1, '2023-11-14 04:49:30', '2023-11-14 04:49:30'),
(201, 'Somalia', 'backend/image/flags/flag-of-Somalia.jpg', 'somalia', 'flag-icon-so', 'SO', 10, 49, 1, '2023-11-14 04:49:30', '2023-11-14 04:49:30'),
(202, 'Saint Pierre and Miquelon', 'backend/image/flags/flag-of-Saint-Pierre-and-Miquelon.jpg', 'saint-pierre-and-miquelon', 'flag-icon-pm', 'PM', 46.83333333, -56.33333333, 1, '2023-11-14 04:49:30', '2023-11-14 04:49:30'),
(203, 'Serbia', 'backend/image/flags/flag-of-Serbia.jpg', 'serbia', 'flag-icon-rs', 'RS', 44, 21, 1, '2023-11-14 04:49:30', '2023-11-14 04:49:30'),
(204, 'South Sudan', 'backend/image/flags/flag-of-South-Sudan.jpg', 'south-sudan', 'flag-icon-ss', 'SS', 7, 30, 1, '2023-11-14 04:49:30', '2023-11-14 04:49:30'),
(205, 'São Tomé and Príncipe', 'backend/image/flags/flag-of-São-Tomé-and-Príncipe.jpg', 'sao-tome-and-principe', 'flag-icon-st', 'ST', 1, 7, 1, '2023-11-14 04:49:30', '2023-11-14 04:49:30'),
(206, 'Suriname', 'backend/image/flags/flag-of-Suriname.jpg', 'suriname', 'flag-icon-sr', 'SR', 4, -56, 1, '2023-11-14 04:49:30', '2023-11-14 04:49:30'),
(207, 'Slovakia', 'backend/image/flags/flag-of-Slovakia.jpg', 'slovakia', 'flag-icon-sk', 'SK', 48.66666666, 19.5, 1, '2023-11-14 04:49:30', '2023-11-14 04:49:30'),
(208, 'Slovenia', 'backend/image/flags/flag-of-Slovenia.jpg', 'slovenia', 'flag-icon-si', 'SI', 46.11666666, 14.81666666, 1, '2023-11-14 04:49:30', '2023-11-14 04:49:30'),
(209, 'Sweden', 'backend/image/flags/flag-of-Sweden.jpg', 'sweden', 'flag-icon-se', 'SE', 62, 15, 1, '2023-11-14 04:49:30', '2023-11-14 04:49:30'),
(210, 'Swaziland', 'backend/image/flags/flag-of-Swaziland.jpg', 'swaziland', 'flag-icon-sz', 'SZ', -26.5, 31.5, 1, '2023-11-14 04:49:30', '2023-11-14 04:49:30'),
(211, 'Sint Maarten', 'backend/image/flags/flag-of-Sint-Maarten.jpg', 'sint-maarten', 'flag-icon-sx', 'SX', 18.033333, -63.05, 1, '2023-11-14 04:49:30', '2023-11-14 04:49:30'),
(212, 'Seychelles', 'backend/image/flags/flag-of-Seychelles.jpg', 'seychelles', 'flag-icon-sc', 'SC', -4.58333333, 55.66666666, 1, '2023-11-14 04:49:30', '2023-11-14 04:49:30'),
(213, 'Syria', 'backend/image/flags/flag-of-Syria.jpg', 'syria', 'flag-icon-sy', 'SY', 35, 38, 1, '2023-11-14 04:49:30', '2023-11-14 04:49:30'),
(214, 'Turks and Caicos Islands', 'backend/image/flags/flag-of-Turks-and-Caicos-Islands.jpg', 'turks-and-caicos-islands', 'flag-icon-tc', 'TC', 21.75, -71.58333333, 1, '2023-11-14 04:49:30', '2023-11-14 04:49:30'),
(215, 'Chad', 'backend/image/flags/flag-of-Chad.jpg', 'chad', 'flag-icon-td', 'TD', 15, 19, 1, '2023-11-14 04:49:30', '2023-11-14 04:49:30'),
(216, 'Togo', 'backend/image/flags/flag-of-Togo.jpg', 'togo', 'flag-icon-tg', 'TG', 8, 1.16666666, 1, '2023-11-14 04:49:30', '2023-11-14 04:49:30'),
(217, 'Thailand', 'backend/image/flags/flag-of-Thailand.jpg', 'thailand', 'flag-icon-th', 'TH', 15, 100, 1, '2023-11-14 04:49:30', '2023-11-14 04:49:30'),
(218, 'Tajikistan', 'backend/image/flags/flag-of-Tajikistan.jpg', 'tajikistan', 'flag-icon-tj', 'TJ', 39, 71, 1, '2023-11-14 04:49:30', '2023-11-14 04:49:30'),
(219, 'Tokelau', 'backend/image/flags/flag-of-Tokelau.jpg', 'tokelau', 'flag-icon-tk', 'TK', -9, -172, 1, '2023-11-14 04:49:30', '2023-11-14 04:49:30'),
(220, 'Turkmenistan', 'backend/image/flags/flag-of-Turkmenistan.jpg', 'turkmenistan', 'flag-icon-tm', 'TM', 40, 60, 1, '2023-11-14 04:49:30', '2023-11-14 04:49:30'),
(221, 'Timor-Leste', 'backend/image/flags/flag-of-Timor-Leste.jpg', 'timor-leste', 'flag-icon-tl', 'TL', -8.83333333, 125.91666666, 1, '2023-11-14 04:49:30', '2023-11-14 04:49:30'),
(222, 'Tonga', 'backend/image/flags/flag-of-Tonga.jpg', 'tonga', 'flag-icon-to', 'TO', -20, -175, 1, '2023-11-14 04:49:30', '2023-11-14 04:49:30'),
(223, 'Trinidad and Tobago', 'backend/image/flags/flag-of-Trinidad-and-Tobago.jpg', 'trinidad-and-tobago', 'flag-icon-tt', 'TT', 11, -61, 1, '2023-11-14 04:49:30', '2023-11-14 04:49:30'),
(224, 'Tunisia', 'backend/image/flags/flag-of-Tunisia.jpg', 'tunisia', 'flag-icon-tn', 'TN', 34, 9, 1, '2023-11-14 04:49:30', '2023-11-14 04:49:30'),
(225, 'Turkey', 'backend/image/flags/flag-of-Turkey.jpg', 'turkey', 'flag-icon-tr', 'TR', 39, 35, 1, '2023-11-14 04:49:30', '2023-11-14 04:49:30'),
(226, 'Tuvalu', 'backend/image/flags/flag-of-Tuvalu.jpg', 'tuvalu', 'flag-icon-tv', 'TV', -8, 178, 1, '2023-11-14 04:49:30', '2023-11-14 04:49:30'),
(227, 'Taiwan', 'backend/image/flags/flag-of-Taiwan.jpg', 'taiwan', 'flag-icon-tw', 'TW', 23.5, 121, 1, '2023-11-14 04:49:30', '2023-11-14 04:49:30'),
(228, 'Tanzania', 'backend/image/flags/flag-of-Tanzania.jpg', 'tanzania', 'flag-icon-tz', 'TZ', -6, 35, 1, '2023-11-14 04:49:30', '2023-11-14 04:49:30'),
(229, 'Uganda', 'backend/image/flags/flag-of-Uganda.jpg', 'uganda', 'flag-icon-ug', 'UG', 1, 32, 1, '2023-11-14 04:49:30', '2023-11-14 04:49:30'),
(230, 'Ukraine', 'backend/image/flags/flag-of-Ukraine.jpg', 'ukraine', 'flag-icon-ua', 'UA', 49, 32, 1, '2023-11-14 04:49:30', '2023-11-14 04:49:30'),
(231, 'United States Minor Outlying Islands', 'backend/image/flags/flag-of-United-States-Minor-Outlying-Islands.jpg', 'united-states-minor-outlying-islands', 'flag-icon-um', 'UM', 19.2911437, 166.618332, 1, '2023-11-14 04:49:30', '2023-11-14 04:49:30'),
(232, 'Uruguay', 'backend/image/flags/flag-of-Uruguay.jpg', 'uruguay', 'flag-icon-uy', 'UY', -33, -56, 1, '2023-11-14 04:49:30', '2023-11-14 04:49:30'),
(233, 'United States', 'backend/image/flags/flag-of-United-States.jpg', 'united-states', 'flag-icon-us', 'US', 38, -97, 1, '2023-11-14 04:49:30', '2023-11-14 04:49:30'),
(234, 'Uzbekistan', 'backend/image/flags/flag-of-Uzbekistan.jpg', 'uzbekistan', 'flag-icon-uz', 'UZ', 41, 64, 1, '2023-11-14 04:49:30', '2023-11-14 04:49:30'),
(235, 'Vatican City', 'backend/image/flags/flag-of-Vatican-City.jpg', 'vatican-city', 'flag-icon-va', 'VA', 41.9, 12.45, 1, '2023-11-14 04:49:30', '2023-11-14 04:49:30'),
(236, 'Saint Vincent and the Grenadines', 'backend/image/flags/flag-of-Saint-Vincent-and-the-Grenadines.jpg', 'saint-vincent-and-the-grenadines', 'flag-icon-vc', 'VC', 13.25, -61.2, 1, '2023-11-14 04:49:30', '2023-11-14 04:49:30'),
(237, 'Venezuela', 'backend/image/flags/flag-of-Venezuela.jpg', 'venezuela', 'flag-icon-ve', 'VE', 8, -66, 1, '2023-11-14 04:49:30', '2023-11-14 04:49:30'),
(238, 'British Virgin Islands', 'backend/image/flags/flag-of-British-Virgin-Islands.jpg', 'british-virgin-islands', 'flag-icon-vg', 'VG', 18.431383, -64.62305, 1, '2023-11-14 04:49:30', '2023-11-14 04:49:30'),
(239, 'United States Virgin Islands', 'backend/image/flags/flag-of-United-States-Virgin-Islands.jpg', 'united-states-virgin-islands', 'flag-icon-vi', 'VI', 18.35, -64.933333, 1, '2023-11-14 04:49:30', '2023-11-14 04:49:30'),
(240, 'Vietnam', 'backend/image/flags/flag-of-Vietnam.jpg', 'vietnam', 'flag-icon-vn', 'VN', 16.16666666, 107.83333333, 1, '2023-11-14 04:49:30', '2023-11-14 04:49:30'),
(241, 'Vanuatu', 'backend/image/flags/flag-of-Vanuatu.jpg', 'vanuatu', 'flag-icon-vu', 'VU', -16, 167, 1, '2023-11-14 04:49:30', '2023-11-14 04:49:30'),
(242, 'Wallis and Futuna', 'backend/image/flags/flag-of-Wallis-and-Futuna.jpg', 'wallis-and-futuna', 'flag-icon-wf', 'WF', -13.3, -176.2, 1, '2023-11-14 04:49:30', '2023-11-14 04:49:30'),
(243, 'Samoa', 'backend/image/flags/flag-of-Samoa.jpg', 'samoa', 'flag-icon-ws', 'WS', -13.58333333, -172.33333333, 1, '2023-11-14 04:49:30', '2023-11-14 04:49:30'),
(244, 'Yemen', 'backend/image/flags/flag-of-Yemen.jpg', 'yemen', 'flag-icon-ye', 'YE', 15, 48, 1, '2023-11-14 04:49:30', '2023-11-14 04:49:30'),
(245, 'South Africa', 'backend/image/flags/flag-of-South-Africa.jpg', 'south-africa', 'flag-icon-za', 'ZA', -29, 24, 1, '2023-11-14 04:49:30', '2023-11-14 04:49:30'),
(246, 'Zambia', 'backend/image/flags/flag-of-Zambia.jpg', 'zambia', 'flag-icon-zm', 'ZM', -15, 30, 1, '2023-11-14 04:49:30', '2023-11-14 04:49:30'),
(247, 'Zimbabwe', 'backend/image/flags/flag-of-Zimbabwe.jpg', 'zimbabwe', 'flag-icon-zw', 'ZW', -20, 30, 1, '2023-11-14 04:49:30', '2023-11-14 04:49:30');

-- --------------------------------------------------------

--
